000
CXUS56 KLOX 011155
CF6PMD
PRELIMINARY LOCAL CLIMATOLOGICAL DATA (WS FORM: F-6)
STATION: PALMDALE AIRPORT CA
MONTH: MAY
YEAR: 2022
LATITUDE: 34 37 N
LONGITUDE: 118 5 W
TEMPERATURE IN F: :PCPN: SNOW: WIND :SUNSHINE: SKY :PK WND
================================================================================
1 2 3 4 5 6A 6B 7 8 9 10 11 12 13 14 15 16 17 18
12Z AVG MX 2MIN
DY MAX MIN AVG DEP HDD CDD WTR SNW DPTH SPD SPD DIR MIN PSBL S-S WX SPD DR
================================================================================
1 81 53 67 4 0 2 0.00 M M 15.3 36 290 M M 0 41 290
2 83 46 65 1 0 0 0.00 M M 11.5 26 260 M M 0 35 270
3 82 53 68 4 0 3 0.00 M M 7.7 23 280 M M 0 29 310
4 85 46 66 2 0 1 0.00 M M 7.0 18 50 M M 0 26 330
5 87 58 73 8 0 8 0.00 M M 14.2 31 270 M M 0 8 40 270
6 88 59 74 9 0 9 0.00 M M 17.3 30 270 M M 0 38 270
7 81 59 70 5 0 5 0.00 M M 24.1 35 290 M M 0 42 280
8 70 47 59 -6 6 0 0.00 M M 23.9 35 270 M M 3 53 260
9 68 41 55 -11 10 0 0.00 M M 17.9 35 270 M M 0 43 270
10 67 41 54 -12 11 0 0.00 M M 15.2 28 280 M M 0 37 290
11 61 41 51 -15 14 0 0.00 M M 18.2 30 270 M M 0 37 290
12 77 39 58 -8 7 0 0.00 M M 10.3 28 290 M M 0 34 290
13 86 47 67 0 0 2 0.00 M M 6.8 24 290 M M 0 33 290
14 93 47 70 3 0 5 0.00 M M 5.4 15 230 M M 0 19 240
15 91 55 73 6 0 8 0.00 M M 10.4 26 240 M M 0 34 240
16 89 62 76 8 0 11 0.00 M M 18.9 31 280 M M 0 39 280
17 88 55 72 4 0 7 0.00 M M 13.8 31 280 M M 0 40 280
18 97 57 77 9 0 12 0.00 M M 8.6 28 280 M M 0 33 280
19 94 60 77 9 0 12 0.00 M M 17.3 38 270 M M 0 45 260
20 78 56 67 -1 0 2 0.00 M M 17.4 30 270 M M 0 37 280
21 80 51 66 -3 0 1 0.00 M M 10.1 24 220 M M 0 29 220
22 87 51 69 0 0 4 0.00 M M 11.3 23 230 M M 0 32 270
23 91 57 74 5 0 9 0.00 M M 9.2 28 290 M M 0 34 280
24 94 57 76 7 0 11 0.00 M M 8.6 22 230 M M 0 27 270
25 98 62 80 10 0 15 0.00 M M 9.7 28 220 M M 0 35 230
26 94 67 81 11 0 16 0.00 M M 14.9 25 200 M M 0 35 220
27 88 61 75 5 0 10 0.00 M M 13.3 26 220 M M 0 35 260
28 80 61 71 1 0 6 0.00 M M 18.3 33 260 M M 0 59 260
29 75 56 66 -5 0 1 0.00 M M 30.5 45 260 M M 0 8 54 280
30 79 57 68 -3 0 3 0.00 M M 20.5 35 290 M M 0 44 270
31 85 58 72 1 0 7 0.00 M M 12.1 29 280 M M 0 38 280
================================================================================
SM 2597 1660 48 170 0.00 M 439.7 M 3
================================================================================
AV 83.8 53.5 14.2 FASTST M M 0 MAX(MPH)
MISC ----> 45 260 59 260
================================================================================
NOTES:
# LAST OF SEVERAL OCCURRENCES
COLUMN 17 PEAK WIND IN M.P.H.
PRELIMINARY LOCAL CLIMATOLOGICAL DATA (WS FORM: F-6) , PAGE 2
STATION: PALMDALE AIRPORT CA
MONTH: MAY
YEAR: 2022
LATITUDE: 34 37 N
LONGITUDE: 118 5 W
[TEMPERATURE DATA] [PRECIPITATION DATA] SYMBOLS USED IN COLUMN 16
AVERAGE MONTHLY: 68.7 TOTAL FOR MONTH: 0.00 1 = FOG OR MIST
DPTR FM NORMAL: 1.3 DPTR FM NORMAL: -0.13 2 = FOG REDUCING VISIBILITY
HIGHEST: 98 ON 25 GRTST 24HR T ON 2- 2 TO 1/4 MILE OR LESS
LOWEST: 39 ON 12 3 = THUNDER
SNOW, ICE PELLETS, HAIL 4 = ICE PELLETS
TOTAL MONTH: M 5 = HAIL
GRTST 24HR M ON M 6 = FREEZING RAIN OR DRIZZLE
GRTST DEPTH: M ON M 7 = DUSTSTORM OR SANDSTORM:
VSBY 1/2 MILE OR LESS
8 = SMOKE OR HAZE
[NO. OF DAYS WITH] [WEATHER - DAYS WITH] 9 = BLOWING SNOW
X = TORNADO
MAX 32 OR BELOW: 0 0.01 INCH OR MORE: 0
MAX 90 OR ABOVE: 8 0.10 INCH OR MORE: 0
MIN 32 OR BELOW: 0 0.50 INCH OR MORE: 0
MIN 0 OR BELOW: 0 1.00 INCH OR MORE: 0
[HDD (BASE 65) ]
TOTAL THIS MO. 48 CLEAR (SCALE 0-3) 31
DPTR FM NORMAL -19 PTCLDY (SCALE 4-7) 0
TOTAL FM JUL 1 2488 CLOUDY (SCALE 8-10) 0
DPTR FM NORMAL -281
[CDD (BASE 65) ]
TOTAL THIS MO. 170
DPTR FM NORMAL 29 [PRESSURE DATA]
TOTAL FM JAN 1 194 HIGHEST SLP 30.24 ON 12
DPTR FM NORMAL 24 LOWEST SLP 29.63 ON 20
[REMARKS]
#FINAL-05-22#