000
CXUS52 KMFL 011030
CF6PMP
PRELIMINARY LOCAL CLIMATOLOGICAL DATA (WS FORM: F-6)
STATION: POMPANO BEACH ARPK
MONTH: SEPTEMBER
YEAR: 2021
LATITUDE: 26 14 N
LONGITUDE: 80 7 W
TEMPERATURE IN F: :PCPN: SNOW: WIND :SUNSHINE: SKY :PK WND
================================================================================
1 2 3 4 5 6A 6B 7 8 9 10 11 12 13 14 15 16 17 18
12Z AVG MX 2MIN
DY MAX MIN AVG DEP HDD CDD WTR SNW DPTH SPD SPD DIR MIN PSBL S-S WX SPD DR
================================================================================
1 92 77 85 1 0 20 0.58 M M 5.1 21 200 M M 2 38 27 250
2 91 76 84 0 0 19 0.03 0.0 0 4.6 28 270 M M 3 3 35 270
3 91 76 84 0 0 19 0.01 0.0 0 6.9 20 240 M M 3 3 23 240
4 90 76 83 0 0 18 0.03 M M 4.0 14 170 M M 3 3 18 170
5 93 76 85 2 0 20 0.51 0.0 0 5.2 22 350 M M 3 38 28 320
6 91 77 84 1 0 19 0.00 0.0 0 7.0 15 140 M M 2 3 18 140
7 91 76 84 1 0 19 T 0.0 0 3.7 14 120 M M 1 3 19 100
8 90 77 84 1 0 19 0.00 0.0 0 5.0 16 130 M M 1 3 20 130
9 96 75 86 3 0 21 T 0.0 M 5.9 32 260 M M 2 13 40 250
10 90 76 83 0 0 18 0.00 0.0 M 6.5 17 260 M M 1 3 22 280
11 90 74 82 -1 0 17 0.00 M M 5.2 13 100 M M 0 16 100
12 91 80 86 3 0 21 0.03 M M 9.5 16 100 M M 3 38 21 120
13 89 76 83 0 0 18 1.73 M M 5.8 26 90 M M 4 138 35 100
14 89 76 83 0 0 18 0.13 M M 6.3 12 100 M M 3 M M
15 89 77 83 0 0 18 0.00 M M 5.1 15 110 M M 2 20 110
16 88 77 83 0 0 18 0.18 0.0 0 4.4 21 190 M M 3 13 28 190
17 89 76 83 0 0 18 0.42 0.0 0 4.5 17 270 M M 3 3 22 260
18 88 75 82 -1 0 17 T 0.0 0 5.1 14 150 M M 3 3 16 150
19 89 78 84 1 0 19 0.00 0.0 0 5.1 14 100 M M 1 38 17 100
20 89 77 83 0 0 18 0.03 M M 5.7 15 130 M M 2 3 18 140
21 84 77 81 -2 0 16 T M M 4.9 15 130 M M 5 13 18 130
22 87 76 82 -1 0 17 0.11 M M 4.8 25 250 M M 3 13 30 250
23 88 74 81 -2 0 16 1.09 0.0 0 5.2 14 220 M M 3 138 18 150
24 88 75 82 -1 0 17 T 0.0 0 3.6 14 40 M M 4 3 18 20
25 87 76 82 0 0 17 0.22 0.0 0 6.0 20 100 M M 3 3 24 80
26 88 79 84 2 0 19 T 0.0 0 10.7 17 50 M M 3 22 60
27 87 71 79 -3 0 14 0.00 0.0 0 8.1 18 30 M M 1 23 20
28 87 79 83 1 0 18 0.00 0.0 0 9.3 16 30 M M 3 21 70
29 87 73 80 -2 0 15 0.00 M M 7.3 15 60 M M 2 19 40
30 89 79 84 2 0 19 T M M 10.5 18 100 M M 3 23 50
================================================================================
SM 2678 2287 0 542 5.10 0.0 181.0 M 75
================================================================================
AV 89.3 76.2 6.0 FASTST M M 3 MAX(MPH)
MISC ----> 32 260 40 250
================================================================================
NOTES:
# LAST OF SEVERAL OCCURRENCES
COLUMN 17 PEAK WIND IN M.P.H.
PRELIMINARY LOCAL CLIMATOLOGICAL DATA (WS FORM: F-6) , PAGE 2
STATION: POMPANO BEACH ARPK
MONTH: SEPTEMBER
YEAR: 2021
LATITUDE: 26 14 N
LONGITUDE: 80 7 W
[TEMPERATURE DATA] [PRECIPITATION DATA] SYMBOLS USED IN COLUMN 16
AVERAGE MONTHLY: 82.8 TOTAL FOR MONTH: 5.10 1 = FOG OR MIST
DPTR FM NORMAL: -0.2 DPTR FM NORMAL: -2.48 2 = FOG REDUCING VISIBILITY
HIGHEST: 96 ON 9 GRTST 24HR 1.76 ON 12-13 TO 1/4 MILE OR LESS
LOWEST: 71 ON 27 3 = THUNDER
SNOW, ICE PELLETS, HAIL 4 = ICE PELLETS
TOTAL MONTH: 0.0 INCH 5 = HAIL
GRTST 24HR 0.0 6 = FREEZING RAIN OR DRIZZLE
GRTST DEPTH: 0 7 = DUSTSTORM OR SANDSTORM:
VSBY 1/2 MILE OR LESS
8 = SMOKE OR HAZE
[NO. OF DAYS WITH] [WEATHER - DAYS WITH] 9 = BLOWING SNOW
X = TORNADO
MAX 32 OR BELOW: 0 0.01 INCH OR MORE: 14
MAX 90 OR ABOVE: 12 0.10 INCH OR MORE: 9
MIN 32 OR BELOW: 0 0.50 INCH OR MORE: 4
MIN 0 OR BELOW: 0 1.00 INCH OR MORE: 2
[HDD (BASE 65) ]
TOTAL THIS MO. 0 CLEAR (SCALE 0-3) 22
DPTR FM NORMAL 0 PTCLDY (SCALE 4-7) 8
TOTAL FM JUL 1 0 CLOUDY (SCALE 8-10) 0
DPTR FM NORMAL 0
[CDD (BASE 65) ]
TOTAL THIS MO. 542
DPTR FM NORMAL 5 [PRESSURE DATA]
TOTAL FM JAN 1 3710 HIGHEST SLP 30.18 ON 12
DPTR FM NORMAL 77 LOWEST SLP 29.84 ON 23
[REMARKS]
#FINAL-09-21#