000
CXUS52 KMFL 011030
CF6PMP
PRELIMINARY LOCAL CLIMATOLOGICAL DATA (WS FORM: F-6)
STATION: POMPANO BEACH ARPK
MONTH: OCTOBER
YEAR: 2023
LATITUDE: 26 14 N
LONGITUDE: 80 7 W
TEMPERATURE IN F: :PCPN: SNOW: WIND :SUNSHINE: SKY :PK WND
================================================================================
1 2 3 4 5 6A 6B 7 8 9 10 11 12 13 14 15 16 17 18
12Z AVG MX 2MIN
DY MAX MIN AVG DEP HDD CDD WTR SNW DPTH SPD SPD DIR MIN PSBL S-S WX SPD DR
================================================================================
1 88 76 82 0 0 17 1.10 0.0 0 7.8 22 40 M M 4 13 28 30
2 87 77 82 0 0 17 1.20 0.0 0 12.6 24 30 M M 7 13 30 30
3 88 81 85 3 0 20 0.00 0.0 0 13.1 18 40 M M 5 8 26 60
4 88 78 83 1 0 18 0.00 0.0 0 9.3 15 50 M M 3 19 80
5 89 82 86 4 0 21 0.00 0.0 0 8.4 13 60 M M 2 17 90
6 90 77 84 2 0 19 0.00 0.0 0 3.9 13 110 M M 3 16 110
7 91 77 84 2 0 19 0.00 0.0 0 4.6 13 220 M M 4 3 15 120
8 91 77 84 3 0 19 0.00 0.0 0 6.2 13 290 M M 4 19 290
9 86 76 81 0 0 16 0.00 0.0 0 4.7 13 320 M M 7 16 340
10 M M M M M M 0.00 0.0 0 M M M M M M M M
11 89 79 84 3 0 19 0.13 0.0 0 6.5 15 170 M M 5 3 21 150
12 95 84 90 9 0 25 0.00 0.0 0 12.0 26 210 M M 2 33 200
13 95 82 89 8 0 24 T 0.0 0 9.6 20 240 M M 4 24 240
14 89 79 84 4 0 19 T 0.0 0 8.9 14 270 M M 4 19 260
15 92 72 82 2 0 17 0.00 0.0 0 11.6 20 300 M M 1 25 260
16 80 66 73 -7 0 8 0.00 0.0 0 9.7 20 330 M M 4 25 340
17 78 61 70 -10 0 5 0.00 0.0 0 9.7 18 330 M M 0 23 320
18 83 62 73 -7 0 8 0.00 M M 9.9 15 50 M M 1 25 330
19 86 66 76 -4 0 11 0.00 M M 7.0 16 60 M M 1 18 60
20 86 73 80 1 0 15 0.00 0.0 0 6.2 14 50 M M 5 3 18 50
21 90 67 79 0 0 14 0.00 M M 7.4 16 330 M M 0 22 320
22 88 69 79 0 0 14 0.00 M M 4.1 10 320 M M 1 14 350
23 87 65 76 -3 0 11 0.00 0.0 0 8.0 15 90 M M 2 19 90
24 86 78 82 3 0 17 T 0.0 0 15.6 24 80 M M 6 32 70
25 86 78 82 4 0 17 T 0.0 0 16.5 22 70 M M 5 29 60
26 87 79 83 5 0 18 0.00 0.0 0 15.7 22 70 M M 6 31 80
27 86 79 83 5 0 18 T M M 14.6 22 60 M M 5 28 70
28 86 79 83 5 0 18 0.00 0.0 0 15.9 21 70 M M 5 29 60
29 87 79 83 5 0 18 0.00 0.0 0 13.4 20 80 M M 7 26 60
30 87 78 83 6 0 18 0.00 0.0 0 9.6 16 70 M M 4 21 70
31 90 75 83 6 0 18 0.00 0.0 0 7.2 14 330 M M 2 19 330
================================================================================
SM 2631 2251 0 498 2.43 0.0 289.7 M 109
================================================================================
AV 87.7 75.0 9.7 FASTST M M 4 MAX(MPH)
MISC ----> 26 210 33 200
================================================================================
NOTES:
# LAST OF SEVERAL OCCURRENCES
COLUMN 17 PEAK WIND IN M.P.H.
PRELIMINARY LOCAL CLIMATOLOGICAL DATA (WS FORM: F-6) , PAGE 2
STATION: POMPANO BEACH ARPK
MONTH: OCTOBER
YEAR: 2023
LATITUDE: 26 14 N
LONGITUDE: 80 7 W
[TEMPERATURE DATA] [PRECIPITATION DATA] SYMBOLS USED IN COLUMN 16
AVERAGE MONTHLY: 81.4 TOTAL FOR MONTH: 2.43 1 = FOG OR MIST
DPTR FM NORMAL: 1.5 DPTR FM NORMAL: -4.22 2 = FOG REDUCING VISIBILITY
HIGHEST: 95 ON 13,12 GRTST 24HR 1.20 ON 2- 2 TO 1/4 MILE OR LESS
LOWEST: 61 ON 17 3 = THUNDER
SNOW, ICE PELLETS, HAIL 4 = ICE PELLETS
TOTAL MONTH: 0.0 INCH 5 = HAIL
GRTST 24HR 0.0 6 = FREEZING RAIN OR DRIZZLE
GRTST DEPTH: 0 7 = DUSTSTORM OR SANDSTORM:
VSBY 1/2 MILE OR LESS
8 = SMOKE OR HAZE
[NO. OF DAYS WITH] [WEATHER - DAYS WITH] 9 = BLOWING SNOW
X = TORNADO
MAX 32 OR BELOW: 0 0.01 INCH OR MORE: 3
MAX 90 OR ABOVE: 8 0.10 INCH OR MORE: 3
MIN 32 OR BELOW: 0 0.50 INCH OR MORE: 2
MIN 0 OR BELOW: 0 1.00 INCH OR MORE: 2
[HDD (BASE 65) ]
TOTAL THIS MO. 0 CLEAR (SCALE 0-3) 12
DPTR FM NORMAL 0 PTCLDY (SCALE 4-7) 18
TOTAL FM JUL 1 0 CLOUDY (SCALE 8-10) 1
DPTR FM NORMAL 0
[CDD (BASE 65) ]
TOTAL THIS MO. 498
DPTR FM NORMAL 34 [PRESSURE DATA]
TOTAL FM JAN 1 4717 HIGHEST SLP 30.13 ON 25
DPTR FM NORMAL 620 LOWEST SLP 29.71 ON 15
[REMARKS]
#FINAL-10-23#