000
CXUS53 KPAH 010700
CF6POF
PRELIMINARY LOCAL CLIMATOLOGICAL DATA (WS FORM: F-6)
STATION: POPLAR BLUFF MO
MONTH: MARCH
YEAR: 2023
LATITUDE: 36 46 N
LONGITUDE: 90 19 W
TEMPERATURE IN F: :PCPN: SNOW: WIND :SUNSHINE: SKY :PK WND
================================================================================
1 2 3 4 5 6A 6B 7 8 9 10 11 12 13 14 15 16 17 18
12Z AVG MX 2MIN
DY MAX MIN AVG DEP HDD CDD WTR SNW DPTH SPD SPD DIR MIN PSBL S-S WX SPD DR
================================================================================
1 72 44 58 14 7 0 0.04 M M 6.4 20 210 M M 3 1 27 220
2 59 46 53 9 12 0 0.83 M M 11.6 23 40 M M 7 13 35 40
3 54 46 50 5 15 0 2.64 M M 13.5 31 300 M M 10 13 48 280
4 58 36 47 2 18 0 0.00 M M 2.3 8 120 M M 1 12 130
5 66 38 52 7 13 0 0.00 M M 5.3 15 150 M M 0 1 22 140
6 72 47 60 14 5 0 0.00 M M 7.8 17 210 M M 0 24 210
7 59 43 51 5 14 0 T M M 13.1 22 10 M M 1 33 30
8 52 45 49 3 16 0 0.03 M M 9.0 18 110 M M 7 27 120
9 47 43 45 -1 20 0 0.16 M M 4.9 20 320 M M 10 1 28 320
10 57 40 49 2 16 0 0.00 M M 8.5 21 330 M M 2 29 330
11 46 39 43 -4 22 0 0.14 M M 7.1 15 100 M M 5 1 21 80
12 54 38 46 -1 19 0 0.00 M M 10.5 22 340 M M 6 1 27 350
13 47 30 39 -9 26 0 0.00 M M 9.3 17 360 M M 2 25 330
14 46 31 39 -9 26 0 0.00 M M 5.1 12 90 M M 5 15 10
15 52 26 39 -9 26 0 0.00 M M 4.9 14 160 M M 0 1 20 170
16 60 44 52 3 13 0 1.14 M M 9.5 24 180 M M 9 1 38 180
17 55 33 44 -5 21 0 0.06 M M 13.4 28 320 M M 3 1 38 320
18 42 26 34 -15 31 0 0.00 M M 11.9 24 330 M M 1 32 310
19 45 23 34 -16 31 0 0.00 M M 5.7 13 330 M M 0 20 310
20 53 28 41 -9 24 0 0.00 M M 9.1 23 200 M M 0 33 200
21 45 40 43 -7 22 0 0.82 M M 8.4 18 150 M M 9 1 26 190
22 67 43 55 4 10 0 T M M 7.9 20 200 M M 8 1 27 190
23 76 64 70 19 0 5 0.00 M M 13.7 22 200 M M 6 30 210
24 69 51 60 9 5 0 1.97 M M 7.3 30 100 M M 9 13 50 90
25 61 46 54 2 11 0 0.00 M M 8.3 21 250 M M 4 30 250
26 72 41 57 5 8 0 0.00 M M 5.8 26 340 M M 0 35 340
27 61 44 53 1 12 0 0.00 M M 7.5 24 350 M M 3 35 360
28 59 38 49 -4 16 0 0.00 M M 8.1 22 340 M M 2 29 320
29 59 32 46 -7 19 0 0.00 M M 3.0 10 130 M M 0 17 130
30 70 43 57 4 8 0 0.31 M M 6.5 18 160 M M 8 13 24 140
31 72 55 64 10 1 0 0.57 M M 16.8 31 180 M M 7 13 46 190
================================================================================
SM 1807 1243 487 5 8.71 M 262.2 M 128
================================================================================
AV 58.3 40.1 8.5 FASTST M M 4 MAX(MPH)
MISC ----> # 31 300 50 90
================================================================================
NOTES:
# LAST OF SEVERAL OCCURRENCES
COLUMN 17 PEAK WIND IN M.P.H.
PRELIMINARY LOCAL CLIMATOLOGICAL DATA (WS FORM: F-6) , PAGE 2
STATION: POPLAR BLUFF MO
MONTH: MARCH
YEAR: 2023
LATITUDE: 36 46 N
LONGITUDE: 90 19 W
[TEMPERATURE DATA] [PRECIPITATION DATA] SYMBOLS USED IN COLUMN 16
AVERAGE MONTHLY: 49.2 TOTAL FOR MONTH: 8.71 1 = FOG OR MIST
DPTR FM NORMAL: 0.5 DPTR FM NORMAL: 3.83 2 = FOG REDUCING VISIBILITY
HIGHEST: 76 ON 23 GRTST 24HR 3.47 ON 2- 3 TO 1/4 MILE OR LESS
LOWEST: 23 ON 19 3 = THUNDER
SNOW, ICE PELLETS, HAIL 4 = ICE PELLETS
TOTAL MONTH: M 5 = HAIL
GRTST 24HR M ON M 6 = FREEZING RAIN OR DRIZZLE
GRTST DEPTH: M ON M 7 = DUSTSTORM OR SANDSTORM:
VSBY 1/2 MILE OR LESS
8 = SMOKE OR HAZE
[NO. OF DAYS WITH] [WEATHER - DAYS WITH] 9 = BLOWING SNOW
X = TORNADO
MAX 32 OR BELOW: 0 0.01 INCH OR MORE: 12
MAX 90 OR ABOVE: 0 0.10 INCH OR MORE: 9
MIN 32 OR BELOW: 7 0.50 INCH OR MORE: 6
MIN 0 OR BELOW: 0 1.00 INCH OR MORE: 3
[HDD (BASE 65) ]
TOTAL THIS MO. 487 CLEAR (SCALE 0-3) 15
DPTR FM NORMAL -21 PTCLDY (SCALE 4-7) 9
TOTAL FM JUL 1 3222 CLOUDY (SCALE 8-10) 7
DPTR FM NORMAL -449
[CDD (BASE 65) ]
TOTAL THIS MO. 5
DPTR FM NORMAL 0 [PRESSURE DATA]
TOTAL FM JAN 1 5 HIGHEST SLP M ON M
DPTR FM NORMAL 0 LOWEST SLP 29.04 ON 3
[REMARKS]
#FINAL-03-23#