000
CXUS54 KMAF 281111
CF6PRS
PRELIMINARY LOCAL CLIMATOLOGICAL DATA (WS FORM: F-6)
STATION: PRESIDIO LELY
MONTH: MARCH
YEAR: 2024
LATITUDE: 29 38 N
LONGITUDE: 104 22 W
TEMPERATURE IN F: :PCPN: SNOW: WIND :SUNSHINE: SKY :PK WND
================================================================================
1 2 3 4 5 6A 6B 7 8 9 10 11 12 13 14 15 16 17 18
12Z AVG MX 2MIN
DY MAX MIN AVG DEP HDD CDD WTR SNW DPTH SPD SPD DIR MIN PSBL S-S WX SPD DR
================================================================================
1 75 44 60 M 5 0 M M M 4.1 9 350 M M 0 16 230
2 81 50 66 M 0 1 M M M 5.2 9 280 M M 0 16 280
3 81 48 65 M 0 0 M M M 3.5 10 350 M M 0 M M
4 78 47 63 M 2 0 M M M 3.7 13 240 M M 0 17 240
5 79 47 63 M 2 0 M M M 4.9 15 260 M M 0 30 260
6 80 52 66 M 0 1 M M M 3.9 10 350 M M 0 M M
7 80 59 70 M 0 5 M M M 4.5 15 300 M M 0 22 290
8 70 50 60 M 5 0 M M M 9.9 18 290 M M 0 25 10
9 66 44 55 M 10 0 M M M 11.8 24 20 M M 0 31 20
10 67 47 57 M 8 0 M M M 7.7 12 80 M M 0 18 40
11 78 45 62 M 3 0 M M M 3.7 10 40 M M 0 M M
12 82 54 68 M 0 3 M M M 5.9 14 280 M M 0 18 0
13 88 47 68 M 0 3 M M M 6.2 14 200 M M 0 24 0
14 85 54 70 M 0 5 M M M 6.1 14 30 M M 0 21 160
15 82 56 69 M 0 4 M M M 13.4 28 10 M M 0 37 20
16 74 51 63 M 2 0 M M M 6.1 15 50 M M 3 22 50
17 76 55 66 M 0 1 M M M 8.1 25 50 M M 4 37 50
18 59 54 57 M 8 0 M M M 15.5 22 40 M M 8 30 50
19 74 50 62 M 3 0 M M M 7.0 15 50 M M 3 21 50
20 74 54 64 M 1 0 M M M 5.8 17 280 M M 4 24 280
21 75 52 64 M 1 0 M M M 6.1 16 260 M M 4 25 260
22 83 48 66 M 0 1 M M M 6.3 18 270 M M 0 25 270
23 88 61 75 M 0 10 M M M 8.3 16 80 M M 0 22 80
24 83 59 71 M 0 6 M M M 15.6 32 240 M M 3 8 46 240
25 65 49 57 M 8 0 M M M 12.9 23 260 M M 4 35 260
26 70 40 55 M 10 0 M M M 7.2 16 310 M M 2 28 220
27 72 45 59 M 6 0 M M M 9.5 20 270 M M 0 28 270
================================================================================
SM 2065 1362 74 40 M M 203.2 M 35
================================================================================
AV 76.5 50.4 7.5 FASTST M M 1 MAX(MPH)
MISC ----> 32 240 46 240
================================================================================
NOTES:
# LAST OF SEVERAL OCCURRENCES
COLUMN 17 PEAK WIND IN M.P.H.
PRELIMINARY LOCAL CLIMATOLOGICAL DATA (WS FORM: F-6) , PAGE 2
STATION: PRESIDIO LELY
MONTH: MARCH
YEAR: 2024
LATITUDE: 29 38 N
LONGITUDE: 104 22 W
[TEMPERATURE DATA] [PRECIPITATION DATA] SYMBOLS USED IN COLUMN 16
AVERAGE MONTHLY: 63.5 TOTAL FOR MONTH: M 1 = FOG OR MIST
DPTR FM NORMAL: 0.0 DPTR FM NORMAL: M 2 = FOG REDUCING VISIBILITY
HIGHEST: 88 ON 23,13 GRTST 24HR M ON M TO 1/4 MILE OR LESS
LOWEST: 40 ON 26 3 = THUNDER
SNOW, ICE PELLETS, HAIL 4 = ICE PELLETS
TOTAL MONTH: M 5 = HAIL
GRTST 24HR M ON M 6 = FREEZING RAIN OR DRIZZLE
GRTST DEPTH: M ON M 7 = DUSTSTORM OR SANDSTORM:
VSBY 1/2 MILE OR LESS
8 = SMOKE OR HAZE
[NO. OF DAYS WITH] [WEATHER - DAYS WITH] 9 = BLOWING SNOW
X = TORNADO
MAX 32 OR BELOW: 0 0.01 INCH OR MORE: 0
MAX 90 OR ABOVE: 0 0.10 INCH OR MORE: 0
MIN 32 OR BELOW: 0 0.50 INCH OR MORE: 0
MIN 0 OR BELOW: 0 1.00 INCH OR MORE: 0
[HDD (BASE 65) ]
TOTAL THIS MO. 74 CLEAR (SCALE 0-3) 22
DPTR FM NORMAL M PTCLDY (SCALE 4-7) 4
TOTAL FM JUL 1 1191 CLOUDY (SCALE 8-10) 1
DPTR FM NORMAL M
[CDD (BASE 65) ]
TOTAL THIS MO. 40
DPTR FM NORMAL M [PRESSURE DATA]
TOTAL FM JAN 1 68 HIGHEST SLP M ON M
DPTR FM NORMAL M LOWEST SLP M ON M
[REMARKS]