000
CXUS54 KMAF 011110
CF6PRS
PRELIMINARY LOCAL CLIMATOLOGICAL DATA (WS FORM: F-6)
STATION: PRESIDIO LELY
MONTH: JUNE
YEAR: 2023
LATITUDE: 29 38 N
LONGITUDE: 104 22 W
TEMPERATURE IN F: :PCPN: SNOW: WIND :SUNSHINE: SKY :PK WND
================================================================================
1 2 3 4 5 6A 6B 7 8 9 10 11 12 13 14 15 16 17 18
12Z AVG MX 2MIN
DY MAX MIN AVG DEP HDD CDD WTR SNW DPTH SPD SPD DIR MIN PSBL S-S WX SPD DR
================================================================================
1 94 71 83 M 0 18 M M M 5.8 15 60 M M 0 18 60
2 95 74 85 M 0 20 M M M 8.0 14 30 M M 0 23 220
3 95 67 81 M 0 16 M M M 7.0 18 40 M M 0 28 40
4 93 68 81 M 0 16 M M M 10.9 23 360 M M 0 36 30
5 92 69 81 M 0 16 M M M 10.1 15 30 M M 1 22 0
6 95 72 84 M 0 19 0.04 M M 8.3 20 10 M M 1 3 29 60
7 95 67 81 M 0 16 M M M 6.7 17 20 M M 0 39 150
8 96 65 81 M 0 16 M M M 4.3 14 40 M M 0 22 40
9 101 71 86 M 0 21 M M M 6.9 16 290 M M 0 24 310
10 100 71 86 M 0 21 M M M 4.5 17 20 M M 0 26 20
11 102 73 88 M 0 23 M M M 5.1 14 10 M M 0 18 160
12 102 72 87 M 0 22 M M M 6.9 15 210 M M 0 20 200
13 102 67 85 M 0 20 M M M 4.0 13 290 M M 0 21 190
14 101 68 85 M 0 20 M M M 5.0 10 360 M M 0 22 200
15 105 67 86 M 0 21 M M M 5.8 13 210 M M 0 20 90
16 104 72 88 M 0 23 M M M 4.7 14 110 M M 0 23 110
17 105 76 91 M 0 26 M M M 4.4 12 190 M M 0 32 160
18 107 76 92 M 0 27 M M M 5.0 13 160 M M 0 22 160
19 108 77 93 M 0 28 M M M 5.0 12 250 M M 0 17 250
20 110 77 94 M 0 29 M M M 5.5 12 180 M M 0 20 180
21 108 77 93 M 0 28 0.02 M M 6.4 16 170 M M 1 3 26 170
22 107 80 94 M 0 29 M M M 5.0 10 20 M M 0 21 360
23 108 82 95 M 0 30 M M M 7.2 23 50 M M 0 30 50
24 108 81 95 M 0 30 M M M 5.6 17 80 M M 0 24 80
25 107 81 94 M 0 29 M M M 9.4 23 60 M M 0 36 340
26 110 82 96 M 0 31 M M M 7.1 16 110 M M 0 24 130
27 108 79 94 M 0 29 M M M 6.9 17 100 M M 0 24 90
28 106 80 93 M 0 28 M M M 7.3 16 100 M M 0 23 100
29 105 80 93 M 0 28 M M M 5.8 16 60 M M 0 22 100
30 101 82 92 M 0 27 M M M 7.7 15 130 M M 0 23 210
================================================================================
SM 3070 2224 0 707 0.06 M 192.2 M 3
================================================================================
AV102.3 74.1 6.4 FASTST M M 0 MAX(MPH)
MISC ----> # 23 360 39 150
================================================================================
NOTES:
# LAST OF SEVERAL OCCURRENCES
COLUMN 17 PEAK WIND IN M.P.H.
PRELIMINARY LOCAL CLIMATOLOGICAL DATA (WS FORM: F-6) , PAGE 2
STATION: PRESIDIO LELY
MONTH: JUNE
YEAR: 2023
LATITUDE: 29 38 N
LONGITUDE: 104 22 W
[TEMPERATURE DATA] [PRECIPITATION DATA] SYMBOLS USED IN COLUMN 16
AVERAGE MONTHLY: 88.2 TOTAL FOR MONTH: 0.06 1 = FOG OR MIST
DPTR FM NORMAL: 0.0 DPTR FM NORMAL: M 2 = FOG REDUCING VISIBILITY
HIGHEST: 110 ON 26,20 GRTST 24HR 0.04 ON 6- 6 TO 1/4 MILE OR LESS
LOWEST: 65 ON 8 3 = THUNDER
SNOW, ICE PELLETS, HAIL 4 = ICE PELLETS
TOTAL MONTH: M 5 = HAIL
GRTST 24HR M ON M 6 = FREEZING RAIN OR DRIZZLE
GRTST DEPTH: M ON M 7 = DUSTSTORM OR SANDSTORM:
VSBY 1/2 MILE OR LESS
8 = SMOKE OR HAZE
[NO. OF DAYS WITH] [WEATHER - DAYS WITH] 9 = BLOWING SNOW
X = TORNADO
MAX 32 OR BELOW: 0 0.01 INCH OR MORE: 2
MAX 90 OR ABOVE: 30 0.10 INCH OR MORE: 0
MIN 32 OR BELOW: 0 0.50 INCH OR MORE: 0
MIN 0 OR BELOW: 0 1.00 INCH OR MORE: 0
[HDD (BASE 65) ]
TOTAL THIS MO. 0 CLEAR (SCALE 0-3) 30
DPTR FM NORMAL M PTCLDY (SCALE 4-7) 0
TOTAL FM JUL 1 1222 CLOUDY (SCALE 8-10) 0
DPTR FM NORMAL M
[CDD (BASE 65) ]
TOTAL THIS MO. 707
DPTR FM NORMAL M [PRESSURE DATA]
TOTAL FM JAN 1 1428 HIGHEST SLP M ON M
DPTR FM NORMAL M LOWEST SLP M ON M
[REMARKS]
#FINAL-06-23#