000
CXUS54 KFWD 010832
CF6PSN
PRELIMINARY LOCAL CLIMATOLOGICAL DATA (WS FORM: F-6)
STATION: PALESTINE
MONTH: DECEMBER
YEAR: 2023
LATITUDE: 31 46 N
LONGITUDE: 95 42 W
TEMPERATURE IN F: :PCPN: SNOW: WIND :SUNSHINE: SKY :PK WND
================================================================================
1 2 3 4 5 6A 6B 7 8 9 10 11 12 13 14 15 16 17 18
12Z AVG MX 2MIN
DY MAX MIN AVG DEP HDD CDD WTR SNW DPTH SPD SPD DIR MIN PSBL S-S WX SPD DR
================================================================================
1 66 48 57 7 8 0 0.00 M M 5.7 12 350 M M 5 12 13 330
2 64 43 54 4 11 0 0.00 M M 3.6 10 300 M M 3 1 13 99
3 70 39 55 5 10 0 0.00 M M 4.3 10 220 M M 2 18 14 180
4 64 37 51 1 14 0 0.00 M M 3.2 8 10 M M 4 15 20
5 70 36 53 4 12 0 0.00 M M 3.0 10 30 M M 3 13 10
6 64 46 55 6 10 0 0.00 M M 5.3 10 110 M M 2 17 50
7 68 43 56 7 9 0 0.00 M M 9.1 14 160 M M 3 23 170
8 79 61 70 21 0 5 0.00 M M 10.8 17 200 M M 10 25 200
9 73 50 62 14 3 0 0.00 M M 12.3 16 340 M M 4 28 340
10 54 30 42 -6 23 0 0.00 M M 10.5 14 340 M M 0 21 340
11 63 28 46 -2 19 0 0.00 M M 4.8 8 190 M M 0 14 220
12 66 39 53 5 12 0 0.00 M M 4.9 10 110 M M 0 13 130
13 59 46 53 5 12 0 0.00 M M 6.1 12 80 M M 0 16 M
14 68 48 58 11 7 0 0.00 M M 8.0 14 110 M M 0 17 80
15 63 52 58 11 7 0 0.16 M M 7.1 10 130 M M 5 18 13 150
16 59 37 48 1 17 0 0.00 M M 7.9 15 350 M M 3 1 20 330
17 66 30 48 1 17 0 0.00 M M 2.2 8 240 M M 1 12 12 99
18 66 37 52 5 13 0 0.00 M M 7.5 17 360 M M 1 20 360
19 59 41 50 3 15 0 0.00 M M 8.5 14 110 M M 2 21 110
20 68 46 57 11 8 0 0.00 M M 7.9 12 130 M M 5 16 140
21 63 55 59 13 6 0 0.01 M M 5.4 9 130 M M 8 1 12 130
22 63 55 59 13 6 0 0.24 M M 4.4 7 120 M M 9 1 14 140
23 66 57 62 16 3 0 0.18 M M 6.2 10 110 M M 10 12 17 110
24 64 52 58 12 7 0 2.00 M M 6.9 17 300 M M 8 12 25 300
25 52 34 43 -3 22 0 0.00 M M 12.1 16 310 M M 3 22 M
26 57 28 43 -3 22 0 0.00 M M 6.6 13 190 M M 5 18 190
27 55 32 44 -2 21 0 0.00 M M 8.4 14 310 M M 3 1 23 310
28 48 28 38 -8 27 0 M M M 7.8 13 330 M M 4 22 330
29 54 27 41 -5 24 0 0.00 M M 10.4 15 290 M M 2 23 300
30 63 27 45 -1 20 0 0.00 M M 3.0 7 200 M M 1 13 99
31 70 43 57 11 8 0 0.00 M M 5.8 13 210 M M 2 18 210
================================================================================
SM 1964 1275 393 5 2.59 M 209.7 M 108
================================================================================
AV 63.4 41.1 6.8 FASTST M M 3 MAX(MPH)
MISC ----> # 17 200 28 340
================================================================================
NOTES:
# LAST OF SEVERAL OCCURRENCES
COLUMN 17 PEAK WIND IN M.P.H.
PRELIMINARY LOCAL CLIMATOLOGICAL DATA (WS FORM: F-6) , PAGE 2
STATION: PALESTINE
MONTH: DECEMBER
YEAR: 2023
LATITUDE: 31 46 N
LONGITUDE: 95 42 W
[TEMPERATURE DATA] [PRECIPITATION DATA] SYMBOLS USED IN COLUMN 16
AVERAGE MONTHLY: 52.2 TOTAL FOR MONTH: 2.59 1 = FOG OR MIST
DPTR FM NORMAL: 4.8 DPTR FM NORMAL: -1.61 2 = FOG REDUCING VISIBILITY
HIGHEST: 79 ON 8 GRTST 24HR 2.00 ON 24-24 TO 1/4 MILE OR LESS
LOWEST: 27 ON 30,29 3 = THUNDER
SNOW, ICE PELLETS, HAIL 4 = ICE PELLETS
TOTAL MONTH: M 5 = HAIL
GRTST 24HR M ON M 6 = FREEZING RAIN OR DRIZZLE
GRTST DEPTH: M ON M 7 = DUSTSTORM OR SANDSTORM:
VSBY 1/2 MILE OR LESS
8 = SMOKE OR HAZE
[NO. OF DAYS WITH] [WEATHER - DAYS WITH] 9 = BLOWING SNOW
X = TORNADO
MAX 32 OR BELOW: 0 0.01 INCH OR MORE: 5
MAX 90 OR ABOVE: 0 0.10 INCH OR MORE: 4
MIN 32 OR BELOW: 8 0.50 INCH OR MORE: 1
MIN 0 OR BELOW: 0 1.00 INCH OR MORE: 1
[HDD (BASE 65) ]
TOTAL THIS MO. 393 CLEAR (SCALE 0-3) 16
DPTR FM NORMAL -158 PTCLDY (SCALE 4-7) 11
TOTAL FM JUL 1 728 CLOUDY (SCALE 8-10) 4
DPTR FM NORMAL -206
[CDD (BASE 65) ]
TOTAL THIS MO. 5
DPTR FM NORMAL -1 [PRESSURE DATA]
TOTAL FM JAN 1 3182 HIGHEST SLP M ON M
DPTR FM NORMAL 860 LOWEST SLP M ON M
[REMARKS]
#FINAL-12-23#