000
CXUS54 KHGX 011510
CF6PSX
PRELIMINARY LOCAL CLIMATOLOGICAL DATA (WS FORM: F-6)
STATION: PALACIOS
MONTH: JANUARY
YEAR: 2023
LATITUDE: 28 43 N
LONGITUDE: 96 15 W
TEMPERATURE IN F: :PCPN: SNOW: WIND :SUNSHINE: SKY :PK WND
================================================================================
1 2 3 4 5 6A 6B 7 8 9 10 11 12 13 14 15 16 17 18
12Z AVG MX 2MIN
DY MAX MIN AVG DEP HDD CDD WTR SNW DPTH SPD SPD DIR MIN PSBL S-S WX SPD DR
================================================================================
1 73 62 68 12 0 3 0.00 0.0 0 6.3 15 140 M M 9 12 20 140
2 77 68 73 17 0 8 0.00 0.0 0 11.3 21 150 M M 10 1 29 160
3 82 57 70 14 0 5 0.01 0.0 0 9.2 17 10 M M 5 18 24 340
4 78 51 65 10 0 0 0.00 0.0 0 6.6 17 320 M M 0 22 210
5 76 47 62 7 3 0 0.00 0.0 0 5.0 13 190 M M 0 16 190
6 77 50 64 9 1 0 0.00 0.0 0 9.5 18 160 M M 1 12 25 170
7 80 59 70 15 0 5 T 0.0 0 9.1 18 160 M M 9 12 23 150
8 70 53 62 7 3 0 0.73 0.0 0 12.4 26 340 M M 4 13 36 280
9 70 52 61 6 4 0 0.00 0.0 0 9.1 16 100 M M 7 1 20 90
10 70 56 63 8 2 0 0.00 0.0 0 6.7 14 170 M M 5 12 18 170
11 73 65 69 14 0 4 0.00 0.0 0 12.1 18 180 M M 5 12 27 180
12 70 47 59 4 6 0 0.00 0.0 0 15.3 30 340 M M 3 1 38 350
13 64 38 51 -4 14 0 0.00 0.0 0 9.4 18 360 M M 0 24 340
14 67 37 52 -3 13 0 0.00 0.0 0 8.2 16 110 M M 0 21 120
15 73 56 65 10 0 0 0.00 0.0 0 10.8 20 170 M M 7 29 170
16 74 63 69 14 0 4 0.01 0.0 0 9.4 16 180 M M 10 128 24 160
17 77 63 70 15 0 5 0.00 0.0 0 7.4 15 140 M M 10 12 21 140
18 75 54 65 10 0 0 0.04 0.0 0 8.6 18 350 M M 7 1 24 180
19 74 50 62 7 3 0 0.00 0.0 0 9.9 22 10 M M 0 29 360
20 61 53 57 1 8 0 0.01 0.0 0 14.1 23 70 M M 10 29 80
21 63 48 56 0 9 0 0.17 0.0 0 10.7 18 50 M M 9 1 25 60
22 66 45 56 0 9 0 0.00 0.0 0 10.3 23 350 M M 1 1 30 350
23 60 36 48 -8 17 0 0.00 0.0 0 11.6 23 80 M M 4 30 80
24 73 46 60 4 5 0 0.47 0.0 0 16.1 32 320 M M 8 138 47 170
25 58 39 49 -7 16 0 0.00 0.0 0 11.2 23 340 M M 0 29 350
26 58 36 47 -9 18 0 0.00 0.0 0 5.8 15 20 M M 2 20 10
27 62 39 51 -5 14 0 0.02 0.0 0 7.8 14 90 M M 7 1 19 120
28 69 57 63 7 2 0 0.37 0.0 0 9.5 17 160 M M 10 1 25 150
29 73 57 65 9 0 0 0.10 0.0 0 10.0 22 10 M M 10 1 27 10
30 57 38 48 -9 17 0 T 0.0 0 17.9 24 10 M M 10 1 30 360
31 43 37 40 -17 25 0 0.04 0.0 0 19.4 28 10 M M 10 1 33 350
================================================================================
SM 2143 1559 189 34 1.97 0.0 320.7 M 173
================================================================================
AV 69.1 50.3 10.3 FASTST M M 6 MAX(MPH)
MISC ----> 32 320 47 170
================================================================================
NOTES:
# LAST OF SEVERAL OCCURRENCES
COLUMN 17 PEAK WIND IN M.P.H.
PRELIMINARY LOCAL CLIMATOLOGICAL DATA (WS FORM: F-6) , PAGE 2
STATION: PALACIOS
MONTH: JANUARY
YEAR: 2023
LATITUDE: 28 43 N
LONGITUDE: 96 15 W
[TEMPERATURE DATA] [PRECIPITATION DATA] SYMBOLS USED IN COLUMN 16
AVERAGE MONTHLY: 59.7 TOTAL FOR MONTH: 1.97 1 = FOG OR MIST
DPTR FM NORMAL: 4.1 DPTR FM NORMAL: -1.28 2 = FOG REDUCING VISIBILITY
HIGHEST: 82 ON 3 GRTST 24HR 1.33 ON 24-24 TO 1/4 MILE OR LESS
LOWEST: 36 ON 26,23 3 = THUNDER
SNOW, ICE PELLETS, HAIL 4 = ICE PELLETS
TOTAL MONTH: 0.0 INCH 5 = HAIL
GRTST 24HR 0.0 6 = FREEZING RAIN OR DRIZZLE
GRTST DEPTH: 0 7 = DUSTSTORM OR SANDSTORM:
VSBY 1/2 MILE OR LESS
8 = SMOKE OR HAZE
[NO. OF DAYS WITH] [WEATHER - DAYS WITH] 9 = BLOWING SNOW
X = TORNADO
MAX 32 OR BELOW: 0 0.01 INCH OR MORE: 11
MAX 90 OR ABOVE: 0 0.10 INCH OR MORE: 5
MIN 32 OR BELOW: 0 0.50 INCH OR MORE: 1
MIN 0 OR BELOW: 0 1.00 INCH OR MORE: 0
[HDD (BASE 65) ]
TOTAL THIS MO. 189 CLEAR (SCALE 0-3) 10
DPTR FM NORMAL -121 PTCLDY (SCALE 4-7) 10
TOTAL FM JUL 1 647 CLOUDY (SCALE 8-10) 11
DPTR FM NORMAL -42
[CDD (BASE 65) ]
TOTAL THIS MO. 34
DPTR FM NORMAL 16 [PRESSURE DATA]
TOTAL FM JAN 1 34 HIGHEST SLP 30.46 ON 26
DPTR FM NORMAL 16 LOWEST SLP 29.58 ON 24
[REMARKS]
#FINAL-01-23#