000
CXUS55 KPUB 011515
CF6PUB
PRELIMINARY LOCAL CLIMATOLOGICAL DATA (WS FORM: F-6)
STATION: PUEBLO CO
MONTH: AUGUST
YEAR: 2022
LATITUDE: 38 16 N
LONGITUDE: 104 31 W
TEMPERATURE IN F: :PCPN: SNOW: WIND :SUNSHINE: SKY :PK WND
================================================================================
1 2 3 4 5 6A 6B 7 8 9 10 11 12 13 14 15 16 17 18
12Z AVG MX 2MIN
DY MAX MIN AVG DEP HDD CDD WTR SNW DPTH SPD SPD DIR MIN PSBL S-S WX SPD DR
================================================================================
1 100 60 80 3 0 15 0.00 0.0 0 10.0 30 300 M M 0 41 300
2 102 70 86 9 0 21 0.00 0.0 0 11.2 29 20 M M 0 38 20
3 96 64 80 3 0 15 T 0.0 0 7.6 20 40 M M 2 24 50
4 97 61 79 2 0 14 0.00 0.0 0 7.0 37 120 M M 0 3 48 110
5 102 63 83 7 0 18 0.00 0.0 0 6.7 26 270 M M 0 35 270
6 98 71 85 9 0 20 0.00 0.0 0 8.3 24 50 M M 0 34 60
7 95 65 80 4 0 15 0.25 0.0 0 12.0 33 310 M M 2 13 45 300
8 88 65 77 1 0 12 0.04 0.0 0 9.0 22 120 M M 2 30 80
9 95 62 79 3 0 14 0.00 0.0 0 5.1 15 130 M M 0 23 140
10 94 62 78 2 0 13 0.00 0.0 0 8.2 17 110 M M 0 25 120
11 98 60 79 3 0 14 0.00 0.0 0 8.0 22 110 M M 0 29 120
12 98 62 80 4 0 15 0.00 0.0 0 7.3 16 70 M M 0 22 140
13 96 60 78 3 0 13 0.00 0.0 0 8.2 16 10 M M 0 21 10
14 100 63 82 7 0 17 0.00 0.0 0 10.1 37 20 M M 0 46 10
15 96 67 82 7 0 17 0.01 0.0 0 11.2 38 360 M M 2 3 53 360
16 83 62 73 -2 0 8 0.34 0.0 0 6.8 36 10 M M 6 1 43 10
17 85 62 74 -1 0 9 0.00 0.0 0 5.0 15 190 M M 6 23 170
18 91 57 74 -1 0 9 0.00 0.0 0 6.3 15 160 M M 0 1 21 170
19 93 59 76 2 0 11 0.00 0.0 0 8.5 44 20 M M 1 3 57 20
20 78 60 69 -5 0 4 0.00 0.0 0 7.1 22 190 M M 2 29 150
21 84 58 71 -3 0 6 0.00 0.0 0 7.8 22 130 M M 0 30 160
22 87 57 72 -2 0 7 0.00 0.0 0 6.8 18 120 M M 1 28 140
23 88 54 71 -3 0 6 0.00 0.0 0 6.1 16 130 M M 0 21 120
24 89 52 71 -3 0 6 0.00 0.0 0 6.9 18 130 M M 0 28 150
25 94 53 74 1 0 9 0.00 0.0 0 7.4 20 100 M M 0 25 130
26 88 61 75 2 0 10 T 0.0 0 5.5 22 360 M M 4 27 360
27 94 56 75 2 0 10 0.00 0.0 0 4.3 15 40 M M 1 22 70
28 98 59 79 6 0 14 T 0.0 0 10.9 35 310 M M 0 3 45 350
29 96 58 77 5 0 12 0.00 0.0 0 8.8 20 90 M M 1 29 70
30 92 59 76 4 0 11 0.00 0.0 0 7.4 20 110 M M 0 25 130
31 96 58 77 5 0 12 T 0.0 0 6.6 32 20 M M 1 41 10
================================================================================
SM 2891 1880 0 377 0.64 0.0 242.1 M 31
================================================================================
AV 93.3 60.6 7.8 FASTST M M 1 MAX(MPH)
MISC ----> 44 20 57 20
================================================================================
NOTES:
COLUMN 17 PEAK WIND IN M.P.H.
PRELIMINARY LOCAL CLIMATOLOGICAL DATA (WS FORM: F-6) , PAGE 2
STATION: PUEBLO CO
MONTH: AUGUST
YEAR: 2022
LATITUDE: 38 16 N
LONGITUDE: 104 31 W
[TEMPERATURE DATA] [PRECIPITATION DATA] SYMBOLS USED IN COLUMN 16
AVERAGE MONTHLY: 77.0 TOTAL FOR MONTH: 0.64 1 = FOG OR MIST
DPTR FM NORMAL: 2.2 DPTR FM NORMAL: -1.47 2 = FOG REDUCING VISIBILITY
HIGHEST: 102 ON 5, 2 GRTST 24HR 0.34 ON 16 TO 1/4 MILE OR LESS
LOWEST: 52 ON 24 3 = THUNDER
SNOW, ICE PELLETS, HAIL 4 = ICE PELLETS
TOTAL MONTH: 0.0 INCH 5 = HAIL
GRTST 24HR 0.0 6 = FREEZING RAIN OR DRIZZLE
GRTST DEPTH: 0 7 = DUSTSTORM OR SANDSTORM:
VSBY 1/2 MILE OR LESS
8 = SMOKE OR HAZE
[NO. OF DAYS WITH] [WEATHER - DAYS WITH] 9 = BLOWING SNOW
X = TORNADO
MAX 32 OR BELOW: 0 0.01 INCH OR MORE: 4
MAX 90 OR ABOVE: 22 0.10 INCH OR MORE: 2
MIN 32 OR BELOW: 0 0.50 INCH OR MORE: 0
MIN 0 OR BELOW: 0 1.00 INCH OR MORE: 0
[HDD (BASE 65) ]
TOTAL THIS MO. 0 CLEAR (SCALE 0-3) 28
DPTR FM NORMAL -3 PTCLDY (SCALE 4-7) 3
TOTAL FM JUL 1 0 CLOUDY (SCALE 8-10) 0
DPTR FM NORMAL -1
[CDD (BASE 65) ]
TOTAL THIS MO. 377
DPTR FM NORMAL 70 [PRESSURE DATA]
TOTAL FM JAN 1 1175 HIGHEST SLP 30.15 ON 30
DPTR FM NORMAL 220 LOWEST SLP 29.61 ON 28
[REMARKS]
#FINAL-08-22#