000
CXUS55 KPUB 011455
CF6PUB
PRELIMINARY LOCAL CLIMATOLOGICAL DATA (WS FORM: F-6)
STATION: PUEBLO CO
MONTH: AUGUST
YEAR: 2023
LATITUDE: 38 16 N
LONGITUDE: 104 31 W
TEMPERATURE IN F: :PCPN: SNOW: WIND :SUNSHINE: SKY :PK WND
================================================================================
1 2 3 4 5 6A 6B 7 8 9 10 11 12 13 14 15 16 17 18
12Z AVG MX 2MIN
DY MAX MIN AVG DEP HDD CDD WTR SNW DPTH SPD SPD DIR MIN PSBL S-S WX SPD DR
================================================================================
1 90 65 78 1 0 13 0.00 0.0 0 7.2 25 190 M M 0 36 230
2 97 63 80 3 0 15 T 0.0 0 7.5 26 300 M M 1 3 36 280
3 94 65 80 3 0 15 0.03 0.0 0 7.5 47 280 M M 1 3 66 270
4 95 58 77 0 0 12 0.00 0.0 0 6.4 17 170 M M 0 3 23 120
5 90 65 78 2 0 13 0.04 0.0 0 10.6 33 50 M M 4 3 44 60
6 79 56 68 -8 0 3 0.52 0.0 0 7.9 28 30 M M 9 13 35 20
7 91 58 75 -1 0 10 0.00 0.0 0 9.0 29 30 M M 1 36 20
8 96 64 80 4 0 15 0.00 0.0 0 7.1 24 10 M M 3 31 360
9 88 66 77 1 0 12 0.00 0.0 0 7.7 20 140 M M 3 26 140
10 97 62 80 4 0 15 0.00 0.0 0 6.2 22 280 M M 0 28 60
11 95 59 77 1 0 12 0.00 0.0 0 9.5 25 10 M M 1 32 10
12 83 67 75 -1 0 10 0.03 0.0 0 6.2 17 160 M M 3 3 22 150
13 84 58 71 -4 0 6 0.00 0.0 0 14.2 36 20 M M 4 49 20
14 82 62 72 -3 0 7 0.00 0.0 0 5.9 18 100 M M 6 24 110
15 93 56 75 0 0 10 0.00 0.0 0 5.2 18 150 M M 0 24 120
16 102 59 81 6 0 16 T 0.0 0 8.2 36 360 M M 1 3 48 360
17 91 72 82 7 0 17 0.00 0.0 0 9.1 22 100 M M 0 27 100
18 102 64 83 8 0 18 0.00 0.0 0 7.6 24 290 M M 0 31 290
19 101 66 84 10 0 19 0.00 0.0 0 10.9 25 100 M M 0 34 100
20 99 65 82 8 0 17 0.00 0.0 0 13.4 30 150 M M 0 40 140
21 101 57 79 5 0 14 0.00 0.0 0 9.0 25 150 M M 0 35 130
22 99 65 82 8 0 17 0.00 0.0 0 11.2 28 160 M M 0 37 150
23 97 62 80 6 0 15 0.00 0.0 0 7.3 20 160 M M 0 27 150
24 96 63 80 6 0 15 0.00 0.0 0 7.9 24 20 M M 0 35 20
25 88 62 75 2 0 10 0.10 0.0 0 18.9 32 340 M M 4 13 43 350
26 80 61 71 -2 0 6 0.00 0.0 0 5.7 14 110 M M 5 19 160
27 89 59 74 1 0 9 0.11 0.0 0 9.0 32 20 M M 2 3 42 10
28 87 59 73 0 0 8 0.08 0.0 0 11.1 31 10 M M 3 13 41 360
29 83 54 69 -3 0 4 0.00 0.0 0 5.4 14 130 M M 0 19 130
30 95 53 74 2 0 9 0.00 0.0 0 6.6 21 100 M M 0 26 110
31 101 57 79 7 0 14 0.00 0.0 0 6.9 17 130 M M 0 24 120
================================================================================
SM 2865 1902 0 376 0.91 0.0 266.3 M 51
================================================================================
AV 92.4 61.4 8.6 FASTST M M 2 MAX(MPH)
MISC ----> 47 280 66 270
================================================================================
NOTES:
8/2...COLUMN 7; SUPPLEMENTED USING BACKUP COOP SITE (05-8992) BASED FORECASTER
DECISION AND RADAR TRENDS.
8/25 & 8/27...COLUMN 7; PRESENT WEATHER SENSOR FAILED. USED 12HR2 DATA TO
RESTORE PRECIPITATION DATA THAT OCCURRED DURING THUNDERSTORMS. PLEASE NOTE THAT
ON THE 27TH...0.01 INCHES WAS NOT RESTORED THAT WAS RECORDED DURING THE MORNING
...LIKELY CAUSED BY MORNING DEW.
COLUMN 17 PEAK WIND IN M.P.H.
PRELIMINARY LOCAL CLIMATOLOGICAL DATA (WS FORM: F-6) , PAGE 2
STATION: PUEBLO CO
MONTH: AUGUST
YEAR: 2023
LATITUDE: 38 16 N
LONGITUDE: 104 31 W
[TEMPERATURE DATA] [PRECIPITATION DATA] SYMBOLS USED IN COLUMN 16
AVERAGE MONTHLY: 76.9 TOTAL FOR MONTH: 0.91 1 = FOG OR MIST
DPTR FM NORMAL: 2.1 DPTR FM NORMAL: -1.20 2 = FOG REDUCING VISIBILITY
HIGHEST: 102 ON 18,16 GRTST 24HR 0.56 ON 5-6 TO 1/4 MILE OR LESS
LOWEST: 53 ON 30 3 = THUNDER
SNOW, ICE PELLETS, HAIL 4 = ICE PELLETS
TOTAL MONTH: 0.0 INCH 5 = HAIL
GRTST 24HR 0.0 6 = FREEZING RAIN OR DRIZZLE
GRTST DEPTH: 0 7 = DUSTSTORM OR SANDSTORM:
VSBY 1/2 MILE OR LESS
8 = SMOKE OR HAZE
[NO. OF DAYS WITH] [WEATHER - DAYS WITH] 9 = BLOWING SNOW
X = TORNADO
MAX 32 OR BELOW: 0 0.01 INCH OR MORE: 7
MAX 90 OR ABOVE: 21 0.10 INCH OR MORE: 3
MIN 32 OR BELOW: 0 0.50 INCH OR MORE: 1
MIN 0 OR BELOW: 0 1.00 INCH OR MORE: 0
[HDD (BASE 65) ]
TOTAL THIS MO. 0 CLEAR (SCALE 0-3) 25
DPTR FM NORMAL -3 PTCLDY (SCALE 4-7) 5
TOTAL FM JUL 1 0 CLOUDY (SCALE 8-10) 1
DPTR FM NORMAL -1
[CDD (BASE 65) ]
TOTAL THIS MO. 376
DPTR FM NORMAL 69 [PRESSURE DATA]
TOTAL FM JAN 1 976 HIGHEST SLP 30.27 ON 14
DPTR FM NORMAL 21 LOWEST SLP 29.64 ON 8
[REMARKS]
#FINAL-08-23#