000
CXUS54 KOUN 010700
CF6PWA
PRELIMINARY LOCAL CLIMATOLOGICAL DATA (WS FORM: F-6)
STATION: BETHANY/WILEY POST
MONTH: APRIL
YEAR: 2020
LATITUDE: 35 31 N
LONGITUDE: 97 38 W
TEMPERATURE IN F: :PCPN: SNOW: WIND :SUNSHINE: SKY :PK WND
================================================================================
1 2 3 4 5 6A 6B 7 8 9 10 11 12 13 14 15 16 17 18
12Z AVG MX 2MIN
DY MAX MIN AVG DEP HDD CDD WTR SNW DPTH SPD SPD DIR MIN PSBL S-S WX SPD DR
================================================================================
1 73 49 61 6 4 0 0.00 M 0 17.7 29 170 M M 0 37 160
2 70 43 57 1 8 0 0.01 M 0 19.8 32 180 M M 4 1 39 170
3 42 31 37 -19 28 0 T M 0 17.2 28 350 M M 9 16 36 350
4 44 35 40 -16 25 0 0.00 0.0 0 8.9 17 10 M M 8 18 22 20
5 68 42 55 -1 10 0 0.00 0.0 0 8.3 24 180 M M 7 32 190
6 73 60 67 10 0 2 0.00 0.0 0 18.0 26 200 M M 7 35 210
7 87 64 76 19 0 11 0.00 0.0 0 14.9 23 190 M M 3 28 200
8 89 56 73 16 0 8 0.00 0.0 0 10.1 24 360 M M 0 29 360
9 69 49 59 1 6 0 0.00 0.0 0 12.6 20 20 M M 0 25 40
10 69 43 56 -2 9 0 0.00 0.0 0 10.6 20 180 M M 0 24 170
11 76 57 67 9 0 2 0.56 0.0 0 21.0 35 80 M M 6 13 45 90
12 74 36 55 -3 10 0 0.15 0.0 0 19.3 37 180 M M 5 3 47 360
13 46 33 40 -19 25 0 0.02 M 0 14.5 25 350 M M 8 1 32 350
14 48 33 41 -18 24 0 0.01 M 0 6.0 12 80 M M 8 1 15 70
15 62 32 47 -12 18 0 0.00 0.0 0 11.7 21 170 M M 0 27 150
16 73 47 60 0 5 0 0.00 0.0 0 22.8 35 180 M M 0 42 170
17 59 38 49 -11 16 0 T M 0 14.1 28 350 M M 6 1 35 10
18 69 33 51 -9 14 0 0.00 0.0 0 12.1 25 190 M M 2 1 32 180
19 70 49 60 0 5 0 T M 0 6.8 15 30 M M 7 18 19 190
20 77 49 63 2 2 0 0.03 0.0 0 5.8 28 50 M M 3 13 35 40
21 83 49 66 5 0 1 0.13 0.0 0 8.8 21 140 M M 2 123 31 120
22 66 58 62 1 3 0 M 0.0 0 12.2 32 170 M M 4 13 41 180
23 81 53 67 5 0 2 0.03 0.0 0 7.9 18 310 M M 1 26 160
24 77 55 66 4 0 1 0.01 0.0 0 15.1 30 340 M M 1 3 38 340
25 75 49 62 0 3 0 0.00 0.0 0 9.5 21 330 M M 1 30 360
26 79 45 62 -1 3 0 0.00 0.0 0 10.7 23 160 M M 0 31 160
27 81 63 72 9 0 7 T 0.0 0 18.4 31 190 M M 0 3 42 190
28 87 63 75 12 0 10 0.13 0.0 0 14.5 26 360 M M 1 3 33 360
29 73 50 62 -2 3 0 0.00 0.0 0 13.1 32 340 M M 0 42 360
30 81 44 63 -1 2 0 0.00 0.0 0 9.2 21 160 M M 0 27 160
================================================================================
SM 2121 1408 223 44 1.08 0.0 391.6 M 93
================================================================================
AV 70.7 46.9 13.1 FASTST M M 3 MAX(MPH)
MISC ----> # 37 180 # 47 360
================================================================================
NOTES:
# LAST OF SEVERAL OCCURRENCES
COLUMN 17 PEAK WIND IN M.P.H.
PRELIMINARY LOCAL CLIMATOLOGICAL DATA (WS FORM: F-6) , PAGE 2
STATION: BETHANY/WILEY POST
MONTH: APRIL
YEAR: 2020
LATITUDE: 35 31 N
LONGITUDE: 97 38 W
[TEMPERATURE DATA] [PRECIPITATION DATA] SYMBOLS USED IN COLUMN 16
AVERAGE MONTHLY: 58.8 TOTAL FOR MONTH: 1.08 1 = FOG OR MIST
DPTR FM NORMAL: -0.7 DPTR FM NORMAL: -1.85 2 = FOG REDUCING VISIBILITY
HIGHEST: 89 ON 8 GRTST 24HR 0.56 ON 11-11 TO 1/4 MILE OR LESS
LOWEST: 31 ON 3 3 = THUNDER
SNOW, ICE PELLETS, HAIL 4 = ICE PELLETS
TOTAL MONTH: 0.0 INCH 5 = HAIL
GRTST 24HR 0.0 6 = FREEZING RAIN OR DRIZZLE
GRTST DEPTH: 0 7 = DUSTSTORM OR SANDSTORM:
VSBY 1/2 MILE OR LESS
8 = SMOKE OR HAZE
[NO. OF DAYS WITH] [WEATHER - DAYS WITH] 9 = BLOWING SNOW
X = TORNADO
MAX 32 OR BELOW: 0 0.01 INCH OR MORE: 10
MAX 90 OR ABOVE: 0 0.10 INCH OR MORE: 4
MIN 32 OR BELOW: 2 0.50 INCH OR MORE: 1
MIN 0 OR BELOW: 0 1.00 INCH OR MORE: 0
[HDD (BASE 65) ]
TOTAL THIS MO. 223 CLEAR (SCALE 0-3) 17
DPTR FM NORMAL 18 PTCLDY (SCALE 4-7) 11
TOTAL FM JUL 1 3175 CLOUDY (SCALE 8-10) 2
DPTR FM NORMAL -418
[CDD (BASE 65) ]
TOTAL THIS MO. 44
DPTR FM NORMAL 4 [PRESSURE DATA]
TOTAL FM JAN 1 81 HIGHEST SLP M ON M
DPTR FM NORMAL 32 LOWEST SLP 29.43 ON 12
[REMARKS]
#FINAL-04-20#