000
CXUS54 KFWD 251721
CF6PWG
PRELIMINARY LOCAL CLIMATOLOGICAL DATA (WS FORM: F-6)
STATION: WACO MCGREGOR
MONTH: MARCH
YEAR: 2021
LATITUDE: 31 28 N
LONGITUDE: 97 19 W
TEMPERATURE IN F: :PCPN: SNOW: WIND :SUNSHINE: SKY :PK WND
================================================================================
1 2 3 4 5 6A 6B 7 8 9 10 11 12 13 14 15 16 17 18
12Z AVG MX 2MIN
DY MAX MIN AVG DEP HDD CDD WTR SNW DPTH SPD SPD DIR MIN PSBL S-S WX SPD DR
================================================================================
1 55 44 50 -2 15 0 0.21 M M 15.5 25 10 M M 10 35 360
2 62 38 50 -3 15 0 0.00 M M 5.8 10 340 M M 1 18 340
3 70 31 51 -2 14 0 0.00 M M 6.8 13 150 M M 0 16 160
4 74 43 59 6 6 0 0.00 M M 11.1 22 170 M M 0 23 140
5 76 53 65 11 0 0 0.00 M M 15.1 22 10 M M 4 32 330
6 65 41 53 -1 12 0 0.00 M M 9.7 17 30 M M 1 20 10
7 68 30 49 -5 16 0 0.00 M M 5.9 13 130 M M 0 20 130
8 74 40 57 3 8 0 0.00 M M 7.7 15 150 M M 2 21 150
9 75 53 64 9 1 0 0.00 M M 16.7 24 170 M M 6 37 170
10 79 62 71 16 0 6 0.00 M M 18.4 25 160 M M 8 38 170
11 81 68 75 20 0 10 0.00 M M 16.7 24 180 M M 7 39 190
12 83 66 75 19 0 10 T M M 14.0 22 170 M M 9 1 30 160
13 77 64 71 15 0 6 T M M 17.4 27 160 M M 8 38 160
14 77 51 64 8 1 0 0.09 M M 8.4 24 160 M M 7 37 150
15 85 45 65 9 0 0 0.00 M M 8.5 15 200 M M 0 21 250
16 83 59 71 14 0 6 M M M 13.2 21 150 M M 7 29 150
17 74 47 61 4 4 0 0.05 M M 17.7 28 290 M M 4 38 280
18 65 43 54 -3 11 0 0.00 M M 13.1 21 320 M M 0 32 320
19 65 37 51 -6 14 0 0.00 M M 8.6 15 360 M M 0 22 360
20 70 38 54 -4 11 0 0.00 M M 4.0 9 120 M M 0 M M
21 71 40 56 -2 9 0 0.00 M M 12.0 17 130 M M 2 25 140
22 69 54 62 4 3 0 0.10 M M 16.9 26 140 M M 7 3 35 150
23 76 47 62 4 3 0 0.00 M M 5.6 9 260 M M 2 M M
24 74 45 60 1 5 0 T M M 9.7 18 130 M M 5 22 320
25 71 50 61 2 4 0 0.76 M M 7.0 16 320 M M 5 13 31 350
26 80 46 63 4 2 0 0.00 M M 8.7 16 160 M M 0 24 160
27 79 59 69 9 0 4 0.00 M M 6.3 16 340 M M 6 1 39 160
28 74 45 60 0 5 0 0.00 M M 12.8 22 30 M M 0 30 10
29 78 39 59 -1 6 0 0.00 M M 9.1 20 170 M M 0 24 170
30 81 61 71 11 0 6 0.00 M M 12.4 22 180 M M 8 31 190
31 69 46 58 -2 7 0 0.00 M M 14.7 23 10 M M 4 69 30
================================================================================
SM 2280 1485 172 48 1.21 M 349.5 M 113
================================================================================
AV 73.5 47.9 11.3 FASTST M M 4 MAX(MPH)
MISC ----> 28 290 69 30
================================================================================
NOTES:
# LAST OF SEVERAL OCCURRENCES
COLUMN 17 PEAK WIND IN M.P.H.
PRELIMINARY LOCAL CLIMATOLOGICAL DATA (WS FORM: F-6) , PAGE 2
STATION: WACO MCGREGOR
MONTH: MARCH
YEAR: 2021
LATITUDE: 31 28 N
LONGITUDE: 97 19 W
[TEMPERATURE DATA] [PRECIPITATION DATA] SYMBOLS USED IN COLUMN 16
AVERAGE MONTHLY: 60.7 TOTAL FOR MONTH: 1.21 1 = FOG OR MIST
DPTR FM NORMAL: 4.2 DPTR FM NORMAL: -2.02 2 = FOG REDUCING VISIBILITY
HIGHEST: 85 ON 15 GRTST 24HR 0.76 ON 25-25 TO 1/4 MILE OR LESS
LOWEST: 30 ON 7 3 = THUNDER
SNOW, ICE PELLETS, HAIL 4 = ICE PELLETS
TOTAL MONTH: M 5 = HAIL
GRTST 24HR M ON M 6 = FREEZING RAIN OR DRIZZLE
GRTST DEPTH: M ON M 7 = DUSTSTORM OR SANDSTORM:
VSBY 1/2 MILE OR LESS
8 = SMOKE OR HAZE
[NO. OF DAYS WITH] [WEATHER - DAYS WITH] 9 = BLOWING SNOW
X = TORNADO
MAX 32 OR BELOW: 0 0.01 INCH OR MORE: 5
MAX 90 OR ABOVE: 0 0.10 INCH OR MORE: 3
MIN 32 OR BELOW: 2 0.50 INCH OR MORE: 1
MIN 0 OR BELOW: 0 1.00 INCH OR MORE: 0
[HDD (BASE 65) ]
TOTAL THIS MO. 172 CLEAR (SCALE 0-3) 15
DPTR FM NORMAL -114 PTCLDY (SCALE 4-7) 13
TOTAL FM JUL 1 1922 CLOUDY (SCALE 8-10) 3
DPTR FM NORMAL -313
[CDD (BASE 65) ]
TOTAL THIS MO. 48
DPTR FM NORMAL 24 [PRESSURE DATA]
TOTAL FM JAN 1 51 HIGHEST SLP 30.45 ON 8
DPTR FM NORMAL 21 LOWEST SLP 29.58 ON 17
[REMARKS]
#FINAL-03-21#