000
CXUS54 KFWD 070343
CF6PWG
PRELIMINARY LOCAL CLIMATOLOGICAL DATA (WS FORM: F-6)
STATION: WACO MCGREGOR
MONTH: NOVEMBER
YEAR: 2020
LATITUDE: 31 28 N
LONGITUDE: 97 19 W
TEMPERATURE IN F: :PCPN: SNOW: WIND :SUNSHINE: SKY :PK WND
================================================================================
1 2 3 4 5 6A 6B 7 8 9 10 11 12 13 14 15 16 17 18
12Z AVG MX 2MIN
DY MAX MIN AVG DEP HDD CDD WTR SNW DPTH SPD SPD DIR MIN PSBL S-S WX SPD DR
================================================================================
1 74 45 60 -2 5 0 0.00 M M 8.6 18 20 M M 0 8 27 40
2 73 39 56 -6 9 0 0.00 M M 4.1 8 120 M M 0 M M
3 78 41 60 -1 5 0 0.00 M M 7.1 14 180 M M 0 M M
4 78 48 63 2 2 0 0.00 M M 9.6 18 160 M M 0 25 200
5 81 52 67 6 0 2 0.00 M M 9.0 16 160 M M 1 22 170
6 78 59 69 9 0 4 0.00 M M 8.1 12 120 M M 0 128 360
7 78 48 63 3 2 0 0.00 M M 4.3 14 110 M M 0 145 140
8 76 54 65 5 0 0 0.00 M M 9.0 15 120 M M 2 1 M M
9 82 59 71 12 0 6 0.00 M M 11.2 18 160 M M 0 1 21 170
10 78 52 65 6 0 0 T M M 8.4 15 170 M M 0 21 170
11 76 44 60 2 5 0 0.00 M M 4.7 9 320 M M 0 M M
12 84 55 70 12 0 5 0.00 M M 6.3 15 170 M M 0 17 170
13 75 55 65 7 0 0 0.00 M M 6.2 13 160 M M 0 M M
14 83 67 75 18 0 10 0.00 M M 11.4 23 190 M M 0 30 190
15 69 38 54 -3 11 0 0.00 M M 10.7 20 350 M M 0 37 340
16 72 31 52 -4 13 0 0.00 M M 2.4 8 130 M M 0 33 360
17 74 32 53 -3 12 0 0.00 M M 3.4 9 60 M M 0 36 50
18 77 42 60 4 5 0 0.00 M M 10.7 16 170 M M 0 21 170
19 79 51 65 10 0 0 0.00 M M 13.9 20 170 M M 0 24 170
20 80 56 68 13 0 3 0.00 M M 9.8 15 160 M M 0 1 20 180
21 79 60 70 16 0 5 0.00 M M 5.6 9 160 M M 0 1 30 150
22 72 50 61 7 4 0 0.02 M M 9.4 18 10 M M 0 25 360
23 59 49 54 0 11 0 0.00 M M 8.3 16 160 M M 0 24 160
24 78 58 68 15 0 3 0.01 M M 13.5 32 290 M M 0 13 46 300
25 65 46 56 3 9 0 0.00 M M 5.2 14 160 M M 0 31 330
26 76 41 59 7 6 0 0.00 M M 6.7 13 160 M M 0 M M
27 63 55 59 7 6 0 0.01 M M 7.8 14 350 M M 0 3 M M
28 60 48 54 2 11 0 0.02 M M 8.3 14 320 M M 0 1 M M
29 53 43 48 -3 17 0 0.01 M M 11.2 20 340 M M 0 24 330
30 52 31 42 -9 23 0 0.00 M M 9.4 21 340 M M 0 8 31 350
================================================================================
SM 2202 1449 156 38 0.07 M 244.3 M 3
================================================================================
AV 73.4 48.3 8.1 FASTST M M 0 MAX(MPH)
MISC ----> 32 290 145 140
================================================================================
NOTES:
# LAST OF SEVERAL OCCURRENCES
COLUMN 17 PEAK WIND IN M.P.H.
PRELIMINARY LOCAL CLIMATOLOGICAL DATA (WS FORM: F-6) , PAGE 2
STATION: WACO MCGREGOR
MONTH: NOVEMBER
YEAR: 2020
LATITUDE: 31 28 N
LONGITUDE: 97 19 W
[TEMPERATURE DATA] [PRECIPITATION DATA] SYMBOLS USED IN COLUMN 16
AVERAGE MONTHLY: 60.9 TOTAL FOR MONTH: 0.07 1 = FOG OR MIST
DPTR FM NORMAL: 4.3 DPTR FM NORMAL: -2.81 2 = FOG REDUCING VISIBILITY
HIGHEST: 84 ON 12 GRTST 24HR 0.06 ON 1- 1 TO 1/4 MILE OR LESS
LOWEST: 31 ON 30,16 3 = THUNDER
SNOW, ICE PELLETS, HAIL 4 = ICE PELLETS
TOTAL MONTH: M 5 = HAIL
GRTST 24HR M ON M 6 = FREEZING RAIN OR DRIZZLE
GRTST DEPTH: M ON M 7 = DUSTSTORM OR SANDSTORM:
VSBY 1/2 MILE OR LESS
8 = SMOKE OR HAZE
[NO. OF DAYS WITH] [WEATHER - DAYS WITH] 9 = BLOWING SNOW
X = TORNADO
MAX 32 OR BELOW: 0 0.01 INCH OR MORE: 5
MAX 90 OR ABOVE: 0 0.10 INCH OR MORE: 0
MIN 32 OR BELOW: 3 0.50 INCH OR MORE: 0
MIN 0 OR BELOW: 0 1.00 INCH OR MORE: 0
[HDD (BASE 65) ]
TOTAL THIS MO. 156 CLEAR (SCALE 0-3) 30
DPTR FM NORMAL -121 PTCLDY (SCALE 4-7) 0
TOTAL FM JUL 1 181 CLOUDY (SCALE 8-10) 0
DPTR FM NORMAL -174
[CDD (BASE 65) ]
TOTAL THIS MO. 38
DPTR FM NORMAL 13 [PRESSURE DATA]
TOTAL FM JAN 1 2708 HIGHEST SLP 30.55 ON 2
DPTR FM NORMAL 244 LOWEST SLP 29.73 ON 14
[REMARKS]
#FINAL-11-20#