000
CXUS51 KGYX 021634
CF6PWM
PRELIMINARY LOCAL CLIMATOLOGICAL DATA (WS FORM: F-6)
STATION: PORTLAND ME
MONTH: NOVEMBER
YEAR: 2022
LATITUDE: 43 39 N
LONGITUDE: 70 19 W
TEMPERATURE IN F: :PCPN: SNOW: WIND :SUNSHINE: SKY :PK WND
================================================================================
1 2 3 4 5 6A 6B 7 8 9 10 11 12 13 14 15 16 17 18
12Z AVG MX 2MIN
DY MAX MIN AVG DEP HDD CDD WTR SNW DPTH SPD SPD DIR MIN PSBL S-S WX SPD DR
================================================================================
1 61 47 54 9 11 0 T 0.0 0 1.6 7 270 M M 8 1 9 270
2 65 36 51 6 14 0 0.00 0.0 0 8.0 17 330 M M 2 1 23 340
3 58 31 45 1 20 0 0.00 0.0 0 5.9 13 190 M M 1 17 200
4 69 46 58 14 7 0 0.00 0.0 0 5.7 13 150 M M 2 16 220
5 75 55 65 21 0 0 0.00 0.0 0 9.1 16 190 M M 3 24 200
6 69 59 64 21 1 0 T 0.0 0 8.8 17 180 M M 7 24 190
7 72 47 60 17 5 0 0.01 0.0 0 12.7 29 310 M M 2 1 39 300
8 49 35 42 -1 23 0 0.00 0.0 0 13.5 28 340 M M 1 37 340
9 48 26 37 -5 28 0 0.00 0.0 0 4.4 13 170 M M 1 19 190
10 68 37 53 11 12 0 0.00 0.0 0 8.4 16 250 M M 2 24 250
11 69 52 61 19 4 0 1.11 0.0 0 9.1 20 180 M M 7 1 30 180
12 73 52 63 22 2 0 0.06 0.0 0 10.3 25 280 M M 7 1 32 280
13 55 35 45 4 20 0 0.73 0.0 0 11.2 22 330 M M 10 1 31 330
14 40 26 33 -8 32 0 0.00 0.0 0 9.8 25 290 M M 2 32 290
15 41 22 32 -8 33 0 0.03 T T 2.9 9 40 M M 3 1 12 350
16 47 32 40 0 25 0 1.29 T 0 11.3 23 90 M M 8 1 30 340
17 42 29 36 -4 29 0 0.00 0.0 0 10.2 25 280 M M 3 30 280
18 41 27 34 -5 31 0 0.00 0.0 0 6.0 20 280 M M 4 25 270
19 41 23 32 -7 33 0 0.00 0.0 0 4.6 13 200 M M 1 17 200
20 38 24 31 -7 34 0 T T 0 12.9 31 290 M M 3 40 270
21 34 18 26 -12 39 0 0.00 0.0 0 9.8 23 280 M M 3 29 290
22 45 25 35 -3 30 0 0.00 0.0 0 4.3 14 220 M M 2 18 220
23 47 28 38 0 27 0 0.00 0.0 0 6.8 18 310 M M 4 24 310
24 41 22 32 -5 33 0 0.00 0.0 0 3.2 10 170 M M 2 15 150
25 47 27 37 0 28 0 0.05 0.0 0 7.8 30 290 M M 5 1 41 300
26 49 29 39 3 26 0 0.00 0.0 0 7.8 21 330 M M 2 31 330
27 57 27 42 6 23 0 0.91 0.0 0 3.9 14 190 M M 7 1 20 190
28 49 31 40 4 25 0 0.06 0.0 0 9.3 23 330 M M 5 1 32 320
29 37 24 31 -5 34 0 0.01 0.0 0 3.4 12 40 M M 4 13 40
30 54 37 46 11 19 0 0.98 0.0 0 13.1 32 160 M M 10 1 47 150
================================================================================
SM 1581 1009 648 0 5.24 T 235.8 M 121
================================================================================
AV 52.7 33.6 7.9 FASTST M M 4 MAX(MPH)
MISC ----> 32 160 47 150
================================================================================
NOTES:
# LAST OF SEVERAL OCCURRENCES
COLUMN 17 PEAK WIND IN M.P.H.
PRELIMINARY LOCAL CLIMATOLOGICAL DATA (WS FORM: F-6) , PAGE 2
STATION: PORTLAND ME
MONTH: NOVEMBER
YEAR: 2022
LATITUDE: 43 39 N
LONGITUDE: 70 19 W
[TEMPERATURE DATA] [PRECIPITATION DATA] SYMBOLS USED IN COLUMN 16
AVERAGE MONTHLY: 43.2 TOTAL FOR MONTH: 5.24 1 = FOG OR MIST
DPTR FM NORMAL: 3.2 DPTR FM NORMAL: 0.99 2 = FOG REDUCING VISIBILITY
HIGHEST: 75 ON 5 GRTST 24HR 1.32 ON 15-16 TO 1/4 MILE OR LESS
LOWEST: 18 ON 21 3 = THUNDER
SNOW, ICE PELLETS, HAIL 4 = ICE PELLETS
TOTAL MONTH: T 5 = HAIL
GRTST 24HR T ON 15-15 6 = FREEZING RAIN OR DRIZZLE
GRTST DEPTH: T 7 = DUSTSTORM OR SANDSTORM:
VSBY 1/2 MILE OR LESS
8 = SMOKE OR HAZE
[NO. OF DAYS WITH] [WEATHER - DAYS WITH] 9 = BLOWING SNOW
X = TORNADO
MAX 32 OR BELOW: 0 0.01 INCH OR MORE: 11
MAX 90 OR ABOVE: 0 0.10 INCH OR MORE: 5
MIN 32 OR BELOW: 18 0.50 INCH OR MORE: 5
MIN 0 OR BELOW: 0 1.00 INCH OR MORE: 2
[HDD (BASE 65) ]
TOTAL THIS MO. 648 CLEAR (SCALE 0-3) 14
DPTR FM NORMAL -100 PTCLDY (SCALE 4-7) 13
TOTAL FM JUL 1 1236 CLOUDY (SCALE 8-10) 3
DPTR FM NORMAL -141
[CDD (BASE 65) ]
TOTAL THIS MO. 0
DPTR FM NORMAL 0 [PRESSURE DATA]
TOTAL FM JAN 1 542 HIGHEST SLP 30.68 ON 9
DPTR FM NORMAL 96 LOWEST SLP 29.15 ON 28
[REMARKS]
#FINAL-11-22#