000
CXUS53 KMKX 010910
CF6RAC
PRELIMINARY LOCAL CLIMATOLOGICAL DATA (WS FORM: F-6)
STATION: RACINE WI
MONTH: JUNE
YEAR: 2020
LATITUDE: 42 45 N
LONGITUDE: 87 49 W
TEMPERATURE IN F: :PCPN: SNOW: WIND :SUNSHINE: SKY :PK WND
================================================================================
1 2 3 4 5 6A 6B 7 8 9 10 11 12 13 14 15 16 17 18
12Z AVG MX 2MIN
DY MAX MIN AVG DEP HDD CDD WTR SNW DPTH SPD SPD DIR MIN PSBL S-S WX SPD DR
================================================================================
1 74 52 63 3 2 0 0.00 0.0 0 9.9 23 210 M M 3 35 200
2 93 68 81 20 0 16 0.07 0.0 0 12.2 26 320 M M 1 13 41 310
3 84 63 74 13 0 9 0.09 0.0 0 8.1 18 270 M M 3 1 27 280
4 84 59 72 10 0 7 T 0.0 0 5.5 16 40 M M 0 22 40
5 83 58 71 9 0 6 T 0.0 0 4.1 17 20 M M 2 13 22 30
6 70 54 62 0 3 0 0.00 0.0 0 10.8 18 50 M M 0 1 27 20
7 70 53 62 -1 3 0 0.00 0.0 0 6.0 14 40 M M 0 20 40
8 82 57 70 7 0 5 0.00 0.0 0 8.2 18 160 M M 0 24 160
9 81 63 72 8 0 7 0.14 0.0 0 14.2 30 220 M M 4 1 46 200
10 82 59 71 7 0 6 0.42 0.0 0 12.4 30 230 M M 5 13 46 200
11 81 57 69 5 0 4 0.01 0.0 0 8.9 29 320 M M 2 42 310
12 62 51 57 -8 8 0 0.00 0.0 0 10.4 17 10 M M 3 1 24 10
13 60 49 55 -10 10 0 0.00 0.0 0 13.0 20 20 M M 1 27 30
14 65 51 58 -8 7 0 0.00 0.0 0 8.9 14 90 M M 0 18 80
15 69 51 60 -6 5 0 0.00 0.0 0 7.0 13 170 M M 0 18 160
16 77 48 63 -3 2 0 0.00 0.0 0 5.3 13 110 M M 0 18 180
17 82 56 69 2 0 4 0.00 0.0 M 4.9 12 110 M M 0 16 130
18 82 58 70 3 0 5 0.00 0.0 0 4.5 15 130 M M 0 19 130
19 87 60 74 7 0 9 0.00 0.0 0 5.0 15 140 M M 0 19 140
20 86 67 77 9 0 12 0.14 0.0 0 5.6 18 170 M M 2 13 26 180
21 79 65 72 4 0 7 T 0.0 0 7.7 15 140 M M 1 19 140
22 M M M M M M 0.40 M 0 5.9 13 170 M M 3 13 M M
23 78 59 69 0 0 4 0.04 M M 9.5 21 30 M M M 1 30 290
24 76 57 67 -2 0 2 0.05 M M 6.3 16 140 M M 3 20 150
25 79 56 68 -1 0 3 0.00 0.0 0 7.3 14 170 M M 1 20 160
26 77 62 70 1 0 5 0.47 0.0 0 7.3 16 220 M M 3 13 24 160
27 83 68 76 6 0 11 0.00 0.0 0 5.9 12 110 M M 1 1 16 110
28 81 63 72 2 0 7 0.00 0.0 0 5.4 12 80 M M 1 1 16 150
29 84 66 75 5 0 10 0.61 0.0 0 6.2 25 300 M M 2 13 40 300
30 82 65 74 4 0 9 0.00 0.0 0 5.0 13 110 M M 1 15 110
================================================================================
SM 2273 1695 40 148 2.44 0.0 231.4 M 42
================================================================================
AV 78.4 58.5 7.7 FASTST M M 1 MAX(MPH)
MISC ----> # 30 220 # 46 200
================================================================================
NOTES:
# LAST OF SEVERAL OCCURRENCES
COLUMN 17 PEAK WIND IN M.P.H.
PRELIMINARY LOCAL CLIMATOLOGICAL DATA (WS FORM: F-6) , PAGE 2
STATION: RACINE WI
MONTH: JUNE
YEAR: 2020
LATITUDE: 42 45 N
LONGITUDE: 87 49 W
[TEMPERATURE DATA] [PRECIPITATION DATA] SYMBOLS USED IN COLUMN 16
AVERAGE MONTHLY: 68.4 TOTAL FOR MONTH: 2.44 1 = FOG OR MIST
DPTR FM NORMAL: 2.6 DPTR FM NORMAL: -1.48 2 = FOG REDUCING VISIBILITY
HIGHEST: 93 ON 2 GRTST 24HR 0.61 ON 29-29 TO 1/4 MILE OR LESS
LOWEST: 48 ON 16 3 = THUNDER
SNOW, ICE PELLETS, HAIL 4 = ICE PELLETS
TOTAL MONTH: 0.0 INCH 5 = HAIL
GRTST 24HR 0.0 6 = FREEZING RAIN OR DRIZZLE
GRTST DEPTH: 0 7 = DUSTSTORM OR SANDSTORM:
VSBY 1/2 MILE OR LESS
8 = SMOKE OR HAZE
[NO. OF DAYS WITH] [WEATHER - DAYS WITH] 9 = BLOWING SNOW
X = TORNADO
MAX 32 OR BELOW: 0 0.01 INCH OR MORE: 11
MAX 90 OR ABOVE: 1 0.10 INCH OR MORE: 6
MIN 32 OR BELOW: 0 0.50 INCH OR MORE: 1
MIN 0 OR BELOW: 0 1.00 INCH OR MORE: 0
[HDD (BASE 65) ]
TOTAL THIS MO. 40 CLEAR (SCALE 0-3) 26
DPTR FM NORMAL -43 PTCLDY (SCALE 4-7) 3
TOTAL FM JUL 1 6403 CLOUDY (SCALE 8-10) 0
DPTR FM NORMAL -494
[CDD (BASE 65) ]
TOTAL THIS MO. 148
DPTR FM NORMAL 41 [PRESSURE DATA]
TOTAL FM JAN 1 182 HIGHEST SLP 30.45 ON 14
DPTR FM NORMAL 59 LOWEST SLP 29.35 ON 9
[REMARKS]
#FINAL-06-20#