000
CXUS56 KSGX 011045
CF6RAL
PRELIMINARY LOCAL CLIMATOLOGICAL DATA (WS FORM: F-6)
STATION: RIVERSIDE MUNI AIRPORT CA
MONTH: AUGUST
YEAR: 2021
LATITUDE: 33 57 N
LONGITUDE: 117 27 W
TEMPERATURE IN F: :PCPN: SNOW: WIND :SUNSHINE: SKY :PK WND
================================================================================
1 2 3 4 5 6A 6B 7 8 9 10 11 12 13 14 15 16 17 18
12Z AVG MX 2MIN
DY MAX MIN AVG DEP HDD CDD WTR SNW DPTH SPD SPD DIR MIN PSBL S-S WX SPD DR
================================================================================
1 98 66 82 2 0 17 0.00 M M 4.9 20 270 M M 0 25 250
2 104 67 86 6 0 21 0.00 M M 5.5 22 270 M M 0 26 270
3 103 67 85 5 0 20 0.00 M M 4.9 20 270 M M 0 24 270
4 100 67 84 4 0 19 0.00 M M 5.9 20 270 M M 0 25 290
5 97 69 83 3 0 18 0.00 M M 5.7 18 270 M M 0 22 270
6 93 64 79 -1 0 14 0.00 M M 6.2 18 270 M M 0 23 270
7 95 61 78 -2 0 13 0.00 M M 6.2 21 270 M M 0 1 25 270
8 93 62 78 -2 0 13 0.00 M M 6.4 16 270 M M 0 22 290
9 95 63 79 -1 0 14 0.00 M M 5.0 18 280 M M 0 24 280
10 99 67 83 3 0 18 0.00 M M 5.8 18 270 M M 0 24 270
11 98 72 85 5 0 20 T M M 5.5 20 270 M M 0 24 270
12 98 69 84 4 0 19 0.00 M M 5.4 21 270 M M 0 25 280
13 95 67 81 1 0 16 0.00 M M 4.9 20 270 M M 0 24 270
14 95 68 82 2 0 17 0.00 M M 4.4 16 270 M M 0 21 270
15 99 70 85 5 0 20 0.00 M M 5.3 17 260 M M 0 23 260
16 98 69 84 4 0 19 0.00 M M 5.8 22 270 M M 0 27 280
17 91 68 80 0 0 15 0.00 M M 6.5 20 280 M M 0 27 290
18 80 68 74 -6 0 9 0.00 M M 6.8 18 270 M M 9 24 270
19 85 65 75 -5 0 10 0.00 M M 6.9 20 250 M M 4 26 270
20 85 64 75 -5 0 10 0.00 M M 6.4 21 270 M M 3 8 25 280
21 77 64 71 -9 0 6 0.00 M M 5.5 15 270 M M 7 8 19 270
22 82 63 73 -7 0 8 0.00 M M 5.8 18 270 M M 5 8 21 270
23 86 60 73 -7 0 8 0.00 M M 5.2 16 270 M M 0 19 260
24 93 60 77 -3 0 12 0.00 M M 4.4 17 270 M M 0 8 22 270
25 98 65 82 2 0 17 0.00 M M 4.4 17 270 M M 0 23 270
26 103 68 86 6 0 21 0.00 M M 4.8 17 270 M M 0 8 21 270
27 104 65 85 5 0 20 0.00 M M 4.2 17 270 M M 0 8 21 270
28 103 67 85 5 0 20 0.00 M M 5.0 20 270 M M 0 25 270
29 100 67 84 4 0 19 0.00 M M 5.2 17 270 M M 0 8 21 270
30 92 65 79 -1 0 14 0.00 M M 6.8 17 270 M M 0 23 270
31 84 65 75 -4 0 10 T M M 6.2 17 270 M M 3 8 22 270
================================================================================
SM 2923 2042 0 477 T M 171.9 M 31
================================================================================
AV 94.3 65.9 5.5 FASTST M M 1 MAX(MPH)
MISC ----> # 22 270 # 27 280
================================================================================
NOTES:
# LAST OF SEVERAL OCCURRENCES
COLUMN 17 PEAK WIND IN M.P.H.
PRELIMINARY LOCAL CLIMATOLOGICAL DATA (WS FORM: F-6) , PAGE 2
STATION: RIVERSIDE MUNI AIRPORT CA
MONTH: AUGUST
YEAR: 2021
LATITUDE: 33 57 N
LONGITUDE: 117 27 W
[TEMPERATURE DATA] [PRECIPITATION DATA] SYMBOLS USED IN COLUMN 16
AVERAGE MONTHLY: 80.1 TOTAL FOR MONTH: T 1 = FOG OR MIST
DPTR FM NORMAL: 0.3 DPTR FM NORMAL: -0.03 2 = FOG REDUCING VISIBILITY
HIGHEST: 104 ON 27, 2 GRTST 24HR T ON 11-11 TO 1/4 MILE OR LESS
LOWEST: 60 ON 24,23 3 = THUNDER
SNOW, ICE PELLETS, HAIL 4 = ICE PELLETS
TOTAL MONTH: M 5 = HAIL
GRTST 24HR M ON M 6 = FREEZING RAIN OR DRIZZLE
GRTST DEPTH: M ON M 7 = DUSTSTORM OR SANDSTORM:
VSBY 1/2 MILE OR LESS
8 = SMOKE OR HAZE
[NO. OF DAYS WITH] [WEATHER - DAYS WITH] 9 = BLOWING SNOW
X = TORNADO
MAX 32 OR BELOW: 0 0.01 INCH OR MORE: 0
MAX 90 OR ABOVE: 24 0.10 INCH OR MORE: 0
MIN 32 OR BELOW: 0 0.50 INCH OR MORE: 0
MIN 0 OR BELOW: 0 1.00 INCH OR MORE: 0
[HDD (BASE 65) ]
TOTAL THIS MO. 0 CLEAR (SCALE 0-3) 27
DPTR FM NORMAL 0 PTCLDY (SCALE 4-7) 3
TOTAL FM JUL 1 0 CLOUDY (SCALE 8-10) 1
DPTR FM NORMAL 0
[CDD (BASE 65) ]
TOTAL THIS MO. 477
DPTR FM NORMAL 18 [PRESSURE DATA]
TOTAL FM JAN 1 1500 HIGHEST SLP 30.06 ON 14
DPTR FM NORMAL 184 LOWEST SLP 29.61 ON 27
[REMARKS]
#FINAL-08-21#