000
CXUS53 KUNR 041721
CF6RAP
PRELIMINARY LOCAL CLIMATOLOGICAL DATA (WS FORM: F-6)
STATION: RAPID CITY AIRPORT SD
MONTH: OCTOBER
YEAR: 2023
LATITUDE: 44 2 N
LONGITUDE: 103 4 W
TEMPERATURE IN F: :PCPN: SNOW: WIND :SUNSHINE: SKY :PK WND
================================================================================
1 2 3 4 5 6A 6B 7 8 9 10 11 12 13 14 15 16 17 18
12Z AVG MX 2MIN
DY MAX MIN AVG DEP HDD CDD WTR SNW DPTH SPD SPD DIR MIN PSBL S-S WX SPD DR
================================================================================
1 85 53 69 15 0 4 0.01 M M 13.9 29 360 M M 0 1 37 360
2 71 50 61 7 4 0 0.67 M M 8.1 24 360 M M 4 135 30 360
3 70 50 60 7 5 0 T M M 13.1 25 340 M M 4 32 330
4 67 41 54 1 11 0 T M M 8.1 24 320 M M 4 35 320
5 64 40 52 0 13 0 T M M 15.1 30 10 M M 6 40 360
6 52 28 40 -12 25 0 T M M 12.5 31 330 M M 1 40 330
7 74 27 51 0 14 0 0.00 M M 4.3 14 10 M M 0 17 20
8 71 40 56 5 9 0 0.00 M M 7.7 15 40 M M 0 8 20 20
9 71 38 55 5 10 0 0.00 M M 5.8 13 130 M M 0 18 110
10 71 34 53 3 12 0 0.00 M M 5.0 14 120 M M 0 20 140
11 67 36 52 3 13 0 0.02 M M 7.3 18 70 M M 3 1 28 70
12 50 41 46 -3 19 0 1.97 M M 19.9 30 360 M M 10 13 41 10
13 48 35 42 -6 23 0 0.01 M M 18.6 31 350 M M 9 1 42 340
14 51 30 41 -7 24 0 0.00 M M 4.9 10 150 M M 2 16 70
15 56 29 43 -4 22 0 0.00 M M 5.6 13 140 M M 1 12 17 150
16 72 32 52 5 13 0 0.00 M M 3.5 14 140 M M 0 16 150
17 80 41 61 15 4 0 T M M 11.4 49 330 M M 1 64 320
18 65 39 52 6 13 0 0.00 M M 20.4 39 320 M M 1 53 320
19 78 40 59 13 6 0 0.00 M M 9.2 29 330 M M 0 40 330
20 77 46 62 17 3 0 0.00 M M 9.2 23 330 M M 0 30 330
21 64 39 52 7 13 0 0.00 M M 7.4 15 170 M M 0 19 360
22 69 41 55 11 10 0 0.00 M M 6.9 18 180 M M 0 25 170
23 60 38 49 5 16 0 T M M 11.5 26 350 M M 2 34 360
24 51 44 48 5 17 0 0.00 M M 4.6 10 160 M M 10 1 13 360
25 63 25 44 1 21 0 T M M 21.1 38 350 M M 9 16 51 350
26 26 14 20 -22 45 0 0.02 M M 21.0 31 350 M M 9 16 40 340
27 27 5 16 -26 49 0 0.00 M M 7.1 17 340 M M 5 22 350
28 25 12 19 -23 46 0 T M M 5.8 15 360 M M 9 1 19 360
29 32 10 21 -20 44 0 T M M 13.5 31 320 M M 4 44 320
30 47 7 27 -14 38 0 0.00 M M 13.3 37 340 M M 2 49 330
31 38 13 26 -14 39 0 0.00 M M 6.8 16 160 M M 5 22 150
================================================================================
SM 1842 1018 581 4 2.70 M 322.6 M 101
================================================================================
AV 59.4 32.8 10.4 FASTST M M 3 MAX(MPH)
MISC ----> 49 330 64 320
================================================================================
NOTES:
# LAST OF SEVERAL OCCURRENCES
COLUMN 17 PEAK WIND IN M.P.H.
PRELIMINARY LOCAL CLIMATOLOGICAL DATA (WS FORM: F-6) , PAGE 2
STATION: RAPID CITY AIRPORT SD
MONTH: OCTOBER
YEAR: 2023
LATITUDE: 44 2 N
LONGITUDE: 103 4 W
[TEMPERATURE DATA] [PRECIPITATION DATA] SYMBOLS USED IN COLUMN 16
AVERAGE MONTHLY: 46.1 TOTAL FOR MONTH: 2.70 1 = FOG OR MIST
DPTR FM NORMAL: -1.0 DPTR FM NORMAL: 1.29 2 = FOG REDUCING VISIBILITY
HIGHEST: 85 ON 1 GRTST 24HR 1.99 ON 11-12 TO 1/4 MILE OR LESS
LOWEST: 5 ON 27 3 = THUNDER
SNOW, ICE PELLETS, HAIL 4 = ICE PELLETS
TOTAL MONTH: M 5 = HAIL
GRTST 24HR M ON M 6 = FREEZING RAIN OR DRIZZLE
GRTST DEPTH: M ON M 7 = DUSTSTORM OR SANDSTORM:
VSBY 1/2 MILE OR LESS
8 = SMOKE OR HAZE
[NO. OF DAYS WITH] [WEATHER - DAYS WITH] 9 = BLOWING SNOW
X = TORNADO
MAX 32 OR BELOW: 4 0.01 INCH OR MORE: 6
MAX 90 OR ABOVE: 0 0.10 INCH OR MORE: 2
MIN 32 OR BELOW: 12 0.50 INCH OR MORE: 2
MIN 0 OR BELOW: 0 1.00 INCH OR MORE: 1
[HDD (BASE 65) ]
TOTAL THIS MO. 581 CLEAR (SCALE 0-3) 18
DPTR FM NORMAL 21 PTCLDY (SCALE 4-7) 7
TOTAL FM JUL 1 711 CLOUDY (SCALE 8-10) 6
DPTR FM NORMAL -62
[CDD (BASE 65) ]
TOTAL THIS MO. 4
DPTR FM NORMAL 1 [PRESSURE DATA]
TOTAL FM JAN 1 555 HIGHEST SLP 30.58 ON 29
DPTR FM NORMAL -52 LOWEST SLP 29.47 ON 11
[REMARKS]
#FINAL-10-23#