000
CXUS54 KFWD 010730
CF6RBD
PRELIMINARY LOCAL CLIMATOLOGICAL DATA (WS FORM: F-6)
STATION: DALLAS EXECUTIVE
MONTH: SEPTEMBER
YEAR: 2023
LATITUDE: 32 40 N
LONGITUDE: 96 52 W
TEMPERATURE IN F: :PCPN: SNOW: WIND :SUNSHINE: SKY :PK WND
================================================================================
1 2 3 4 5 6A 6B 7 8 9 10 11 12 13 14 15 16 17 18
12Z AVG MX 2MIN
DY MAX MIN AVG DEP HDD CDD WTR SNW DPTH SPD SPD DIR MIN PSBL S-S WX SPD DR
================================================================================
1 98 74 86 3 0 21 0.00 M M 8.9 17 130 M M 0 23 140
2 98 68 83 0 0 18 0.00 M M 5.2 15 110 M M 0 19 110
3 101 75 88 6 0 23 0.12 M M 9.5 31 190 M M 2 38 43 180
4 99 77 88 6 0 23 0.00 M M 11.7 20 170 M M 0 28 150
5 103 79 91 9 0 26 0.00 M M 11.1 20 160 M M 0 28 190
6 104 82 93 11 0 28 0.00 M M 7.6 14 190 M M 0 21 240
7 107 81 94 13 0 29 0.00 M M 5.8 13 200 M M 0 20 180
8 109 76 93 12 0 28 T M M 9.8 33 170 M M 0 3 41 170
9 97 73 85 4 0 20 0.02 M M 9.8 40 170 M M 1 3 58 170
10 94 68 81 1 0 16 0.00 M M 7.5 16 120 M M 0 25 100
11 89 70 80 0 0 15 0.04 M M 8.1 22 290 M M 2 34 310
12 86 70 78 -2 0 13 0.17 M M 7.9 16 320 M M 7 1 26 320
13 83 70 77 -3 0 12 0.08 M M 6.2 14 140 M M 8 1 19 130
14 76 69 73 -6 0 8 0.89 M M 7.0 13 100 M M 8 13 17 100
15 81 69 75 -4 0 10 0.14 M M 5.4 12 130 M M 6 1 15 80
16 86 67 77 -2 0 12 0.00 M M 2.9 10 20 M M 1 14 30
17 91 67 79 1 0 14 0.00 M M 5.0 14 340 M M 0 21 80
18 93 67 80 2 0 15 0.00 M M 6.3 14 180 M M 0 18 170
19 96 69 83 5 0 18 0.20 M M 13.3 23 160 M M 3 3 33 180
20 93 69 81 3 0 16 0.00 M M 12.2 22 200 M M 1 3 31 210
21 91 74 83 6 0 18 0.00 M M 8.9 17 140 M M 1 24 160
22 96 75 86 9 0 21 0.00 M M 10.4 18 170 M M 0 29 210
23 99 76 88 12 0 23 0.00 M M 12.3 20 180 M M 0 31 140
24 100 72 86 10 0 21 1.07 M M 11.0 23 90 M M 2 13 36 270
25 90 71 81 5 0 16 T M M 6.0 15 360 M M 6 19 360
26 93 69 81 5 0 16 0.00 M M 3.4 12 80 M M 0 1 16 80
27 94 71 83 8 0 18 0.00 M M 5.1 14 70 M M 0 17 70
28 95 70 83 8 0 18 0.00 M M 5.9 15 100 M M 1 21 110
29 93 72 83 9 0 18 0.00 M M 8.3 16 140 M M 0 22 190
30 93 70 82 8 0 17 0.00 M M 8.1 16 120 M M 0 21 140
================================================================================
SM 2828 2160 0 551 2.73 M 240.6 M 49
================================================================================
AV 94.3 72.0 8.0 FASTST M M 2 MAX(MPH)
MISC ----> 40 170 58 170
================================================================================
NOTES:
# LAST OF SEVERAL OCCURRENCES
COLUMN 17 PEAK WIND IN M.P.H.
PRELIMINARY LOCAL CLIMATOLOGICAL DATA (WS FORM: F-6) , PAGE 2
STATION: DALLAS EXECUTIVE
MONTH: SEPTEMBER
YEAR: 2023
LATITUDE: 32 40 N
LONGITUDE: 96 52 W
[TEMPERATURE DATA] [PRECIPITATION DATA] SYMBOLS USED IN COLUMN 16
AVERAGE MONTHLY: 83.1 TOTAL FOR MONTH: 2.73 1 = FOG OR MIST
DPTR FM NORMAL: 4.4 DPTR FM NORMAL: -0.22 2 = FOG REDUCING VISIBILITY
HIGHEST: 109 ON 8 GRTST 24HR 1.07 ON 24-24 TO 1/4 MILE OR LESS
LOWEST: 67 ON 18,17 3 = THUNDER
SNOW, ICE PELLETS, HAIL 4 = ICE PELLETS
TOTAL MONTH: M 5 = HAIL
GRTST 24HR M ON M 6 = FREEZING RAIN OR DRIZZLE
GRTST DEPTH: M ON M 7 = DUSTSTORM OR SANDSTORM:
VSBY 1/2 MILE OR LESS
8 = SMOKE OR HAZE
[NO. OF DAYS WITH] [WEATHER - DAYS WITH] 9 = BLOWING SNOW
X = TORNADO
MAX 32 OR BELOW: 0 0.01 INCH OR MORE: 9
MAX 90 OR ABOVE: 24 0.10 INCH OR MORE: 6
MIN 32 OR BELOW: 0 0.50 INCH OR MORE: 2
MIN 0 OR BELOW: 0 1.00 INCH OR MORE: 1
[HDD (BASE 65) ]
TOTAL THIS MO. 0 CLEAR (SCALE 0-3) 24
DPTR FM NORMAL -2 PTCLDY (SCALE 4-7) 5
TOTAL FM JUL 1 0 CLOUDY (SCALE 8-10) 1
DPTR FM NORMAL 0
[CDD (BASE 65) ]
TOTAL THIS MO. 551
DPTR FM NORMAL 136 [PRESSURE DATA]
TOTAL FM JAN 1 3069 HIGHEST SLP M ON M
DPTR FM NORMAL 434 LOWEST SLP 29.72 ON 4
[REMARKS]
#FINAL-09-23#