000
CXUS54 KFWD 010730
CF6RBD
PRELIMINARY LOCAL CLIMATOLOGICAL DATA (WS FORM: F-6)
STATION: DALLAS EXECUTIVE
MONTH: AUGUST
YEAR: 2023
LATITUDE: 32 40 N
LONGITUDE: 96 52 W
TEMPERATURE IN F: :PCPN: SNOW: WIND :SUNSHINE: SKY :PK WND
================================================================================
1 2 3 4 5 6A 6B 7 8 9 10 11 12 13 14 15 16 17 18
12Z AVG MX 2MIN
DY MAX MIN AVG DEP HDD CDD WTR SNW DPTH SPD SPD DIR MIN PSBL S-S WX SPD DR
================================================================================
1 106 81 94 7 0 29 0.00 M M 7.1 17 140 M M 0 21 140
2 107 81 94 7 0 29 0.00 M M 8.9 18 160 M M 0 27 160
3 104 83 94 7 0 29 0.00 M M 9.6 17 160 M M 0 26 190
4 104 82 93 6 0 28 0.00 M M 10.3 17 200 M M 0 27 200
5 106 83 95 8 0 30 0.00 M M 9.3 16 200 M M 0 25 190
6 103 82 93 6 0 28 0.00 M M 9.2 16 160 M M 0 23 140
7 103 83 93 6 0 28 0.00 M M 9.3 21 200 M M 0 30 180
8 103 83 93 6 0 28 0.00 M M 12.1 20 170 M M 0 33 200
9 107 81 94 7 0 29 0.00 M M 15.4 24 200 M M 0 37 180
10 106 83 95 8 0 30 T M M 11.8 21 190 M M 0 30 200
11 106 82 94 7 0 29 0.00 M M 12.6 21 190 M M 0 29 170
12 106 80 93 7 0 28 0.00 M M 12.3 22 180 M M 0 30 220
13 106 81 94 8 0 29 0.00 M M 12.3 20 210 M M 0 27 180
14 102 82 92 6 0 27 0.00 M M 11.7 23 10 M M 0 32 20
15 95 73 84 -2 0 19 0.00 M M 8.5 18 10 M M 1 24 10
16 96 66 81 -5 0 16 0.00 M M 5.2 13 80 M M 0 18 70
17 109 71 90 4 0 25 0.00 M M 8.1 15 190 M M 0 8 20 200
18 109 81 95 9 0 30 0.00 M M 8.2 15 170 M M 0 20 190
19 106 85 96 10 0 31 0.00 M M 8.1 15 140 M M 0 24 230
20 109 78 94 8 0 29 0.00 M M 7.9 18 70 M M 0 26 50
21 105 83 94 9 0 29 0.00 M M 8.7 18 60 M M 0 27 100
22 102 82 92 7 0 27 0.00 M M 8.2 18 120 M M 0 31 100
23 103 80 92 7 0 27 0.00 M M 5.7 15 140 M M 1 20 140
24 107 81 94 9 0 29 0.00 M M 5.1 16 70 M M 1 22 60
25 109 82 96 12 0 31 0.00 M M 4.6 15 110 M M 1 20 90
26 108 85 97 13 0 32 0.00 M M 5.2 12 120 M M 1 17 120
27 100 78 89 5 0 24 T M M 8.3 23 290 M M 1 32 290
28 96 78 87 3 0 22 0.00 M M 9.0 18 10 M M 2 25 360
29 98 74 86 2 0 21 0.00 M M 6.1 17 60 M M 1 26 20
30 99 74 87 4 0 22 0.00 M M 6.8 18 40 M M 1 25 40
31 98 72 85 2 0 20 0.00 M M 6.0 15 160 M M 1 20 160
================================================================================
SM 3218 2470 0 835 T M 271.6 M 11
================================================================================
AV103.8 79.7 8.8 FASTST M M 0 MAX(MPH)
MISC ----> 24 200 37 180
================================================================================
NOTES:
# LAST OF SEVERAL OCCURRENCES
COLUMN 17 PEAK WIND IN M.P.H.
PRELIMINARY LOCAL CLIMATOLOGICAL DATA (WS FORM: F-6) , PAGE 2
STATION: DALLAS EXECUTIVE
MONTH: AUGUST
YEAR: 2023
LATITUDE: 32 40 N
LONGITUDE: 96 52 W
[TEMPERATURE DATA] [PRECIPITATION DATA] SYMBOLS USED IN COLUMN 16
AVERAGE MONTHLY: 91.7 TOTAL FOR MONTH: T 1 = FOG OR MIST
DPTR FM NORMAL: 6.0 DPTR FM NORMAL: -1.80 2 = FOG REDUCING VISIBILITY
HIGHEST: 109 ON 25,20 GRTST 24HR T ON 10-10 TO 1/4 MILE OR LESS
LOWEST: 66 ON 16 3 = THUNDER
SNOW, ICE PELLETS, HAIL 4 = ICE PELLETS
TOTAL MONTH: M 5 = HAIL
GRTST 24HR M ON M 6 = FREEZING RAIN OR DRIZZLE
GRTST DEPTH: M ON M 7 = DUSTSTORM OR SANDSTORM:
VSBY 1/2 MILE OR LESS
8 = SMOKE OR HAZE
[NO. OF DAYS WITH] [WEATHER - DAYS WITH] 9 = BLOWING SNOW
X = TORNADO
MAX 32 OR BELOW: 0 0.01 INCH OR MORE: 0
MAX 90 OR ABOVE: 31 0.10 INCH OR MORE: 0
MIN 32 OR BELOW: 0 0.50 INCH OR MORE: 0
MIN 0 OR BELOW: 0 1.00 INCH OR MORE: 0
[HDD (BASE 65) ]
TOTAL THIS MO. 0 CLEAR (SCALE 0-3) 31
DPTR FM NORMAL 0 PTCLDY (SCALE 4-7) 0
TOTAL FM JUL 1 0 CLOUDY (SCALE 8-10) 0
DPTR FM NORMAL 0
[CDD (BASE 65) ]
TOTAL THIS MO. 835
DPTR FM NORMAL 193 [PRESSURE DATA]
TOTAL FM JAN 1 2518 HIGHEST SLP M ON M
DPTR FM NORMAL 298 LOWEST SLP 29.63 ON 9
[REMARKS]
#FINAL-08-23#