000
CXUS56 KSTO 151112
CF6RBL
PRELIMINARY LOCAL CLIMATOLOGICAL DATA (WS FORM: F-6)
STATION: RED BLUFF
MONTH: JANUARY
YEAR: 2022
LATITUDE: 40 8 N
LONGITUDE: 122-15 E
TEMPERATURE IN F: :PCPN: SNOW: WIND :SUNSHINE: SKY :PK WND
================================================================================
1 2 3 4 5 6A 6B 7 8 9 10 11 12 13 14 15 16 17 18
12Z AVG MX 2MIN
DY MAX MIN AVG DEP HDD CDD WTR SNW DPTH SPD SPD DIR MIN PSBL S-S WX SPD DR
================================================================================
1 53 28 41 -5 24 0 0.00 0.0 M 5.8 17 10 M M 0 21 360
2 47 28 38 -8 27 0 0.00 M M 2.4 9 310 M M 3 8 36 220
3 51 34 43 -3 22 0 0.01 M M 20.8 43 150 M M 10 1 55 150
4 54 50 52 6 13 0 0.01 0.0 M 9.5 26 140 M M 10 32 140
5 57 50 54 8 11 0 0.00 0.0 M 4.5 10 220 M M 8 1 14 190
6 51 42 47 1 18 0 0.00 0.0 M 4.9 13 180 M M 9 12 15 170
7 53 46 50 4 15 0 0.05 M M 10.9 25 160 M M 10 1 31 160
8 59 38 49 2 16 0 0.00 M M 7.3 13 330 M M 2 1 25 330
9 61 32 47 0 18 0 0.00 0.0 M 5.5 12 330 M M 0 13 340
10 65 38 52 5 13 0 0.00 0.0 M 6.1 12 340 M M 3 14 340
11 63 40 52 5 13 0 0.00 0.0 M 5.0 9 340 M M 0 12 330
12 62 33 48 1 17 0 0.00 0.0 M 3.3 10 300 M M 0 12 300
13 62 37 50 3 15 0 0.00 0.0 M 5.0 13 330 M M 0 16 330
14 70 40 55 8 10 0 0.00 M M 10.6 25 360 M M 0 31 350
15 68 37 53 6 12 0 0.00 M M 5.5 12 350 M M 0 1 13 350
16 60 33 47 0 18 0 0.00 M M 4.0 9 310 M M 0 10 350
17 62 33 48 1 17 0 0.00 M M 4.4 10 330 M M 0 11 330
18 61 34 48 0 17 0 0.00 M M 4.6 9 300 M M 0 11 320
19 71 35 53 5 12 0 0.00 M M 6.5 18 350 M M 0 23 350
20 63 41 52 4 13 0 0.00 0.0 M 4.6 10 300 M M 0 8 12 330
21 67 41 54 6 11 0 0.00 0.0 M 16.9 33 350 M M 0 42 350
22 73 46 60 12 5 0 0.00 0.0 M 9.0 18 350 M M 0 22 350
23 72 38 55 7 10 0 0.00 0.0 M 6.0 15 350 M M 0 19 350
24 62 34 48 0 17 0 0.00 0.0 M 4.2 9 290 M M 0 8 10 290
25 68 32 50 2 15 0 0.00 M M 9.0 20 350 M M 0 23 350
26 66 31 49 1 16 0 0.00 M M 4.8 12 360 M M 0 14 360
27 71 32 52 4 13 0 0.00 0.0 M 7.5 16 350 M M 0 20 340
28 69 32 51 3 14 0 0.00 M M 5.8 14 340 M M 0 16 340
29 67 31 49 0 16 0 0.00 0.0 M 5.1 10 350 M M 0 15 340
30 61 31 46 -3 19 0 0.00 0.0 M 4.4 9 310 M M 0 11 170
31 66 35 51 2 14 0 0.00 0.0 M 11.6 26 350 M M 0 34 340
================================================================================
SM 1935 1132 471 0 0.07 0.0 215.5 M 55
================================================================================
AV 62.4 36.5 7.0 FASTST M M 2 MAX(MPH)
MISC ----> 43 150 55 150
================================================================================
NOTES:
# LAST OF SEVERAL OCCURRENCES
COLUMN 17 PEAK WIND IN M.P.H.
PRELIMINARY LOCAL CLIMATOLOGICAL DATA (WS FORM: F-6) , PAGE 2
STATION: RED BLUFF
MONTH: JANUARY
YEAR: 2022
LATITUDE: 40 8 N
LONGITUDE: 122-15 E
[TEMPERATURE DATA] [PRECIPITATION DATA] SYMBOLS USED IN COLUMN 16
AVERAGE MONTHLY: 49.5 TOTAL FOR MONTH: 0.07 1 = FOG OR MIST
DPTR FM NORMAL: 2.1 DPTR FM NORMAL: -4.64 2 = FOG REDUCING VISIBILITY
HIGHEST: 73 ON 22 GRTST 24HR 0.27 ON 3- 4 TO 1/4 MILE OR LESS
LOWEST: 28 ON 2, 1 3 = THUNDER
SNOW, ICE PELLETS, HAIL 4 = ICE PELLETS
TOTAL MONTH: 0.0 INCH 5 = HAIL
GRTST 24HR 0.0 6 = FREEZING RAIN OR DRIZZLE
GRTST DEPTH: M ON M 7 = DUSTSTORM OR SANDSTORM:
VSBY 1/2 MILE OR LESS
8 = SMOKE OR HAZE
[NO. OF DAYS WITH] [WEATHER - DAYS WITH] 9 = BLOWING SNOW
X = TORNADO
MAX 32 OR BELOW: 0 0.01 INCH OR MORE: 3
MAX 90 OR ABOVE: 0 0.10 INCH OR MORE: 0
MIN 32 OR BELOW: 9 0.50 INCH OR MORE: 0
MIN 0 OR BELOW: 0 1.00 INCH OR MORE: 0
[HDD (BASE 65) ]
TOTAL THIS MO. 471 CLEAR (SCALE 0-3) 26
DPTR FM NORMAL -76 PTCLDY (SCALE 4-7) 1
TOTAL FM JUL 1 1481 CLOUDY (SCALE 8-10) 4
DPTR FM NORMAL -72
[CDD (BASE 65) ]
TOTAL THIS MO. 0
DPTR FM NORMAL 0 [PRESSURE DATA]
TOTAL FM JAN 1 0 HIGHEST SLP 30.50 ON 10
DPTR FM NORMAL 0 LOWEST SLP 29.83 ON 7
[REMARKS]
#FINAL-01-22#