000
CXUS56 KSTO 070451
CF6RDD
PRELIMINARY LOCAL CLIMATOLOGICAL DATA (WS FORM: F-6)
STATION: REDDING CA AIRPORT AND CITY
MONTH: APRIL
YEAR: 2022
LATITUDE: 40 30 N
LONGITUDE: 122 18 W
TEMPERATURE IN F: :PCPN: SNOW: WIND :SUNSHINE: SKY :PK WND
================================================================================
1 2 3 4 5 6A 6B 7 8 9 10 11 12 13 14 15 16 17 18
12Z AVG MX 2MIN
DY MAX MIN AVG DEP HDD CDD WTR SNW DPTH SPD SPD DIR MIN PSBL S-S WX SPD DR
================================================================================
1 81 55 68 12 0 3 0.00 0.0 M 6.6 14 10 M M 0 20 340
2 80 47 64 8 1 0 0.00 0.0 M 8.9 23 10 M M 0 32 10
3 78 40 59 2 6 0 0.00 M M 3.2 13 280 M M 0 19 290
4 73 52 63 6 2 0 0.00 M M 8.7 20 160 M M 8 25 150
5 73 40 57 0 8 0 0.00 0.0 M 5.5 21 10 M M 0 26 10
6 89 56 73 16 0 8 0.00 0.0 M 8.2 20 10 M M 0 24 350
7 91 45 68 11 0 3 0.00 0.0 M 1.4 8 150 M M 0 10 40
8 88 50 69 11 0 4 0.00 M M 4.7 22 360 M M 0 31 350
9 74 54 64 6 1 0 0.00 M M 16.1 31 10 M M 0 38 10
10 72 50 61 3 4 0 0.00 0.0 M 9.5 21 330 M M 1 28 360
11 58 46 52 -6 13 0 T M M 11.8 23 270 M M 4 33 280
12 61 31 46 -12 19 0 0.00 0.0 M 5.7 20 250 M M 1 26 260
13 59 40 50 -9 15 0 0.05 0.0 M 11.0 25 170 M M 9 34 170
14 58 46 52 -7 13 0 0.61 0.0 M 9.2 22 170 M M 7 13 29 180
15 63 43 53 -6 12 0 0.27 0.0 M 5.0 24 170 M M 8 1 32 160
16 68 47 58 -1 7 0 0.63 0.0 M 4.6 14 320 M M 5 1 21 220
17 72 44 58 -2 7 0 0.00 0.0 M 5.3 18 200 M M 0 24 160
18 66 40 53 -7 12 0 0.29 M M 11.9 39 170 M M 4 1 50 170
19 65 48 57 -3 8 0 0.04 M M 4.4 20 190 M M 7 31 180
20 60 46 53 -7 12 0 0.08 0.0 M 15.1 33 170 M M 8 1 44 160
21 65 46 56 -5 9 0 0.46 0.0 M 7.6 22 160 M M 8 13 30 180
22 67 48 58 -3 7 0 0.01 0.0 M 3.9 8 160 M M 5 M M
23 75 42 59 -2 6 0 0.00 0.0 M 0.8 9 360 M M M 11 340
24 80 47 64 3 1 0 0.00 0.0 M 4.2 10 140 M M 0 14 130
25 80 50 65 3 0 0 T 0.0 M 4.8 22 190 M M 3 26 190
26 78 53 66 4 0 1 0.00 M M 4.2 12 290 M M 1 15 290
27 75 48 62 0 3 0 0.00 M M 5.7 17 190 M M 2 21 200
28 71 52 62 -1 3 0 T M M 7.0 15 200 M M 3 20 290
29 79 46 63 0 2 0 0.00 M M 5.2 10 30 M M 0 M M
30 80 57 69 6 0 4 0.00 0.0 M 7.4 16 230 M M 1 25 170
================================================================================
SM 2179 1409 171 23 2.44 0.0 207.6 M 85
================================================================================
AV 72.6 47.0 6.9 FASTST M M 3 MAX(MPH)
MISC ----> 39 170 50 170
================================================================================
NOTES:
# LAST OF SEVERAL OCCURRENCES
COLUMN 17 PEAK WIND IN M.P.H.
PRELIMINARY LOCAL CLIMATOLOGICAL DATA (WS FORM: F-6) , PAGE 2
STATION: REDDING CA AIRPORT AND CITY
MONTH: APRIL
YEAR: 2022
LATITUDE: 40 30 N
LONGITUDE: 122 18 W
[TEMPERATURE DATA] [PRECIPITATION DATA] SYMBOLS USED IN COLUMN 16
AVERAGE MONTHLY: 59.8 TOTAL FOR MONTH: 2.44 1 = FOG OR MIST
DPTR FM NORMAL: 0.4 DPTR FM NORMAL: 0.03 2 = FOG REDUCING VISIBILITY
HIGHEST: 91 ON 7 GRTST 24HR 0.90 ON 15-16 TO 1/4 MILE OR LESS
LOWEST: 31 ON 12 3 = THUNDER
SNOW, ICE PELLETS, HAIL 4 = ICE PELLETS
TOTAL MONTH: 0.0 INCH 5 = HAIL
GRTST 24HR 0.0 6 = FREEZING RAIN OR DRIZZLE
GRTST DEPTH: M ON M 7 = DUSTSTORM OR SANDSTORM:
VSBY 1/2 MILE OR LESS
8 = SMOKE OR HAZE
[NO. OF DAYS WITH] [WEATHER - DAYS WITH] 9 = BLOWING SNOW
X = TORNADO
MAX 32 OR BELOW: 0 0.01 INCH OR MORE: 9
MAX 90 OR ABOVE: 1 0.10 INCH OR MORE: 5
MIN 32 OR BELOW: 1 0.50 INCH OR MORE: 2
MIN 0 OR BELOW: 0 1.00 INCH OR MORE: 0
[HDD (BASE 65) ]
TOTAL THIS MO. 171 CLEAR (SCALE 0-3) 18
DPTR FM NORMAL -24 PTCLDY (SCALE 4-7) 8
TOTAL FM JUL 1 2171 CLOUDY (SCALE 8-10) 4
DPTR FM NORMAL -337
[CDD (BASE 65) ]
TOTAL THIS MO. 23
DPTR FM NORMAL -4 [PRESSURE DATA]
TOTAL FM JAN 1 53 HIGHEST SLP 30.24 ON 5
DPTR FM NORMAL 22 LOWEST SLP 29.62 ON 11
[REMARKS]
#FINAL-04-22#