000
CXUS56 KSTO 090546
CF6RDD
PRELIMINARY LOCAL CLIMATOLOGICAL DATA (WS FORM: F-6)
STATION: REDDING CA AIRPORT AND CITY
MONTH: MARCH
YEAR: 2022
LATITUDE: 40 30 N
LONGITUDE: 122 18 W
TEMPERATURE IN F: :PCPN: SNOW: WIND :SUNSHINE: SKY :PK WND
================================================================================
1 2 3 4 5 6A 6B 7 8 9 10 11 12 13 14 15 16 17 18
12Z AVG MX 2MIN
DY MAX MIN AVG DEP HDD CDD WTR SNW DPTH SPD SPD DIR MIN PSBL S-S WX SPD DR
================================================================================
1 72 44 58 5 7 0 0.00 0.0 M 1.8 8 140 M M 0 11 210
2 71 43 57 4 8 0 0.00 0.0 M 2.6 15 180 M M 0 19 190
3 62 51 57 4 8 0 0.02 0.0 M 4.6 16 350 M M 9 22 350
4 64 46 55 2 10 0 0.00 M M 10.1 24 260 M M 3 36 260
5 63 39 51 -2 14 0 0.00 0.0 M 4.6 22 360 M M 4 27 30
6 66 33 50 -3 15 0 0.00 0.0 M 8.8 24 30 M M 0 29 360
7 71 41 56 3 9 0 0.00 0.0 M 8.5 30 20 M M 0 38 20
8 75 36 56 2 9 0 0.00 0.0 M 5.5 23 10 M M 1 28 10
9 73 47 60 6 5 0 0.00 M M 7.0 17 20 M M 2 24 300
10 69 40 55 1 10 0 0.00 M M 15.1 33 10 M M 0 8 43 10
11 73 32 53 -1 12 0 0.00 M M 3.8 13 160 M M 0 15 160
12 71 33 52 -2 13 0 0.00 M M 8.1 26 170 M M 1 34 160
13 65 43 54 0 11 0 0.01 M M 6.3 13 180 M M 2 M M
14 70 43 57 3 8 0 0.03 M M 3.9 12 180 M M 3 M M
15 64 50 57 3 8 0 0.12 M M 4.3 16 180 M M 6 1 M M
16 75 44 60 6 5 0 0.00 M M 5.9 12 10 M M 0 18 10
17 71 45 58 3 7 0 0.00 0.0 M 3.5 10 150 M M 1 13 140
18 73 41 57 2 8 0 0.00 0.0 M 3.5 14 160 M M 0 18 190
19 62 46 54 -1 11 0 0.19 0.0 M 4.0 15 20 M M 6 1 19 50
20 70 43 57 2 8 0 0.00 M M 7.6 14 350 M M 0 23 340
21 81 53 67 12 0 2 0.00 M M 8.6 15 350 M M 1 20 350
22 88 60 74 19 0 9 0.00 0.0 M 9.8 24 10 M M 0 32 360
23 84 51 68 13 0 3 0.00 0.0 M 3.8 12 170 M M 0 17 150
24 84 51 68 13 0 3 0.00 0.0 M 3.5 12 190 M M 0 15 170
25 82 49 66 10 0 1 0.00 0.0 M 3.0 16 190 M M 0 20 210
26 81 46 64 8 1 0 0.00 0.0 M 4.6 15 160 M M 0 19 160
27 75 48 62 6 3 0 0.00 0.0 M 7.5 20 170 M M 1 25 160
28 63 52 58 2 7 0 0.28 M M 4.1 18 190 M M 7 18 23 180
29 78 46 62 6 3 0 0.00 M M 4.4 12 180 M M 0 1 14 170
30 70 51 61 5 4 0 0.00 0.0 M 5.0 13 160 M M 4 16 160
31 76 51 64 8 1 0 0.00 0.0 M 9.7 20 360 M M 0 27 340
================================================================================
SM 2242 1398 205 18 0.65 0.0 183.5 M 51
================================================================================
AV 72.3 45.1 5.9 FASTST M M 2 MAX(MPH)
MISC ----> 33 10 43 10
================================================================================
NOTES:
# LAST OF SEVERAL OCCURRENCES
COLUMN 17 PEAK WIND IN M.P.H.
PRELIMINARY LOCAL CLIMATOLOGICAL DATA (WS FORM: F-6) , PAGE 2
STATION: REDDING CA AIRPORT AND CITY
MONTH: MARCH
YEAR: 2022
LATITUDE: 40 30 N
LONGITUDE: 122 18 W
[TEMPERATURE DATA] [PRECIPITATION DATA] SYMBOLS USED IN COLUMN 16
AVERAGE MONTHLY: 58.7 TOTAL FOR MONTH: 0.65 1 = FOG OR MIST
DPTR FM NORMAL: 4.3 DPTR FM NORMAL: -3.97 2 = FOG REDUCING VISIBILITY
HIGHEST: 88 ON 22 GRTST 24HR 0.28 ON 28-28 TO 1/4 MILE OR LESS
LOWEST: 32 ON 11 3 = THUNDER
SNOW, ICE PELLETS, HAIL 4 = ICE PELLETS
TOTAL MONTH: 0.0 INCH 5 = HAIL
GRTST 24HR 0.0 6 = FREEZING RAIN OR DRIZZLE
GRTST DEPTH: M ON M 7 = DUSTSTORM OR SANDSTORM:
VSBY 1/2 MILE OR LESS
8 = SMOKE OR HAZE
[NO. OF DAYS WITH] [WEATHER - DAYS WITH] 9 = BLOWING SNOW
X = TORNADO
MAX 32 OR BELOW: 0 0.01 INCH OR MORE: 6
MAX 90 OR ABOVE: 0 0.10 INCH OR MORE: 3
MIN 32 OR BELOW: 1 0.50 INCH OR MORE: 0
MIN 0 OR BELOW: 0 1.00 INCH OR MORE: 0
[HDD (BASE 65) ]
TOTAL THIS MO. 205 CLEAR (SCALE 0-3) 23
DPTR FM NORMAL -126 PTCLDY (SCALE 4-7) 7
TOTAL FM JUL 1 2000 CLOUDY (SCALE 8-10) 1
DPTR FM NORMAL -312
[CDD (BASE 65) ]
TOTAL THIS MO. 18
DPTR FM NORMAL 14 [PRESSURE DATA]
TOTAL FM JAN 1 30 HIGHEST SLP 30.45 ON 7
DPTR FM NORMAL 26 LOWEST SLP 29.58 ON 27
[REMARKS]
#FINAL-03-22#