000
CXUS56 KSTO 092345
CF6RDD
PRELIMINARY LOCAL CLIMATOLOGICAL DATA (WS FORM: F-6)
STATION: REDDING CA AIRPORT AND CITY
MONTH: JULY
YEAR: 2020
LATITUDE: 40 30 N
LONGITUDE: 122 18 W
TEMPERATURE IN F: :PCPN: SNOW: WIND :SUNSHINE: SKY :PK WND
================================================================================
1 2 3 4 5 6A 6B 7 8 9 10 11 12 13 14 15 16 17 18
12Z AVG MX 2MIN
DY MAX MIN AVG DEP HDD CDD WTR SNW DPTH SPD SPD DIR MIN PSBL S-S WX SPD DR
================================================================================
1 96 64 80 0 0 15 0.00 0.0 0 7.0 15 350 M M 0 20 360
2 96 71 84 4 0 19 0.00 0.0 0 8.6 18 160 M M 0 22 160
3 92 62 77 -4 0 12 0.00 0.0 0 4.7 16 180 M M 0 21 160
4 98 64 81 0 0 16 0.00 0.0 0 3.5 12 190 M M 0 15 150
5 100 62 81 0 0 16 0.00 0.0 0 4.0 13 360 M M 0 19 150
6 97 62 80 -1 0 15 0.00 0.0 0 6.4 23 160 M M 0 27 150
7 97 59 78 -4 0 13 0.00 0.0 0 5.8 17 360 M M 0 24 350
8 98 73 86 4 0 21 0.00 0.0 0 7.7 17 350 M M 0 23 350
9 100 65 83 1 0 18 0.00 0.0 0 5.5 17 150 M M 0 22 130
10 102 67 85 3 0 20 0.00 0.0 0 5.1 13 130 M M 0 18 140
11 104 66 85 3 0 20 0.00 0.0 0 5.2 16 150 M M 0 22 160
12 104 65 85 3 0 20 0.00 0.0 0 5.4 17 150 M M 0 20 160
13 102 69 86 4 0 21 0.00 0.0 0 6.6 17 170 M M 0 22 160
14 104 68 86 3 0 21 0.00 0.0 0 4.7 17 180 M M 0 20 190
15 111 69 90 7 0 25 0.00 0.0 0 6.4 18 170 M M 0 23 20
16 103 69 86 3 0 21 0.00 0.0 0 5.5 21 170 M M 0 25 180
17 100 71 86 3 0 21 0.00 0.0 0 5.3 17 160 M M 0 24 170
18 103 69 86 3 0 21 0.00 0.0 0 3.6 12 170 M M 0 14 170
19 107 70 89 6 0 24 0.00 0.0 0 4.5 18 150 M M 0 23 160
20 102 72 87 4 0 22 0.00 0.0 0 5.8 18 180 M M 0 23 180
21 100 71 86 3 0 21 0.00 0.0 0 5.2 15 150 M M 0 19 160
22 95 68 82 -1 0 17 0.00 0.0 0 4.2 13 150 M M 0 18 160
23 98 66 82 -1 0 17 0.00 0.0 0 5.3 18 160 M M 0 23 150
24 101 67 84 1 0 19 0.00 0.0 0 4.7 17 180 M M 0 8 21 180
25 101 67 84 1 0 19 0.00 0.0 0 4.6 14 160 M M 0 19 170
26 106 68 87 4 0 22 0.00 0.0 0 4.8 16 150 M M 0 21 170
27 104 71 88 5 0 23 0.00 0.0 0 6.1 24 360 M M 0 32 340
28 105 71 88 5 0 23 0.00 0.0 0 4.8 16 150 M M 0 19 160
29 102 70 86 3 0 21 0.00 0.0 0 5.8 23 180 M M 0 31 150
30 102 63 83 1 0 18 0.00 0.0 0 6.3 21 160 M M 0 26 160
31 101 64 83 1 0 18 0.00 0.0 0 4.4 15 170 M M 0 22 150
================================================================================
SM 3131 2083 0 599 0.00 0.0 167.5 M 0
================================================================================
AV101.0 67.2 5.4 FASTST M M 0 MAX(MPH)
MISC ----> # 24 360 # 32 340
================================================================================
NOTES:
# LAST OF SEVERAL OCCURRENCES
COLUMN 17 PEAK WIND IN M.P.H.
PRELIMINARY LOCAL CLIMATOLOGICAL DATA (WS FORM: F-6) , PAGE 2
STATION: REDDING CA AIRPORT AND CITY
MONTH: JULY
YEAR: 2020
LATITUDE: 40 30 N
LONGITUDE: 122 18 W
[TEMPERATURE DATA] [PRECIPITATION DATA] SYMBOLS USED IN COLUMN 16
AVERAGE MONTHLY: 84.1 TOTAL FOR MONTH: 0.00 1 = FOG OR MIST
DPTR FM NORMAL: 1.9 DPTR FM NORMAL: -0.09 2 = FOG REDUCING VISIBILITY
HIGHEST: 111 ON 15 GRTST 24HR 0.00 ON 31-31 TO 1/4 MILE OR LESS
LOWEST: 59 ON 7 3 = THUNDER
SNOW, ICE PELLETS, HAIL 4 = ICE PELLETS
TOTAL MONTH: 0.0 INCH 5 = HAIL
GRTST 24HR 0.0 6 = FREEZING RAIN OR DRIZZLE
GRTST DEPTH: 0 7 = DUSTSTORM OR SANDSTORM:
VSBY 1/2 MILE OR LESS
8 = SMOKE OR HAZE
[NO. OF DAYS WITH] [WEATHER - DAYS WITH] 9 = BLOWING SNOW
X = TORNADO
MAX 32 OR BELOW: 0 0.01 INCH OR MORE: 0
MAX 90 OR ABOVE: 31 0.10 INCH OR MORE: 0
MIN 32 OR BELOW: 0 0.50 INCH OR MORE: 0
MIN 0 OR BELOW: 0 1.00 INCH OR MORE: 0
[HDD (BASE 65) ]
TOTAL THIS MO. 0 CLEAR (SCALE 0-3) 31
DPTR FM NORMAL 0 PTCLDY (SCALE 4-7) 0
TOTAL FM JUL 1 0 CLOUDY (SCALE 8-10) 0
DPTR FM NORMAL 0
[CDD (BASE 65) ]
TOTAL THIS MO. 599
DPTR FM NORMAL 66 [PRESSURE DATA]
TOTAL FM JAN 1 1227 HIGHEST SLP M ON M
DPTR FM NORMAL 191 LOWEST SLP 29.63 ON 21
[REMARKS]
#FINAL-07-20#