000
CXUS51 KPHI 161956
CF6RDG
PRELIMINARY LOCAL CLIMATOLOGICAL DATA (WS FORM: F-6)
STATION: READING PA
MONTH: NOVEMBER
YEAR: 2023
LATITUDE: 40 22 N
LONGITUDE: 75 58 W
TEMPERATURE IN F: :PCPN: SNOW: WIND :SUNSHINE: SKY :PK WND
================================================================================
1 2 3 4 5 6A 6B 7 8 9 10 11 12 13 14 15 16 17 18
12Z AVG MX 2MIN
DY MAX MIN AVG DEP HDD CDD WTR SNW DPTH SPD SPD DIR MIN PSBL S-S WX SPD DR
================================================================================
1 50 31 41 -9 24 0 0.00 0.0 0 9.4 25 310 M M 3 33 300
2 50 28 39 -10 26 0 0.00 0.0 0 2.8 12 190 M M 0 18 14 230
3 59 29 44 -5 21 0 0.00 0.0 0 4.2 14 210 M M 0 1 18 190
4 61 33 47 -1 18 0 0.00 0.0 0 0.6 6 200 M M 1 18 6 170
5 68 40 54 6 11 0 0.00 0.0 0 4.4 15 340 M M 3 1 23 290
6 61 38 50 2 15 0 0.00 0.0 0 4.7 13 160 M M 1 17 160
7 70 51 61 14 4 0 0.00 0.0 0 5.9 23 330 M M 3 1 29 340
8 54 42 48 1 17 0 0.00 0.0 0 6.0 16 330 M M 0 22 320
9 64 45 55 8 10 0 T 0.0 0 4.1 15 300 M M 5 19 300
10 52 37 45 -1 20 0 0.00 0.0 0 4.8 14 220 M M 4 1 17 220
11 57 32 45 -1 20 0 0.00 0.0 0 4.2 16 300 M M 4 128 19 330
12 48 29 39 -7 26 0 0.00 0.0 0 3.5 12 20 M M 0 14 20
13 51 25 38 -7 27 0 0.00 0.0 0 3.0 10 200 M M 1 18 14 220
14 57 31 44 -1 21 0 0.00 0.0 0 5.7 21 350 M M 1 18 27 330
15 56 28 42 -3 23 0 0.00 0.0 0 3.2 15 230 M M 0 1 18 230
16 67 33 50 6 15 0 0.00 0.0 0 1.8 10 240 M M 0 1 13 240
17 67 35 51 7 14 0 0.01 0.0 0 6.5 21 200 M M 2 1 26 190
18 59 34 47 3 18 0 T 0.0 0 9.3 25 350 M M 5 1 31 350
19 57 31 44 1 21 0 0.00 0.0 0 5.8 17 270 M M 0 22 270
20 48 28 38 -5 27 0 0.00 0.0 0 3.1 10 10 M M 0 13 350
21 51 29 40 -3 25 0 1.52 0.0 0 7.3 18 130 M M 7 1 30 100
22 55 48 52 10 13 0 0.21 0.0 0 8.5 17 300 M M 10 1 22 300
23 53 42 48 6 17 0 0.00 0.0 0 10.4 22 310 M M 5 27 320
24 53 32 43 1 22 0 0.00 0.0 0 8.3 20 10 M M 5 24 10
25 42 25 34 -8 31 0 0.00 0.0 0 1.8 12 350 M M 0 14 350
26 47 28 38 -3 27 0 0.83 0.0 0 2.1 12 280 M M 5 12 15 280
27 48 35 42 1 23 0 0.00 0.0 0 10.3 26 300 M M 8 1 33 310
28 37 26 32 -8 33 0 0.01 0.1 T 13.0 30 290 M M 5 1 40 270
29 35 21 28 -12 37 0 0.00 0.0 0 5.5 18 230 M M 4 22 210
30 54 24 39 -1 26 0 0.00 0.0 0 4.2 16 200 M M 1 21 230
================================================================================
SM 1631 990 632 0 2.58 0.1 164.4 M 83
================================================================================
AV 54.4 33.0 5.5 FASTST M M 3 MAX(MPH)
MISC ----> 30 290 40 270
================================================================================
NOTES:
# LAST OF SEVERAL OCCURRENCES
COLUMN 17 PEAK WIND IN M.P.H.
PRELIMINARY LOCAL CLIMATOLOGICAL DATA (WS FORM: F-6) , PAGE 2
STATION: READING PA
MONTH: NOVEMBER
YEAR: 2023
LATITUDE: 40 22 N
LONGITUDE: 75 58 W
[TEMPERATURE DATA] [PRECIPITATION DATA] SYMBOLS USED IN COLUMN 16
AVERAGE MONTHLY: 43.7 TOTAL FOR MONTH: 2.58 1 = FOG OR MIST
DPTR FM NORMAL: -0.9 DPTR FM NORMAL: -0.44 2 = FOG REDUCING VISIBILITY
HIGHEST: 70 ON 7 GRTST 24HR 1.73 ON 21-22 TO 1/4 MILE OR LESS
LOWEST: 21 ON 29 3 = THUNDER
SNOW, ICE PELLETS, HAIL 4 = ICE PELLETS
TOTAL MONTH: 0.1 INCH 5 = HAIL
GRTST 24HR 0.1 ON 28-28 6 = FREEZING RAIN OR DRIZZLE
GRTST DEPTH: T 7 = DUSTSTORM OR SANDSTORM:
VSBY 1/2 MILE OR LESS
8 = SMOKE OR HAZE
[NO. OF DAYS WITH] [WEATHER - DAYS WITH] 9 = BLOWING SNOW
X = TORNADO
MAX 32 OR BELOW: 0 0.01 INCH OR MORE: 5
MAX 90 OR ABOVE: 0 0.10 INCH OR MORE: 3
MIN 32 OR BELOW: 17 0.50 INCH OR MORE: 2
MIN 0 OR BELOW: 0 1.00 INCH OR MORE: 1
[HDD (BASE 65) ]
TOTAL THIS MO. 632 CLEAR (SCALE 0-3) 17
DPTR FM NORMAL 20 PTCLDY (SCALE 4-7) 12
TOTAL FM JUL 1 906 CLOUDY (SCALE 8-10) 1
DPTR FM NORMAL -90
[CDD (BASE 65) ]
TOTAL THIS MO. 0
DPTR FM NORMAL 0 [PRESSURE DATA]
TOTAL FM JAN 1 1118 HIGHEST SLP 30.54 ON 12
DPTR FM NORMAL 64 LOWEST SLP 29.69 ON 22
[REMARKS]
#FINAL-11-23#