000
CXUS56 KPDT 011910
CF6RDM
PRELIMINARY LOCAL CLIMATOLOGICAL DATA (WS FORM: F-6)
STATION: REDMOND OR
MONTH: DECEMBER
YEAR: 2023
LATITUDE: 44 16 N
LONGITUDE: 121 9 W
TEMPERATURE IN F: :PCPN: SNOW: WIND :SUNSHINE: SKY :PK WND
================================================================================
1 2 3 4 5 6A 6B 7 8 9 10 11 12 13 14 15 16 17 18
12Z AVG MX 2MIN
DY MAX MIN AVG DEP HDD CDD WTR SNW DPTH SPD SPD DIR MIN PSBL S-S WX SPD DR
================================================================================
1 47 27 37 2 28 0 0.01 M M 10.3 30 280 M M 7 1 39 280
2 50 36 43 9 22 0 0.04 M M 13.2 36 280 M M 6 48 280
3 58 41 50 16 15 0 0.21 M M 11.6 22 210 M M 9 1 28 200
4 62 50 56 22 9 0 T M M 12.2 23 190 M M 5 28 190
5 65 51 58 24 7 0 0.00 M M 10.7 23 210 M M 4 30 220
6 59 35 47 13 18 0 0.01 M M 7.3 25 210 M M 8 35 220
7 42 29 36 3 29 0 0.03 M M 6.8 21 260 M M 5 1 28 250
8 44 21 33 0 32 0 T M M 5.8 15 310 M M 4 18 18 280
9 46 16 31 -2 34 0 T M M 8.8 21 180 M M 5 27 180
10 48 41 45 12 20 0 0.17 M M 5.6 17 170 M M 10 1 22 180
11 53 36 45 12 20 0 0.01 M M 6.2 15 330 M M 10 12 18 340
12 41 32 37 4 28 0 T M M 4.0 13 330 M M 10 12 15 330
13 48 31 40 8 25 0 0.00 M M 8.4 16 140 M M 0 1 21 150
14 50 29 40 8 25 0 0.00 M M 3.1 13 170 M M 1 16 130
15 37 25 31 -1 34 0 0.00 M M 2.2 9 320 M M 5 128 12 320
16 53 23 38 6 27 0 0.00 M M 2.6 13 150 M M 0 8 16 140
17 40 25 33 1 32 0 T M M 4.1 10 260 M M 4 12 14 240
18 50 29 40 8 25 0 T M M 3.6 13 140 M M 9 128 16 150
19 56 34 45 13 20 0 0.16 M M 3.5 14 150 M M 8 12 18 160
20 55 32 44 12 21 0 0.00 M M 2.3 8 110 M M 7 12 10 120
21 58 29 44 12 21 0 0.00 M M 5.6 15 160 M M 0 18 160
22 45 24 35 3 30 0 T M M 7.5 28 290 M M 3 35 290
23 42 15 29 -3 36 0 0.00 M M 4.6 10 90 M M 0 14 90
24 45 18 32 0 33 0 0.00 M M 3.9 13 160 M M 2 16 140
25 44 31 38 6 27 0 0.04 M M 2.1 9 160 M M 10 1 12 90
26 51 30 41 9 24 0 0.00 M M 4.8 15 140 M M 2 20 140
27 52 31 42 10 23 0 T M M 5.9 22 160 M M 7 12 27 150
28 53 36 45 12 20 0 0.00 M M 5.2 12 170 M M 5 12 14 170
29 37 34 36 3 29 0 0.00 M M 4.5 13 300 M M 10 12 15 290
30 54 33 44 11 21 0 0.00 M M 3.4 15 270 M M 8 1 17 280
31 48 25 37 4 28 0 0.00 M M 4.0 13 180 M M 1 18 16 200
================================================================================
SM 1533 949 763 0 0.68 M 183.8 M 165
================================================================================
AV 49.5 30.6 5.9 FASTST M M 5 MAX(MPH)
MISC ----> 36 280 48 280
================================================================================
NOTES:
# LAST OF SEVERAL OCCURRENCES
COLUMN 17 PEAK WIND IN M.P.H.
PRELIMINARY LOCAL CLIMATOLOGICAL DATA (WS FORM: F-6) , PAGE 2
STATION: REDMOND OR
MONTH: DECEMBER
YEAR: 2023
LATITUDE: 44 16 N
LONGITUDE: 121 9 W
[TEMPERATURE DATA] [PRECIPITATION DATA] SYMBOLS USED IN COLUMN 16
AVERAGE MONTHLY: 40.0 TOTAL FOR MONTH: 0.68 1 = FOG OR MIST
DPTR FM NORMAL: 7.2 DPTR FM NORMAL: -0.29 2 = FOG REDUCING VISIBILITY
HIGHEST: 65 ON 5 GRTST 24HR 0.21 ON 2- 3 TO 1/4 MILE OR LESS
LOWEST: 15 ON 23 3 = THUNDER
SNOW, ICE PELLETS, HAIL 4 = ICE PELLETS
TOTAL MONTH: M 5 = HAIL
GRTST 24HR M ON M 6 = FREEZING RAIN OR DRIZZLE
GRTST DEPTH: M ON M 7 = DUSTSTORM OR SANDSTORM:
VSBY 1/2 MILE OR LESS
8 = SMOKE OR HAZE
[NO. OF DAYS WITH] [WEATHER - DAYS WITH] 9 = BLOWING SNOW
X = TORNADO
MAX 32 OR BELOW: 0 0.01 INCH OR MORE: 9
MAX 90 OR ABOVE: 0 0.10 INCH OR MORE: 3
MIN 32 OR BELOW: 20 0.50 INCH OR MORE: 0
MIN 0 OR BELOW: 0 1.00 INCH OR MORE: 0
[HDD (BASE 65) ]
TOTAL THIS MO. 763 CLEAR (SCALE 0-3) 9
DPTR FM NORMAL -235 PTCLDY (SCALE 4-7) 15
TOTAL FM JUL 1 2182 CLOUDY (SCALE 8-10) 7
DPTR FM NORMAL -389
[CDD (BASE 65) ]
TOTAL THIS MO. 0
DPTR FM NORMAL 0 [PRESSURE DATA]
TOTAL FM JAN 1 440 HIGHEST SLP 30.46 ON 9
DPTR FM NORMAL 123 LOWEST SLP 29.55 ON 19
[REMARKS]
#FINAL-12-23#