000
CXUS56 KBOI 011002
CF6REO
PRELIMINARY LOCAL CLIMATOLOGICAL DATA (WS FORM: F-6)
STATION: ROME OR
MONTH: JUNE
YEAR: 2023
LATITUDE: 42 35 N
LONGITUDE: 117 52 W
TEMPERATURE IN F: :PCPN: SNOW: WIND :SUNSHINE: SKY :PK WND
================================================================================
1 2 3 4 5 6A 6B 7 8 9 10 11 12 13 14 15 16 17 18
12Z AVG MX 2MIN
DY MAX MIN AVG DEP HDD CDD WTR SNW DPTH SPD SPD DIR MIN PSBL S-S WX SPD DR
================================================================================
1 70 44 57 -3 8 0 0.05 M M 6.8 29 150 M M 0 41 150
2 72 49 61 1 4 0 0.01 M M 6.4 18 270 M M 0 26 260
3 82 46 64 4 1 0 0.00 M M 6.2 15 360 M M 0 22 330
4 85 46 66 5 0 1 0.00 M M 6.7 20 90 M M 0 28 70
5 85 47 66 5 0 1 0.00 M M 8.1 25 30 M M 0 34 360
6 85 46 66 5 0 1 0.23 M M 7.6 30 80 M M 0 42 90
7 82 46 64 3 1 0 0.00 M M 6.0 28 200 M M 0 36 190
8 70 56 63 1 2 0 0.09 M M 10.4 25 170 M M 0 34 160
9 66 51 59 -3 6 0 0.53 M M 6.0 24 290 M M 0 33 290
10 75 46 61 -1 4 0 0.00 M M 5.6 16 50 M M 0 22 50
11 76 52 64 2 1 0 0.19 M M 6.1 24 260 M M 0 32 260
12 76 56 66 3 0 1 0.05 M M 5.8 20 360 M M 0 28 360
13 78 54 66 3 0 1 0.18 M M 8.1 21 280 M M 0 30 290
14 75 48 62 -2 3 0 0.00 M M 7.9 22 310 M M 0 28 300
15 73 37 55 -9 10 0 0.00 M M 6.2 20 360 M M 0 26 360
16 78 42 60 -4 5 0 0.00 M M 6.4 16 360 M M 0 23 20
17 81 52 67 3 0 2 0.00 M M 8.8 24 250 M M 0 36 270
18 72 51 62 -3 3 0 0.00 M M 9.2 29 270 M M 0 43 240
19 55 38 47 -18 18 0 0.24 M M 8.1 23 320 M M 0 34 310
20 58 33 46 -20 19 0 0.01 M M 6.6 22 190 M M 0 29 190
21 69 33 51 -15 14 0 0.00 M M 6.2 15 30 M M 0 19 40
22 75 35 55 -11 10 0 0.01 M M 6.3 21 110 M M 0 30 140
23 80 51 66 -1 0 1 0.00 M M 7.2 23 220 M M 0 34 220
24 83 48 66 -1 0 1 0.00 M M 7.7 24 260 M M 0 32 260
25 82 47 65 -2 0 0 0.15 M M 7.6 24 350 M M 0 33 340
26 75 46 61 -7 4 0 0.06 M M 5.5 26 240 M M 0 34 240
27 77 44 61 -7 4 0 0.19 M M 7.0 24 300 M M 0 32 300
28 79 45 62 -6 3 0 0.04 M M 5.7 23 330 M M 0 30 330
29 86 48 67 -2 0 2 0.00 M M 5.7 15 10 M M 0 20 40
30 93 54 74 5 0 9 0.00 M M 5.0 16 280 M M 0 23 270
================================================================================
SM 2293 1391 120 20 2.03 M 206.9 M 0
================================================================================
AV 76.4 46.4 6.9 FASTST M M 0 MAX(MPH)
MISC ----> 30 80 43 240
================================================================================
NOTES:
# LAST OF SEVERAL OCCURRENCES
COLUMN 17 PEAK WIND IN M.P.H.
PRELIMINARY LOCAL CLIMATOLOGICAL DATA (WS FORM: F-6) , PAGE 2
STATION: ROME OR
MONTH: JUNE
YEAR: 2023
LATITUDE: 42 35 N
LONGITUDE: 117 52 W
[TEMPERATURE DATA] [PRECIPITATION DATA] SYMBOLS USED IN COLUMN 16
AVERAGE MONTHLY: 61.4 TOTAL FOR MONTH: 2.03 1 = FOG OR MIST
DPTR FM NORMAL: -2.8 DPTR FM NORMAL: 1.05 2 = FOG REDUCING VISIBILITY
HIGHEST: 93 ON 30 GRTST 24HR 0.53 ON 9- 9 TO 1/4 MILE OR LESS
LOWEST: 33 ON 21,20 3 = THUNDER
SNOW, ICE PELLETS, HAIL 4 = ICE PELLETS
TOTAL MONTH: M 5 = HAIL
GRTST 24HR M ON M 6 = FREEZING RAIN OR DRIZZLE
GRTST DEPTH: M ON M 7 = DUSTSTORM OR SANDSTORM:
VSBY 1/2 MILE OR LESS
8 = SMOKE OR HAZE
[NO. OF DAYS WITH] [WEATHER - DAYS WITH] 9 = BLOWING SNOW
X = TORNADO
MAX 32 OR BELOW: 0 0.01 INCH OR MORE: 15
MAX 90 OR ABOVE: 1 0.10 INCH OR MORE: 7
MIN 32 OR BELOW: 0 0.50 INCH OR MORE: 1
MIN 0 OR BELOW: 0 1.00 INCH OR MORE: 0
[HDD (BASE 65) ]
TOTAL THIS MO. 120 CLEAR (SCALE 0-3) 30
DPTR FM NORMAL 12 PTCLDY (SCALE 4-7) 0
TOTAL FM JUL 1 6494 CLOUDY (SCALE 8-10) 0
DPTR FM NORMAL 343
[CDD (BASE 65) ]
TOTAL THIS MO. 20
DPTR FM NORMAL -65 [PRESSURE DATA]
TOTAL FM JAN 1 36 HIGHEST SLP M ON M
DPTR FM NORMAL -66 LOWEST SLP 29.61 ON 18
[REMARKS]
#FINAL-06-23#