000
CXUS53 KLOT 010800
CF6RFD
PRELIMINARY LOCAL CLIMATOLOGICAL DATA (WS FORM: F-6)
STATION: ROCKFORD IL
MONTH: OCTOBER
YEAR: 2022
LATITUDE: 42 12 N
LONGITUDE: 89 6 W
TEMPERATURE IN F: :PCPN: SNOW: WIND :SUNSHINE: SKY :PK WND
================================================================================
1 2 3 4 5 6A 6B 7 8 9 10 11 12 13 14 15 16 17 18
12Z AVG MX 2MIN
DY MAX MIN AVG DEP HDD CDD WTR SNW DPTH SPD SPD DIR MIN PSBL S-S WX SPD DR
================================================================================
1 72 40 56 -2 9 0 0.00 0.0 0 4.6 13 350 M M 0 1 18 340
2 69 45 57 -1 8 0 0.00 0.0 0 4.6 12 90 M M 3 1 21 90
3 71 41 56 -1 9 0 0.00 0.0 0 1.6 8 140 M M 1 1 12 140
4 75 38 57 0 8 0 0.00 0.0 0 1.2 9 200 M M 5 1 12 240
5 76 40 58 1 7 0 T 0.0 0 2.9 13 220 M M 6 1 19 220
6 73 47 60 4 5 0 0.00 0.0 0 8.3 24 340 M M 6 31 350
7 55 33 44 -12 21 0 0.00 0.0 0 8.6 18 360 M M 3 24 340
8 59 30 45 -10 20 0 0.00 0.0 0 7.5 20 250 M M 2 27 230
9 69 37 53 -2 12 0 0.00 0.0 0 5.2 15 220 M M 2 19 220
10 72 39 56 2 9 0 0.00 0.0 0 2.6 7 100 M M 3 128 14 100
11 71 48 60 6 5 0 0.34 0.0 0 9.4 26 200 M M 7 1 38 210
12 64 43 54 0 11 0 0.41 0.0 0 11.9 30 300 M M 8 1 45 320
13 51 34 43 -10 22 0 T 0.0 0 10.5 23 300 M M 4 32 240
14 58 33 46 -7 19 0 0.01 0.0 0 8.8 30 300 M M 8 43 290
15 54 31 43 -9 22 0 0.00 0.0 0 8.7 20 220 M M 3 28 220
16 54 32 43 -9 22 0 0.02 0.0 0 9.0 24 300 M M 7 32 290
17 42 34 38 -14 27 0 T T 0 16.5 25 330 M M 9 38 310
18 49 32 41 -10 24 0 0.00 0.0 0 13.9 24 320 M M 3 35 340
19 47 28 38 -13 27 0 0.00 0.0 0 8.3 18 300 M M 2 25 300
20 64 26 45 -5 20 0 0.00 0.0 0 4.6 15 240 M M 4 20 210
21 78 33 56 6 9 0 0.00 0.0 0 9.4 24 200 M M 1 8 34 210
22 80 51 66 16 0 1 0.00 0.0 0 10.1 18 180 M M 1 8 29 180
23 77 57 67 18 0 2 T 0.0 0 12.7 24 170 M M 4 40 170
24 75 62 69 20 0 4 T 0.0 0 14.1 37 200 M M 10 8 51 200
25 66 42 54 6 11 0 0.73 0.0 0 11.5 28 350 M M 10 1 36 360
26 55 34 45 -3 20 0 0.01 0.0 0 8.9 20 320 M M 3 26 320
27 55 30 43 -5 22 0 0.00 0.0 0 3.5 12 100 M M 6 1 16 120
28 62 32 47 0 18 0 0.00 0.0 0 2.0 8 150 M M 1 18 12 140
29 66 31 49 2 16 0 0.00 0.0 0 1.6 10 190 M M 2 18 15 180
30 65 40 53 7 12 0 T 0.0 0 1.2 10 20 M M 9 1 14 10
31 68 41 55 9 10 0 0.00 0.0 0 2.9 8 320 M M 6 18 11 350
================================================================================
SM 1992 1184 425 7 1.52 T 226.6 M 139
================================================================================
AV 64.3 38.2 7.3 FASTST M M 4 MAX(MPH)
MISC ----> 37 200 51 200
================================================================================
NOTES:
# LAST OF SEVERAL OCCURRENCES
COLUMN 17 PEAK WIND IN M.P.H.
PRELIMINARY LOCAL CLIMATOLOGICAL DATA (WS FORM: F-6) , PAGE 2
STATION: ROCKFORD IL
MONTH: OCTOBER
YEAR: 2022
LATITUDE: 42 12 N
LONGITUDE: 89 6 W
[TEMPERATURE DATA] [PRECIPITATION DATA] SYMBOLS USED IN COLUMN 16
AVERAGE MONTHLY: 51.2 TOTAL FOR MONTH: 1.52 1 = FOG OR MIST
DPTR FM NORMAL: -0.8 DPTR FM NORMAL: -1.11 2 = FOG REDUCING VISIBILITY
HIGHEST: 80 ON 22 GRTST 24HR 0.74 ON 25-26 TO 1/4 MILE OR LESS
LOWEST: 26 ON 20 3 = THUNDER
SNOW, ICE PELLETS, HAIL 4 = ICE PELLETS
TOTAL MONTH: T 5 = HAIL
GRTST 24HR T ON 17-17 6 = FREEZING RAIN OR DRIZZLE
GRTST DEPTH: 0 7 = DUSTSTORM OR SANDSTORM:
VSBY 1/2 MILE OR LESS
8 = SMOKE OR HAZE
[NO. OF DAYS WITH] [WEATHER - DAYS WITH] 9 = BLOWING SNOW
X = TORNADO
MAX 32 OR BELOW: 0 0.01 INCH OR MORE: 6
MAX 90 OR ABOVE: 0 0.10 INCH OR MORE: 3
MIN 32 OR BELOW: 9 0.50 INCH OR MORE: 1
MIN 0 OR BELOW: 0 1.00 INCH OR MORE: 0
[HDD (BASE 65) ]
TOTAL THIS MO. 425 CLEAR (SCALE 0-3) 15
DPTR FM NORMAL 13 PTCLDY (SCALE 4-7) 11
TOTAL FM JUL 1 539 CLOUDY (SCALE 8-10) 5
DPTR FM NORMAL 8
[CDD (BASE 65) ]
TOTAL THIS MO. 7
DPTR FM NORMAL -4 [PRESSURE DATA]
TOTAL FM JAN 1 978 HIGHEST SLP M ON M
DPTR FM NORMAL 139 LOWEST SLP 29.54 ON 14
[REMARKS]
#FINAL-10-22#