000
CXUS51 KAKQ 010710
CF6RIC
PRELIMINARY LOCAL CLIMATOLOGICAL DATA (WS FORM: F-6)
STATION: RICHMOND VA
MONTH: MARCH
YEAR: 2022
LATITUDE: 37 30 N
LONGITUDE: 77 20 W
TEMPERATURE IN F: :PCPN: SNOW: WIND :SUNSHINE: SKY :PK WND
================================================================================
1 2 3 4 5 6A 6B 7 8 9 10 11 12 13 14 15 16 17 18
12Z AVG MX 2MIN
DY MAX MIN AVG DEP HDD CDD WTR SNW DPTH SPD SPD DIR MIN PSBL S-S WX SPD DR
================================================================================
1 64 29 47 3 18 0 0.00 0.0 0 6.8 20 220 M M 6 24 210
2 70 44 57 13 8 0 0.00 0.0 0 6.0 15 140 M M 4 18 150
3 67 42 55 10 10 0 0.00 0.0 0 9.7 21 30 M M 5 26 30
4 51 31 41 -4 24 0 0.00 0.0 0 6.5 22 30 M M 4 27 30
5 64 35 50 5 15 0 0.00 0.0 0 7.6 17 180 M M 6 21 170
6 78 56 67 22 0 2 0.00 0.0 0 15.5 30 220 M M 9 39 220
7 81 60 71 25 0 6 0.24 0.0 0 18.3 36 230 M M 6 1 46 220
8 62 42 52 6 13 0 0.11 0.0 0 8.8 18 320 M M 5 1 24 330
9 47 41 44 -2 21 0 0.89 0.0 0 7.2 15 360 M M 10 1 21 10
10 51 36 44 -2 21 0 0.00 0.0 0 5.9 16 30 M M 7 20 30
11 61 31 46 -1 19 0 T 0.0 0 5.5 20 180 M M 4 1 22 170
12 53 25 39 -8 26 0 1.44 0.4 0 15.5 33 350 M M 8 12389 48 340
13 46 19 33 -14 32 0 0.00 0.0 T 10.7 21 210 M M 0 27 210
14 61 27 44 -4 21 0 0.00 0.0 0 5.4 14 180 M M 4 18 170
15 71 39 55 7 10 0 0.00 0.0 0 9.2 18 210 M M 4 23 200
16 72 41 57 9 8 0 T 0.0 0 6.2 16 130 M M 7 21 210
17 59 50 55 6 10 0 0.16 0.0 0 8.5 17 360 M M 9 1 21 360
18 76 44 60 11 5 0 0.00 0.0 0 6.8 21 140 M M 7 12 24 140
19 80 59 70 21 0 5 0.00 0.0 0 16.1 33 230 M M 5 43 230
20 68 47 58 8 7 0 0.00 0.0 0 14.3 28 300 M M 5 36 280
21 71 36 54 4 11 0 0.00 0.0 0 6.2 16 260 M M 2 20 280
22 77 43 60 10 5 0 0.00 0.0 0 5.0 16 70 M M 6 21 70
23 67 47 57 7 8 0 0.48 0.0 0 8.0 20 150 M M 9 1 28 160
24 71 61 66 15 0 1 0.03 0.0 0 10.6 20 200 M M 9 25 210
25 68 51 60 9 5 0 0.00 0.0 0 8.8 25 260 M M 7 1 32 250
26 56 42 49 -3 16 0 0.00 0.0 0 14.8 36 280 M M 4 44 290
27 54 34 44 -8 21 0 0.00 0.0 0 12.8 24 290 M M 3 31 270
28 53 24 39 -13 26 0 0.00 0.0 0 11.5 29 350 M M 1 39 320
29 49 24 37 -15 28 0 0.00 0.0 0 7.2 18 340 M M 5 24 340
30 64 39 52 -1 13 0 T 0.0 0 8.8 18 190 M M 8 23 190
31 73 62 68 15 0 3 0.16 0.0 0 20.1 30 180 M M 8 1 39 190
================================================================================
SM 1985 1261 401 17 3.51 0.4 304.3 M 177
================================================================================
AV 64.0 40.7 9.8 FASTST M M 6 MAX(MPH)
MISC ----> # 36 230 48 340
================================================================================
NOTES:
# LAST OF SEVERAL OCCURRENCES
COLUMN 17 PEAK WIND IN M.P.H.
PRELIMINARY LOCAL CLIMATOLOGICAL DATA (WS FORM: F-6) , PAGE 2
STATION: RICHMOND VA
MONTH: MARCH
YEAR: 2022
LATITUDE: 37 30 N
LONGITUDE: 77 20 W
[TEMPERATURE DATA] [PRECIPITATION DATA] SYMBOLS USED IN COLUMN 16
AVERAGE MONTHLY: 52.4 TOTAL FOR MONTH: 3.51 1 = FOG OR MIST
DPTR FM NORMAL: 4.0 DPTR FM NORMAL: -0.49 2 = FOG REDUCING VISIBILITY
HIGHEST: 81 ON 7 GRTST 24HR 1.44 ON 11-12 TO 1/4 MILE OR LESS
LOWEST: 19 ON 13 3 = THUNDER
SNOW, ICE PELLETS, HAIL 4 = ICE PELLETS
TOTAL MONTH: 0.4 INCH 5 = HAIL
GRTST 24HR 0.4 ON 12-12 6 = FREEZING RAIN OR DRIZZLE
GRTST DEPTH: T 7 = DUSTSTORM OR SANDSTORM:
VSBY 1/2 MILE OR LESS
8 = SMOKE OR HAZE
[NO. OF DAYS WITH] [WEATHER - DAYS WITH] 9 = BLOWING SNOW
X = TORNADO
MAX 32 OR BELOW: 0 0.01 INCH OR MORE: 8
MAX 90 OR ABOVE: 0 0.10 INCH OR MORE: 7
MIN 32 OR BELOW: 8 0.50 INCH OR MORE: 2
MIN 0 OR BELOW: 0 1.00 INCH OR MORE: 1
[HDD (BASE 65) ]
TOTAL THIS MO. 401 CLEAR (SCALE 0-3) 4
DPTR FM NORMAL -118 PTCLDY (SCALE 4-7) 22
TOTAL FM JUL 1 2901 CLOUDY (SCALE 8-10) 5
DPTR FM NORMAL -522
[CDD (BASE 65) ]
TOTAL THIS MO. 17
DPTR FM NORMAL 12 [PRESSURE DATA]
TOTAL FM JAN 1 17 HIGHEST SLP M ON M
DPTR FM NORMAL 12 LOWEST SLP 29.35 ON 12
[REMARKS]
#FINAL-03-22#