000
CXUS55 KRIW 011110
CF6RKS
PRELIMINARY LOCAL CLIMATOLOGICAL DATA (WS FORM: F-6)
STATION: ROCK SPRINGS WY
MONTH: NOVEMBER
YEAR: 2021
LATITUDE: 41 35 N
LONGITUDE: 109 4 W
TEMPERATURE IN F: :PCPN: SNOW: WIND :SUNSHINE: SKY :PK WND
================================================================================
1 2 3 4 5 6A 6B 7 8 9 10 11 12 13 14 15 16 17 18
12Z AVG MX 2MIN
DY MAX MIN AVG DEP HDD CDD WTR SNW DPTH SPD SPD DIR MIN PSBL S-S WX SPD DR
================================================================================
1 39 29 34 -4 31 0 0.07 M M 5.9 13 70 M M 10 12 17 30
2 46 35 41 4 24 0 0.04 M M 8.3 20 260 M M 9 12 24 260
3 49 32 41 4 24 0 0.00 M M 10.7 17 240 M M 1 23 230
4 58 34 46 10 19 0 0.00 M M 6.3 13 160 M M 0 16 160
5 54 36 45 9 20 0 0.00 M M 10.3 24 250 M M 0 30 250
6 62 33 48 12 17 0 0.00 M M 8.1 24 210 M M 0 33 210
7 52 34 43 8 22 0 T M M 8.8 21 240 M M 3 27 220
8 49 28 39 4 26 0 T M M 5.1 12 340 M M 3 12 17 340
9 42 26 34 0 31 0 T M M 8.2 25 250 M M 5 34 240
10 43 28 36 2 29 0 0.00 M M 17.4 33 270 M M 4 42 280
11 43 26 35 2 30 0 0.00 M M 19.0 33 270 M M 5 45 270
12 50 34 42 9 23 0 0.00 M M 21.4 32 260 M M 2 41 260
13 53 37 45 13 20 0 0.00 M M 19.6 44 270 M M 0 56 270
14 53 36 45 13 20 0 0.00 M M 14.5 38 260 M M 2 50 260
15 62 39 51 20 14 0 0.00 M M 11.5 22 260 M M 0 31 260
16 48 25 37 6 28 0 T M M 17.8 35 260 M M 4 43 270
17 32 17 25 -5 40 0 0.00 M M 9.2 18 280 M M 0 24 280
18 38 10 24 -6 41 0 0.00 M M 5.2 12 220 M M 0 14 310
19 50 28 39 9 26 0 0.00 M M 12.7 36 260 M M 7 46 270
20 42 24 33 4 32 0 T M M 13.9 23 280 M M 6 1 30 280
21 43 19 31 2 34 0 0.00 M M 15.2 26 250 M M 0 33 250
22 52 25 39 11 26 0 0.00 M M 9.0 17 230 M M 0 22 270
23 50 17 34 6 31 0 0.00 M M 8.9 23 280 M M 1 32 280
24 37 17 27 0 38 0 0.00 M M 13.6 26 260 M M 5 33 260
25 42 16 29 2 36 0 0.00 M M 16.8 29 270 M M 0 35 270
26 51 29 40 14 25 0 0.00 M M 12.9 25 260 M M 2 46 160
27 46 28 37 11 28 0 0.00 M M 11.7 21 270 M M 0 30 270
28 54 31 43 17 22 0 0.00 M M 16.1 29 260 M M 0 39 270
29 55 32 44 19 21 0 0.00 M M 13.9 25 260 M M 0 33 260
30 47 25 36 11 29 0 0.00 M M 13.9 28 260 M M 0 35 250
================================================================================
SM 1442 830 807 0 0.11 M 365.9 M 69
================================================================================
AV 48.1 27.7 12.2 FASTST M M 2 MAX(MPH)
MISC ----> 44 270 56 270
================================================================================
NOTES:
# LAST OF SEVERAL OCCURRENCES
COLUMN 17 PEAK WIND IN M.P.H.
PRELIMINARY LOCAL CLIMATOLOGICAL DATA (WS FORM: F-6) , PAGE 2
STATION: ROCK SPRINGS WY
MONTH: NOVEMBER
YEAR: 2021
LATITUDE: 41 35 N
LONGITUDE: 109 4 W
[TEMPERATURE DATA] [PRECIPITATION DATA] SYMBOLS USED IN COLUMN 16
AVERAGE MONTHLY: 37.9 TOTAL FOR MONTH: 0.11 1 = FOG OR MIST
DPTR FM NORMAL: 6.7 DPTR FM NORMAL: -0.29 2 = FOG REDUCING VISIBILITY
HIGHEST: 62 ON 15, 6 GRTST 24HR 0.07 ON 31- 1 TO 1/4 MILE OR LESS
LOWEST: 10 ON 18 3 = THUNDER
SNOW, ICE PELLETS, HAIL 4 = ICE PELLETS
TOTAL MONTH: M 5 = HAIL
GRTST 24HR M ON M 6 = FREEZING RAIN OR DRIZZLE
GRTST DEPTH: M ON M 7 = DUSTSTORM OR SANDSTORM:
VSBY 1/2 MILE OR LESS
8 = SMOKE OR HAZE
[NO. OF DAYS WITH] [WEATHER - DAYS WITH] 9 = BLOWING SNOW
X = TORNADO
MAX 32 OR BELOW: 1 0.01 INCH OR MORE: 2
MAX 90 OR ABOVE: 0 0.10 INCH OR MORE: 0
MIN 32 OR BELOW: 21 0.50 INCH OR MORE: 0
MIN 0 OR BELOW: 0 1.00 INCH OR MORE: 0
[HDD (BASE 65) ]
TOTAL THIS MO. 807 CLEAR (SCALE 0-3) 19
DPTR FM NORMAL -209 PTCLDY (SCALE 4-7) 9
TOTAL FM JUL 1 1667 CLOUDY (SCALE 8-10) 2
DPTR FM NORMAL -288
[CDD (BASE 65) ]
TOTAL THIS MO. 0
DPTR FM NORMAL 0 [PRESSURE DATA]
TOTAL FM JAN 1 527 HIGHEST SLP 30.68 ON 25
DPTR FM NORMAL 207 LOWEST SLP 29.74 ON 23
[REMARKS]
#FINAL-11-21#