000
CXUS52 KFFC 011010
CF6RMG
PRELIMINARY LOCAL CLIMATOLOGICAL DATA (WS FORM: F-6)
STATION: ROME
MONTH: APRIL
YEAR: 2023
LATITUDE: 34 20 N
LONGITUDE: 85 10 W
TEMPERATURE IN F: :PCPN: SNOW: WIND :SUNSHINE: SKY :PK WND
================================================================================
1 2 3 4 5 6A 6B 7 8 9 10 11 12 13 14 15 16 17 18
12Z AVG MX 2MIN
DY MAX MIN AVG DEP HDD CDD WTR SNW DPTH SPD SPD DIR MIN PSBL S-S WX SPD DR
================================================================================
1 81 58 70 12 0 5 0.76 M M 12.7 32 300 M M 4 13 49 290
2 73 44 59 1 6 0 0.00 M M 5.0 16 20 M M 0 22 20
3 61 48 55 -3 10 0 0.04 M M 4.6 13 140 M M 7 20 170
4 81 59 70 12 0 5 0.00 M M 4.4 16 170 M M 8 18 20 170
5 89 63 76 17 0 11 0.00 M M 5.8 22 170 M M 2 128 30 170
6 82 62 72 13 0 7 0.00 M M 2.4 12 240 M M 5 16 230
7 68 55 62 3 3 0 0.67 M M 9.8 17 20 M M 9 13 23 330
8 56 48 52 -7 13 0 4.00 M M 4.5 16 130 M M 10 138 30 100
9 68 46 57 -3 8 0 0.00 M M 3.1 12 80 M M 5 1 16 60
10 70 39 55 -5 10 0 0.00 M M 2.8 14 100 M M 0 24 120
11 76 38 57 -3 8 0 0.00 M M 2.7 12 40 M M 0 17 30
12 80 40 60 0 5 0 0.00 M M 1.1 10 90 M M 0 14 110
13 70 45 58 -3 7 0 0.01 M M 6.7 22 100 M M 5 8 35 140
14 73 59 66 5 0 1 0.01 M M 4.6 14 220 M M 9 1 20 210
15 81 56 69 8 0 4 0.00 M M 2.5 10 230 M M 6 15 230
16 74 54 64 2 1 0 0.06 M M 8.4 24 290 M M 5 1 34 300
17 71 39 55 -7 10 0 0.00 M M 6.3 21 280 M M 0 29 310
18 80 39 60 -2 5 0 0.00 M M 2.5 13 250 M M 0 21 190
19 85 45 65 3 0 0 0.00 M M 2.1 12 170 M M 0 17 240
20 86 47 67 4 0 2 0.00 M M 3.9 17 170 M M 0 26 150
21 80 51 66 3 0 1 0.31 M M 4.9 25 290 M M 1 13 38 290
22 72 48 60 -3 5 0 0.11 M M 7.0 21 290 M M 3 13 29 350
23 67 46 57 -6 8 0 0.00 M M 5.6 14 310 M M 2 18 10
24 66 45 56 -8 9 0 0.00 M M 8.2 18 30 M M 2 26 360
25 71 39 55 -9 10 0 0.00 M M 3.9 9 40 M M 5 8 13 40
26 61 54 58 -6 7 0 0.40 M M 4.9 12 100 M M 10 1 16 90
27 62 55 59 -5 6 0 2.34 M M 5.0 14 270 M M 10 1 19 120
28 78 59 69 4 0 4 0.07 M M 6.1 17 270 M M 6 1 24 230
29 74 51 63 -2 2 0 0.00 M M 1.6 9 180 M M 2 12 13 230
30 70 47 59 -6 6 0 0.16 M M 8.5 24 290 M M 6 13 36 280
================================================================================
SM 2206 1479 139 40 8.94 M 151.6 M 122
================================================================================
AV 73.5 49.3 5.1 FASTST M M 4 MAX(MPH)
MISC ----> 32 300 49 290
================================================================================
NOTES:
# LAST OF SEVERAL OCCURRENCES
COLUMN 17 PEAK WIND IN M.P.H.
PRELIMINARY LOCAL CLIMATOLOGICAL DATA (WS FORM: F-6) , PAGE 2
STATION: ROME
MONTH: APRIL
YEAR: 2023
LATITUDE: 34 20 N
LONGITUDE: 85 10 W
[TEMPERATURE DATA] [PRECIPITATION DATA] SYMBOLS USED IN COLUMN 16
AVERAGE MONTHLY: 61.4 TOTAL FOR MONTH: 8.94 1 = FOG OR MIST
DPTR FM NORMAL: 0.0 DPTR FM NORMAL: 4.48 2 = FOG REDUCING VISIBILITY
HIGHEST: 89 ON 5 GRTST 24HR 4.00 ON 8- 8 TO 1/4 MILE OR LESS
LOWEST: 38 ON 11 3 = THUNDER
SNOW, ICE PELLETS, HAIL 4 = ICE PELLETS
TOTAL MONTH: M 5 = HAIL
GRTST 24HR M ON M 6 = FREEZING RAIN OR DRIZZLE
GRTST DEPTH: M ON M 7 = DUSTSTORM OR SANDSTORM:
VSBY 1/2 MILE OR LESS
8 = SMOKE OR HAZE
[NO. OF DAYS WITH] [WEATHER - DAYS WITH] 9 = BLOWING SNOW
X = TORNADO
MAX 32 OR BELOW: 0 0.01 INCH OR MORE: 13
MAX 90 OR ABOVE: 0 0.10 INCH OR MORE: 8
MIN 32 OR BELOW: 0 0.50 INCH OR MORE: 4
MIN 0 OR BELOW: 0 1.00 INCH OR MORE: 2
[HDD (BASE 65) ]
TOTAL THIS MO. 139 CLEAR (SCALE 0-3) 13
DPTR FM NORMAL -13 PTCLDY (SCALE 4-7) 12
TOTAL FM JUL 1 2330 CLOUDY (SCALE 8-10) 5
DPTR FM NORMAL -613
[CDD (BASE 65) ]
TOTAL THIS MO. 40
DPTR FM NORMAL -4 [PRESSURE DATA]
TOTAL FM JAN 1 70 HIGHEST SLP 30.42 ON 10
DPTR FM NORMAL 17 LOWEST SLP 29.47 ON 30
[REMARKS]
#FINAL-04-23#