000
CXUS52 KFFC 011010
CF6RMG
PRELIMINARY LOCAL CLIMATOLOGICAL DATA (WS FORM: F-6)
STATION: ROME
MONTH: MARCH
YEAR: 2024
LATITUDE: 34 20 N
LONGITUDE: 85 10 W
TEMPERATURE IN F: :PCPN: SNOW: WIND :SUNSHINE: SKY :PK WND
================================================================================
1 2 3 4 5 6A 6B 7 8 9 10 11 12 13 14 15 16 17 18
12Z AVG MX 2MIN
DY MAX MIN AVG DEP HDD CDD WTR SNW DPTH SPD SPD DIR MIN PSBL S-S WX SPD DR
================================================================================
1 49 41 45 -5 20 0 1.82 M M 5.3 23 170 M M 10 1 30 170
2 60 44 52 2 13 0 0.04 M M 0.8 6 350 M M 8 128 8 160
3 69 43 56 6 9 0 0.00 M M 2.3 8 40 M M 9 12 11 40
4 67 51 59 9 6 0 0.00 M M 3.6 12 190 M M 8 12 15 130
5 62 52 57 6 8 0 0.39 M M 3.5 14 130 M M 9 18 23 120
6 64 52 58 7 7 0 0.82 M M 4.2 10 310 M M 9 1 15 320
7 75 46 61 10 4 0 0.00 M M 1.0 9 10 M M 3 128 13 10
8 66 54 60 9 5 0 1.57 M M 5.2 15 150 M M 6 1 26 170
9 69 50 60 8 5 0 0.05 M M 7.4 21 320 M M 8 18 31 330
10 60 40 50 -2 15 0 0.00 M M 8.8 21 320 M M 2 28 300
11 66 37 52 0 13 0 0.00 M M 4.4 15 10 M M 0 19 10
12 73 31 52 0 13 0 0.00 M M 1.1 10 220 M M 0 16 210
13 74 37 56 3 9 0 0.00 M M 2.4 15 210 M M 0 20 220
14 83 44 64 11 1 0 0.00 M M 2.3 14 170 M M 0 8 18 170
15 70 57 64 11 1 0 0.69 M M 2.8 18 330 M M 6 138 26 300
16 64 50 57 4 8 0 0.00 M M 4.0 15 200 M M 5 1 20 210
17 67 46 57 3 8 0 T M M 4.6 15 310 M M 5 1 20 320
18 57 38 48 -6 17 0 0.00 M M 10.7 23 300 M M 1 33 330
19 58 28 43 -11 22 0 0.00 M M 3.5 14 260 M M 0 21 240
20 74 34 54 0 11 0 0.00 M M 3.3 15 210 M M 0 23 210
21 77 41 59 4 6 0 0.00 M M 2.9 10 40 M M 0 14 30
22 68 53 61 6 4 0 0.38 M M 7.1 23 110 M M 7 18 35 120
23 64 50 57 2 8 0 0.01 M M 11.5 25 10 M M 7 1 38 10
24 68 36 52 -4 13 0 0.00 M M 9.1 17 130 M M 0 25 150
25 66 50 58 2 7 0 0.00 M M 13.4 24 110 M M 3 35 130
26 62 56 59 3 6 0 1.82 M M 6.9 22 130 M M 9 13 37 170
27 73 54 64 8 1 0 0.00 M M 5.7 16 360 M M 5 1 22 360
28 68 43 56 0 9 0 0.00 M M 10.5 24 10 M M 0 36 10
29 72 34 53 -4 12 0 0.00 M M 2.3 12 190 M M 0 17 180
30 76 40 58 1 7 0 0.00 M M 4.8 18 250 M M 0 28 250
31 79 46 63 6 2 0 0.00 M M 3.6 15 250 M M 1 24 250
================================================================================
SM 2100 1378 270 0 7.59 M 159.0 M 121
================================================================================
AV 67.7 44.5 5.1 FASTST M M 4 MAX(MPH)
MISC ----> 25 10 38 10
================================================================================
NOTES:
# LAST OF SEVERAL OCCURRENCES
COLUMN 17 PEAK WIND IN M.P.H.
PRELIMINARY LOCAL CLIMATOLOGICAL DATA (WS FORM: F-6) , PAGE 2
STATION: ROME
MONTH: MARCH
YEAR: 2024
LATITUDE: 34 20 N
LONGITUDE: 85 10 W
[TEMPERATURE DATA] [PRECIPITATION DATA] SYMBOLS USED IN COLUMN 16
AVERAGE MONTHLY: 56.1 TOTAL FOR MONTH: 7.59 1 = FOG OR MIST
DPTR FM NORMAL: 2.7 DPTR FM NORMAL: 2.60 2 = FOG REDUCING VISIBILITY
HIGHEST: 83 ON 14 GRTST 24HR 1.86 ON 1- 2 TO 1/4 MILE OR LESS
LOWEST: 28 ON 19 3 = THUNDER
SNOW, ICE PELLETS, HAIL 4 = ICE PELLETS
TOTAL MONTH: M 5 = HAIL
GRTST 24HR M ON M 6 = FREEZING RAIN OR DRIZZLE
GRTST DEPTH: M ON M 7 = DUSTSTORM OR SANDSTORM:
VSBY 1/2 MILE OR LESS
8 = SMOKE OR HAZE
[NO. OF DAYS WITH] [WEATHER - DAYS WITH] 9 = BLOWING SNOW
X = TORNADO
MAX 32 OR BELOW: 0 0.01 INCH OR MORE: 10
MAX 90 OR ABOVE: 0 0.10 INCH OR MORE: 7
MIN 32 OR BELOW: 2 0.50 INCH OR MORE: 5
MIN 0 OR BELOW: 0 1.00 INCH OR MORE: 3
[HDD (BASE 65) ]
TOTAL THIS MO. 270 CLEAR (SCALE 0-3) 16
DPTR FM NORMAL -97 PTCLDY (SCALE 4-7) 7
TOTAL FM JUL 1 2382 CLOUDY (SCALE 8-10) 8
DPTR FM NORMAL -409
[CDD (BASE 65) ]
TOTAL THIS MO. 0
DPTR FM NORMAL -7 [PRESSURE DATA]
TOTAL FM JAN 1 0 HIGHEST SLP 30.37 ON 1
DPTR FM NORMAL -9 LOWEST SLP 29.71 ON 23
[REMARKS]
#FINAL-03-24#