000
CXUS56 KSGX 011045
CF6RNM
PRELIMINARY LOCAL CLIMATOLOGICAL DATA (WS FORM: F-6)
STATION: RAMONA AIRPORT CA
MONTH: JULY
YEAR: 2023
LATITUDE: 33 2 N
LONGITUDE: 116 55 W
TEMPERATURE IN F: :PCPN: SNOW: WIND :SUNSHINE: SKY :PK WND
================================================================================
1 2 3 4 5 6A 6B 7 8 9 10 11 12 13 14 15 16 17 18
12Z AVG MX 2MIN
DY MAX MIN AVG DEP HDD CDD WTR SNW DPTH SPD SPD DIR MIN PSBL S-S WX SPD DR
================================================================================
1 93 52 73 2 0 8 0.00 M M 4.8 15 300 M M 0 1 20 270
2 97 55 76 5 0 11 0.00 M M 5.9 14 290 M M 0 18 18 290
3 92 51 72 1 0 7 0.00 M M 4.9 15 300 M M 0 18 18 320
4 93 50 72 0 0 7 0.00 M M 3.9 12 280 M M 0 18 16 290
5 91 40 66 -6 0 1 0.00 M M 5.5 16 280 M M 0 1 20 280
6 85 48 67 -5 0 2 0.00 M M 5.4 15 270 M M 2 12 18 290
7 85 51 68 -4 0 3 0.00 M M 4.1 13 270 M M 3 128 18 300
8 83 50 67 -5 0 2 0.00 M M 4.8 15 270 M M 2 18 19 260
9 86 53 70 -2 0 5 0.00 M M 5.0 13 300 M M 3 128 20 260
10 94 50 72 -1 0 7 0.00 M M 5.0 15 280 M M 2 128 18 260
11 98 56 77 4 0 12 0.00 M M 4.4 15 270 M M 0 18 21 280
12 97 61 79 6 0 14 0.00 M M 4.6 15 270 M M 0 20 280
13 96 61 79 6 0 14 0.00 M M 4.2 15 300 M M 0 20 270
14 97 58 78 5 0 13 0.00 M M 4.0 14 300 M M 0 17 250
15 95 58 77 4 0 12 0.00 M M 4.6 13 290 M M 0 18 260
16 95 62 79 6 0 14 0.00 M M 5.7 16 310 M M 0 18 18 270
17 100 66 83 9 0 18 0.00 M M 4.3 13 260 M M 0 18 240
18 99 63 81 7 0 16 0.00 M M 4.5 16 260 M M 0 20 260
19 99 61 80 6 0 15 0.00 M M 4.9 15 300 M M 0 19 290
20 100 61 81 7 0 16 0.00 M M 4.2 15 270 M M 0 20 260
21 94 58 76 2 0 11 0.00 M M 5.1 14 300 M M 0 18 310
22 93 58 76 2 0 11 0.00 M M 4.7 14 300 M M 0 18 17 320
23 89 60 75 1 0 10 T M M 4.6 15 280 M M 3 18 18 280
24 99 59 79 5 0 14 0.00 M M 5.3 15 310 M M 0 18 20 320
25 102 62 82 8 0 17 0.00 M M 5.2 17 290 M M 1 18 20 270
26 102 62 82 8 0 17 0.00 M M 3.7 14 260 M M 0 21 280
27 101 59 80 6 0 15 0.00 M M 4.8 14 260 M M 0 8 22 270
28 94 61 78 4 0 13 0.00 M M 5.4 15 280 M M 0 18 20 280
29 96 65 81 7 0 16 0.00 M M 4.5 15 300 M M 1 18 17 260
30 95 62 79 5 0 14 0.00 M M 4.8 16 300 M M 1 18 19 290
31 88 66 77 3 0 12 0.02 M M 4.8 14 320 M M 3 3 20 320
================================================================================
SM 2928 1779 0 347 0.02 M 147.6 M 21
================================================================================
AV 94.5 57.4 4.8 FASTST M M 1 MAX(MPH)
MISC ----> 17 290 22 270
================================================================================
NOTES:
# LAST OF SEVERAL OCCURRENCES
COLUMN 17 PEAK WIND IN M.P.H.
PRELIMINARY LOCAL CLIMATOLOGICAL DATA (WS FORM: F-6) , PAGE 2
STATION: RAMONA AIRPORT CA
MONTH: JULY
YEAR: 2023
LATITUDE: 33 2 N
LONGITUDE: 116 55 W
[TEMPERATURE DATA] [PRECIPITATION DATA] SYMBOLS USED IN COLUMN 16
AVERAGE MONTHLY: 75.9 TOTAL FOR MONTH: 0.02 1 = FOG OR MIST
DPTR FM NORMAL: 2.7 DPTR FM NORMAL: -0.08 2 = FOG REDUCING VISIBILITY
HIGHEST: 102 ON 26,25 GRTST 24HR 0.02 ON 31-31 TO 1/4 MILE OR LESS
LOWEST: 40 ON 5 3 = THUNDER
SNOW, ICE PELLETS, HAIL 4 = ICE PELLETS
TOTAL MONTH: M 5 = HAIL
GRTST 24HR M ON M 6 = FREEZING RAIN OR DRIZZLE
GRTST DEPTH: M ON M 7 = DUSTSTORM OR SANDSTORM:
VSBY 1/2 MILE OR LESS
8 = SMOKE OR HAZE
[NO. OF DAYS WITH] [WEATHER - DAYS WITH] 9 = BLOWING SNOW
X = TORNADO
MAX 32 OR BELOW: 0 0.01 INCH OR MORE: 1
MAX 90 OR ABOVE: 25 0.10 INCH OR MORE: 0
MIN 32 OR BELOW: 0 0.50 INCH OR MORE: 0
MIN 0 OR BELOW: 0 1.00 INCH OR MORE: 0
[HDD (BASE 65) ]
TOTAL THIS MO. 0 CLEAR (SCALE 0-3) 29
DPTR FM NORMAL -1 PTCLDY (SCALE 4-7) 2
TOTAL FM JUL 1 0 CLOUDY (SCALE 8-10) 0
DPTR FM NORMAL 0
[CDD (BASE 65) ]
TOTAL THIS MO. 347
DPTR FM NORMAL 92 [PRESSURE DATA]
TOTAL FM JAN 1 392 HIGHEST SLP 29.97 ON 24
DPTR FM NORMAL 3 LOWEST SLP 29.77 ON 7
[REMARKS]
#FINAL-07-23#