000
CXUS56 KSGX 011045
CF6RNM
PRELIMINARY LOCAL CLIMATOLOGICAL DATA (WS FORM: F-6)
STATION: RAMONA AIRPORT CA
MONTH: JUNE
YEAR: 2022
LATITUDE: 33 2 N
LONGITUDE: 116 55 W
TEMPERATURE IN F: :PCPN: SNOW: WIND :SUNSHINE: SKY :PK WND
================================================================================
1 2 3 4 5 6A 6B 7 8 9 10 11 12 13 14 15 16 17 18
12Z AVG MX 2MIN
DY MAX MIN AVG DEP HDD CDD WTR SNW DPTH SPD SPD DIR MIN PSBL S-S WX SPD DR
================================================================================
1 86 47 67 3 0 2 0.00 M M 4.9 14 270 M M 0 21 280
2 86 48 67 2 0 2 0.00 M M 5.4 17 260 M M 0 1 21 280
3 85 50 68 3 0 3 0.00 M M 6.5 18 270 M M 3 12 23 270
4 78 50 64 -1 1 0 0.00 M M 6.3 17 270 M M 5 1 22 270
5 83 59 71 6 0 6 0.00 M M 5.8 15 260 M M 3 20 260
6 86 60 73 8 0 8 0.00 M M 5.0 15 280 M M 3 19 260
7 87 53 70 4 0 5 0.00 M M 6.0 15 290 M M 3 12 20 270
8 90 53 72 6 0 7 0.00 M M 5.9 15 290 M M 1 12 22 260
9 95 54 75 9 0 10 0.00 M M 5.7 15 270 M M 2 12 20 260
10 95 57 76 10 0 11 0.00 M M 5.7 14 310 M M 0 19 310
11 93 59 76 10 0 11 0.00 M M 4.6 15 260 M M 0 21 260
12 91 54 73 6 0 8 0.00 M M 5.6 14 270 M M 0 22 230
13 82 55 69 2 0 4 0.00 M M 4.2 16 240 M M 2 1 25 290
14 84 57 71 4 0 6 0.00 M M 5.1 14 270 M M 2 18 260
15 88 52 70 3 0 5 0.00 M M 5.7 13 280 M M 1 12 18 310
16 91 54 73 5 0 8 0.00 M M 6.3 14 270 M M 1 1 19 310
17 82 53 68 0 0 3 0.00 M M 6.2 16 290 M M 2 1 23 240
18 80 51 66 -2 0 1 0.00 M M 5.8 16 240 M M 3 22 260
19 82 43 63 -5 2 0 0.00 M M 4.5 16 260 M M 0 21 260
20 96 49 73 5 0 8 0.00 M M 5.2 16 290 M M 0 21 290
21 95 50 73 4 0 8 T M M 5.2 14 270 M M 1 3 24 290
22 95 61 78 9 0 13 T M M 5.4 16 260 M M 2 23 320
23 96 59 78 9 0 13 0.00 M M 5.7 16 270 M M 0 21 260
24 96 54 75 6 0 10 0.00 M M 4.9 17 270 M M 0 24 260
25 97 54 76 6 0 11 0.00 M M 5.2 15 300 M M 0 20 270
26 98 47 73 3 0 8 0.00 M M 5.0 14 280 M M 0 19 300
27 99 58 79 9 0 14 0.00 M M 5.7 16 290 M M 0 22 270
28 97 59 78 8 0 13 0.00 M M 3.0 9 280 M M 0 M M
29 M M M M M M 0.00 M M M M M M M M M M
30 93 59 76 5 0 11 0.00 M M 5.6 15 290 M M 0 19 290
================================================================================
SM 2606 1559 3 209 T M 156.1 M 34
================================================================================
AV 89.9 53.8 5.4 FASTST M M 1 MAX(MPH)
MISC ----> 18 270 25 290
================================================================================
NOTES:
# LAST OF SEVERAL OCCURRENCES
COLUMN 17 PEAK WIND IN M.P.H.
PRELIMINARY LOCAL CLIMATOLOGICAL DATA (WS FORM: F-6) , PAGE 2
STATION: RAMONA AIRPORT CA
MONTH: JUNE
YEAR: 2022
LATITUDE: 33 2 N
LONGITUDE: 116 55 W
[TEMPERATURE DATA] [PRECIPITATION DATA] SYMBOLS USED IN COLUMN 16
AVERAGE MONTHLY: 71.8 TOTAL FOR MONTH: T 1 = FOG OR MIST
DPTR FM NORMAL: 4.3 DPTR FM NORMAL: -0.06 2 = FOG REDUCING VISIBILITY
HIGHEST: 99 ON 27 GRTST 24HR T ON 21-21 TO 1/4 MILE OR LESS
LOWEST: 43 ON 19 3 = THUNDER
SNOW, ICE PELLETS, HAIL 4 = ICE PELLETS
TOTAL MONTH: M 5 = HAIL
GRTST 24HR M ON M 6 = FREEZING RAIN OR DRIZZLE
GRTST DEPTH: M ON M 7 = DUSTSTORM OR SANDSTORM:
VSBY 1/2 MILE OR LESS
8 = SMOKE OR HAZE
[NO. OF DAYS WITH] [WEATHER - DAYS WITH] 9 = BLOWING SNOW
X = TORNADO
MAX 32 OR BELOW: 0 0.01 INCH OR MORE: 0
MAX 90 OR ABOVE: 16 0.10 INCH OR MORE: 0
MIN 32 OR BELOW: 0 0.50 INCH OR MORE: 0
MIN 0 OR BELOW: 0 1.00 INCH OR MORE: 0
[HDD (BASE 65) ]
TOTAL THIS MO. 3 CLEAR (SCALE 0-3) 26
DPTR FM NORMAL -21 PTCLDY (SCALE 4-7) 3
TOTAL FM JUL 1 2118 CLOUDY (SCALE 8-10) 1
DPTR FM NORMAL -207
[CDD (BASE 65) ]
TOTAL THIS MO. 209
DPTR FM NORMAL 112 [PRESSURE DATA]
TOTAL FM JAN 1 241 HIGHEST SLP 30.00 ON 30
DPTR FM NORMAL 107 LOWEST SLP 29.74 ON 16
[REMARKS]
#FINAL-06-22#