000
CXUS56 KSGX 011045
CF6RNM
PRELIMINARY LOCAL CLIMATOLOGICAL DATA (WS FORM: F-6)
STATION: RAMONA AIRPORT CA
MONTH: AUGUST
YEAR: 2023
LATITUDE: 33 2 N
LONGITUDE: 116 55 W
TEMPERATURE IN F: :PCPN: SNOW: WIND :SUNSHINE: SKY :PK WND
================================================================================
1 2 3 4 5 6A 6B 7 8 9 10 11 12 13 14 15 16 17 18
12Z AVG MX 2MIN
DY MAX MIN AVG DEP HDD CDD WTR SNW DPTH SPD SPD DIR MIN PSBL S-S WX SPD DR
================================================================================
1 94 65 80 5 0 15 0.00 M M 4.8 15 280 M M 1 18 20 290
2 96 59 78 3 0 13 0.00 M M 4.4 13 310 M M 0 18 17 290
3 90 52 71 -4 0 6 0.00 M M 4.9 16 260 M M 0 1 22 260
4 89 52 71 -4 0 6 0.00 M M 4.6 14 270 M M 3 12 18 280
5 96 54 75 0 0 10 0.00 M M 4.9 15 310 M M 0 18 23 280
6 101 53 77 2 0 12 0.00 M M 4.2 14 200 M M 0 18 20 190
7 97 55 76 1 0 11 0.00 M M 4.8 15 210 M M 0 19 190
8 92 61 77 2 0 12 0.01 M M 3.7 13 230 M M 1 23 110
9 90 61 76 1 0 11 T M M 5.1 15 270 M M 2 21 290
10 86 63 75 0 0 10 0.00 M M 5.2 16 280 M M 7 20 290
11 85 61 73 -2 0 8 0.00 M M 5.4 14 280 M M 5 8 21 270
12 87 59 73 -2 0 8 0.00 M M 4.9 14 260 M M 3 12 20 300
13 88 55 72 -3 0 7 0.00 M M 4.8 15 260 M M 2 12 19 250
14 94 59 77 2 0 12 0.00 M M 5.8 14 290 M M 3 12 20 300
15 98 59 79 4 0 14 0.00 M M 4.4 15 300 M M 1 13 21 260
16 102 63 83 8 0 18 0.00 M M 5.5 16 300 M M 2 20 300
17 101 58 80 5 0 15 0.00 M M 4.8 17 300 M M 1 22 310
18 95 54 75 0 0 10 0.00 M M 5.1 14 280 M M 1 20 330
19 84 63 74 -1 0 9 T M M 5.8 14 280 M M 2 19 280
20 78 63 71 -4 0 6 2.03 M M 8.8 29 170 M M 8 1 38 180
21 73 63 68 -7 0 3 0.00 M M 5.5 12 240 M M 10 1 15 300
22 88 57 73 -2 0 8 0.00 M M 4.8 14 260 M M 2 12 19 270
23 90 58 74 -1 0 9 0.00 M M 4.2 13 260 M M 0 1 17 250
24 87 59 73 -2 0 8 0.00 M M 4.9 14 260 M M 2 128 18 310
25 91 59 75 0 0 10 0.00 M M 5.4 14 310 M M 3 12 20 320
26 97 56 77 2 0 12 0.00 M M 4.4 14 270 M M 0 1 19 290
27 100 57 79 5 0 14 0.00 M M 4.5 16 280 M M 0 22 280
28 103 59 81 7 0 16 0.00 M M 5.1 17 300 M M 0 24 310
29 105 60 83 9 0 18 0.00 M M 3.5 14 270 M M 0 17 280
30 98 64 81 7 0 16 0.00 M M 3.7 15 270 M M 0 29 310
31 92 62 77 3 0 12 0.00 M M 4.1 15 310 M M 0 19 310
================================================================================
SM 2867 1823 0 339 2.04 M 152.0 M 59
================================================================================
AV 92.5 58.8 4.9 FASTST M M 2 MAX(MPH)
MISC ----> 29 170 38 180
================================================================================
NOTES:
# LAST OF SEVERAL OCCURRENCES
COLUMN 17 PEAK WIND IN M.P.H.
PRELIMINARY LOCAL CLIMATOLOGICAL DATA (WS FORM: F-6) , PAGE 2
STATION: RAMONA AIRPORT CA
MONTH: AUGUST
YEAR: 2023
LATITUDE: 33 2 N
LONGITUDE: 116 55 W
[TEMPERATURE DATA] [PRECIPITATION DATA] SYMBOLS USED IN COLUMN 16
AVERAGE MONTHLY: 75.6 TOTAL FOR MONTH: 2.04 1 = FOG OR MIST
DPTR FM NORMAL: 0.9 DPTR FM NORMAL: 2.00 2 = FOG REDUCING VISIBILITY
HIGHEST: 105 ON 29 GRTST 24HR 2.03 ON 20-20 TO 1/4 MILE OR LESS
LOWEST: 52 ON 4, 3 3 = THUNDER
SNOW, ICE PELLETS, HAIL 4 = ICE PELLETS
TOTAL MONTH: M 5 = HAIL
GRTST 24HR M ON M 6 = FREEZING RAIN OR DRIZZLE
GRTST DEPTH: M ON M 7 = DUSTSTORM OR SANDSTORM:
VSBY 1/2 MILE OR LESS
8 = SMOKE OR HAZE
[NO. OF DAYS WITH] [WEATHER - DAYS WITH] 9 = BLOWING SNOW
X = TORNADO
MAX 32 OR BELOW: 0 0.01 INCH OR MORE: 2
MAX 90 OR ABOVE: 21 0.10 INCH OR MORE: 1
MIN 32 OR BELOW: 0 0.50 INCH OR MORE: 1
MIN 0 OR BELOW: 0 1.00 INCH OR MORE: 1
[HDD (BASE 65) ]
TOTAL THIS MO. 0 CLEAR (SCALE 0-3) 27
DPTR FM NORMAL -1 PTCLDY (SCALE 4-7) 3
TOTAL FM JUL 1 0 CLOUDY (SCALE 8-10) 1
DPTR FM NORMAL -1
[CDD (BASE 65) ]
TOTAL THIS MO. 339
DPTR FM NORMAL 36 [PRESSURE DATA]
TOTAL FM JAN 1 731 HIGHEST SLP 30.02 ON 8
DPTR FM NORMAL 39 LOWEST SLP 29.43 ON 20
[REMARKS]
#FINAL-08-23#