000
CXUS55 KREV 010922 RRA
CF6RNO
PRELIMINARY LOCAL CLIMATOLOGICAL DATA (WS FORM: F-6)
STATION: RENO-TAHOE INTL AIRPORT NV
MONTH: DECEMBER
YEAR: 2021
LATITUDE: 39 30 N
LONGITUDE: 119 47 W
TEMPERATURE IN F: :PCPN: SNOW: WIND :SUNSHINE: SKY :PK WND
================================================================================
1 2 3 4 5 6A 6B 7 8 9 10 11 12 13 14 15 16 17 18
12Z AVG MX 2MIN
DY MAX MIN AVG DEP HDD CDD WTR SNW DPTH SPD SPD DIR MIN PSBL S-S WX SPD DR
================================================================================
1 62 26 44 5 21 0 0.00 0.0 0 1.2 8 170 M M 1 11 240
2 63 26 45 7 20 0 0.00 0.0 0 0.7 6 280 M M 1 12 250
3 61 28 45 7 20 0 0.00 0.0 0 1.0 8 280 M M 1 11 230
4 63 26 45 7 20 0 0.00 0.0 0 0.9 6 170 M M 2 8 270
5 64 25 45 7 20 0 0.00 0.0 0 2.5 14 360 M M 4 16 360
6 50 30 40 3 25 0 0.06 0.0 0 1.7 12 260 M M 9 15 230
7 53 33 43 6 22 0 0.00 0.0 0 3.5 14 180 M M 6 1 16 180
8 55 30 43 6 22 0 0.00 0.0 0 6.0 22 290 M M 8 12 29 280
9 47 26 37 0 28 0 0.10 T 0 8.0 23 300 M M 6 1 29 300
10 40 20 30 -6 35 0 0.00 0.0 0 2.8 12 110 M M 1 13 110
11 43 23 33 -3 32 0 0.00 0.0 0 2.3 13 340 M M 7 18 290
12 50 34 42 6 23 0 0.02 0.0 0 16.8 31 160 M M 7 45 160
13 49 36 43 7 22 0 0.60 T 0 19.0 37 180 M M 9 1 46 170
14 36 21 29 -7 36 0 0.25 1.2 T 7.0 24 280 M M 8 18 29 280
15 43 20 32 -4 33 0 0.06 T T 5.0 18 160 M M 6 1 29 290
16 46 26 36 0 29 0 0.05 0.0 0 7.6 18 250 M M 5 24 330
17 40 22 31 -5 34 0 0.00 0.0 0 2.6 9 300 M M 1 16 270
18 40 22 31 -5 34 0 0.00 0.0 0 0.6 6 190 M M 6 12 270
19 42 23 33 -3 32 0 0.00 0.0 0 2.3 8 40 M M 6 12 10 40
20 38 23 31 -4 34 0 0.00 0.0 0 1.3 8 90 M M 9 12 10 90
21 43 25 34 -1 31 0 0.00 0.0 0 1.3 8 60 M M 6 12 12 300
22 53 27 40 5 25 0 0.05 0.0 0 5.1 18 280 M M 8 1 21 280
23 44 33 39 4 26 0 1.41 T 0 6.9 23 170 M M 8 1 27 170
24 49 34 42 7 23 0 0.11 0.0 0 9.2 31 240 M M 6 1 42 250
25 41 28 35 0 30 0 0.17 2.8 0 16.5 33 200 M M 9 1 43 190
26 37 25 31 -4 34 0 0.06 1.0 3 12.7 32 230 M M 7 128 44 250
27 38 28 33 -2 32 0 0.01 0.2 1 10.1 28 240 M M 9 18 36 290
28 34 26 30 -5 35 0 0.01 0.1 1 3.1 10 90 M M 9 13 90
29 33 27 30 -6 35 0 0.04 0.3 T 1.8 7 140 M M 9 18 8 210
30 46 28 37 1 28 0 0.00 0.0 1 6.9 28 290 M M 8 33 290
31 39 23 31 -5 34 0 0.00 0.0 T 10.3 24 360 M M 4 29 350
================================================================================
SM 1442 824 875 0 3.00 5.6 176.7 M 186
================================================================================
AV 46.5 26.6 5.7 FASTST M M 6 MAX(MPH)
MISC ----> 37 180 46 170
================================================================================
NOTES:
# LAST OF SEVERAL OCCURRENCES
COLUMN 17 PEAK WIND IN M.P.H.
PRELIMINARY LOCAL CLIMATOLOGICAL DATA (WS FORM: F-6) , PAGE 2
STATION: RENO-TAHOE INTL AIRPORT NV
MONTH: DECEMBER
YEAR: 2021
LATITUDE: 39 30 N
LONGITUDE: 119 47 W
[TEMPERATURE DATA] [PRECIPITATION DATA] SYMBOLS USED IN COLUMN 16
AVERAGE MONTHLY: 36.5 TOTAL FOR MONTH: 3.00 1 = FOG OR MIST
DPTR FM NORMAL: 0.3 DPTR FM NORMAL: 1.90 2 = FOG REDUCING VISIBILITY
HIGHEST: 64 ON 5 GRTST 24HR 1.41 ON 23-23 TO 1/4 MILE OR LESS
LOWEST: 20 ON 15,10 3 = THUNDER
SNOW, ICE PELLETS, HAIL 4 = ICE PELLETS
TOTAL MONTH: 5.6 INCHES 5 = HAIL
GRTST 24HR 2.8 ON 25-25 6 = FREEZING RAIN OR DRIZZLE
GRTST DEPTH: 3 ON 26 7 = DUSTSTORM OR SANDSTORM:
VSBY 1/2 MILE OR LESS
8 = SMOKE OR HAZE
[NO. OF DAYS WITH] [WEATHER - DAYS WITH] 9 = BLOWING SNOW
X = TORNADO
MAX 32 OR BELOW: 0 0.01 INCH OR MORE: 15
MAX 90 OR ABOVE: 0 0.10 INCH OR MORE: 6
MIN 32 OR BELOW: 26 0.50 INCH OR MORE: 2
MIN 0 OR BELOW: 0 1.00 INCH OR MORE: 1
[HDD (BASE 65) ]
TOTAL THIS MO. 875 CLEAR (SCALE 0-3) 6
DPTR FM NORMAL -17 PTCLDY (SCALE 4-7) 17
TOTAL FM JUL 1 1798 CLOUDY (SCALE 8-10) 8
DPTR FM NORMAL -110
[CDD (BASE 65) ]
TOTAL THIS MO. 0
DPTR FM NORMAL 0 [PRESSURE DATA]
TOTAL FM JAN 1 1366 HIGHEST SLP M ON M
DPTR FM NORMAL 327 LOWEST SLP 29.45 ON 13
[REMARKS]
THE AVERAGE TEMPERATURE FOR DECEMBER 2021 AT THE RENO-TAHOE
INTERNATIONAL AIRPORT WAS 36.5 DEGREES WHICH IS 0.3 DEGREES ABOVE
NORMAL. THE HIGHEST TEMPERATURE FOR DECEMBER WAS 64 DEGREES WHICH
OCCURRED ON THE 5TH. THE LOWEST TEMPERATURE FOR THE MONTH WAS 20
DEGREES WHICH OCCURRED ON THE 15TH AND THE 10TH.
FOR DECEMBER 2021, 3.00 INCHES OF PRECIPITATION WERE RECORDED AT THE
RENO-TAHOE INTERNATIONAL AIRPORT. THIS IS 1.90 INCHES ABOVE NORMAL.
DURING THE MONTH 5.6 INCHES OF SNOWFALL WAS RECORDED.
THE AVERAGE WIND SPEED FOR DECEMBER 2021 WAS 5.7 MPH. THE PEAK WIND
GUST FOR THE MONTH WAS 46 MPH FROM THE SOUTH ON THE 13TH.
#FINAL-12-21#