000
CXUS55 KABQ 011528
CF6ROW
PRELIMINARY LOCAL CLIMATOLOGICAL DATA (WS FORM: F-6)
STATION: ROSWELL NM
MONTH: MAY
YEAR: 2022
LATITUDE: 33 17 N
LONGITUDE: 104 32 W
TEMPERATURE IN F: :PCPN: SNOW: WIND :SUNSHINE: SKY :PK WND
================================================================================
1 2 3 4 5 6A 6B 7 8 9 10 11 12 13 14 15 16 17 18
12Z AVG MX 2MIN
DY MAX MIN AVG DEP HDD CDD WTR SNW DPTH SPD SPD DIR MIN PSBL S-S WX SPD DR
================================================================================
1 92 54 73 6 0 8 0.00 0.0 0 16.1 31 200 M M 2 40 200
2 93 52 73 6 0 8 0.00 0.0 0 7.2 21 170 M M 0 18 30 170
3 83 47 65 -3 0 0 0.00 0.0 0 13.3 28 170 M M 0 36 160
4 91 65 78 10 0 13 0.00 0.0 0 11.3 28 270 M M 0 39 280
5 85 49 67 -1 0 2 0.00 0.0 0 7.3 25 360 M M 0 34 360
6 97 50 74 5 0 9 0.00 0.0 0 5.3 17 140 M M 0 26 140
7 103 58 81 12 0 16 0.00 0.0 0 8.5 22 260 M M 0 31 270
8 101 57 79 10 0 14 0.00 0.0 0 14.5 30 230 M M 0 42 270
9 100 67 84 14 0 19 0.00 0.0 0 12.3 25 240 M M 0 35 240
10 102 57 80 10 0 15 0.00 0.0 0 12.5 29 210 M M 0 38 170
11 100 70 85 15 0 20 0.00 0.0 0 14.7 35 210 M M 1 47 220
12 97 65 81 10 0 16 0.00 0.0 0 8.3 18 250 M M 0 24 250
13 93 50 72 1 0 7 0.00 0.0 0 6.9 18 40 M M 0 24 50
14 97 53 75 3 0 10 0.00 0.0 0 7.6 14 200 M M 0 22 170
15 102 55 79 7 0 14 0.00 0.0 0 6.2 17 100 M M 0 8 25 110
16 92 67 80 8 0 15 T 0.0 0 7.4 20 10 M M 1 28 360
17 100 63 82 9 0 17 0.00 0.0 0 7.8 25 270 M M 0 31 260
18 99 60 80 7 0 15 0.00 0.0 0 9.8 20 30 M M 0 25 10
19 102 59 81 8 0 16 0.00 0.0 0 8.5 28 250 M M 0 39 260
20 100 64 82 8 0 17 0.00 0.0 0 12.0 31 220 M M 0 40 230
21 80 51 66 -8 0 1 0.00 0.0 0 13.8 37 20 M M 1 8 54 10
22 69 49 59 -15 6 0 0.00 0.0 0 8.3 15 190 M M 1 20 190
23 94 53 74 -1 0 9 0.00 0.0 0 10.9 31 220 M M 0 41 230
24 76 51 64 -11 1 0 0.02 0.0 0 12.6 41 360 M M 2 38 54 10
25 79 48 64 -12 1 0 0.00 0.0 0 5.1 14 170 M M 0 8 21 150
26 93 50 72 -4 0 7 0.00 0.0 0 3.7 13 140 M M 0 17 180
27 104 59 82 6 0 17 0.00 0.0 0 11.6 33 160 M M 0 41 150
28 106 69 88 12 0 23 0.00 0.0 0 15.8 35 210 M M 0 50 190
29 99 66 83 6 0 18 0.00 0.0 0 17.4 36 220 M M 0 49 220
30 99 69 84 7 0 19 0.00 0.0 0 11.1 29 200 M M 0 37 200
31 100 59 80 2 0 15 0.00 0.0 0 11.0 26 200 M M 0 35 200
================================================================================
SM 2928 1786 8 360 0.02 0.0 318.8 M 8
================================================================================
AV 94.5 57.6 10.3 FASTST M M 0 MAX(MPH)
MISC ----> 41 360 # 54 10
================================================================================
NOTES:
# LAST OF SEVERAL OCCURRENCES
COLUMN 17 PEAK WIND IN M.P.H.
PRELIMINARY LOCAL CLIMATOLOGICAL DATA (WS FORM: F-6) , PAGE 2
STATION: ROSWELL NM
MONTH: MAY
YEAR: 2022
LATITUDE: 33 17 N
LONGITUDE: 104 32 W
[TEMPERATURE DATA] [PRECIPITATION DATA] SYMBOLS USED IN COLUMN 16
AVERAGE MONTHLY: 76.0 TOTAL FOR MONTH: 0.02 1 = FOG OR MIST
DPTR FM NORMAL: 3.7 DPTR FM NORMAL: -1.12 2 = FOG REDUCING VISIBILITY
HIGHEST: 106 ON 28 GRTST 24HR 0.02 ON 24-24 TO 1/4 MILE OR LESS
LOWEST: 47 ON 3 3 = THUNDER
SNOW, ICE PELLETS, HAIL 4 = ICE PELLETS
TOTAL MONTH: 0.0 INCH 5 = HAIL
GRTST 24HR 0.0 6 = FREEZING RAIN OR DRIZZLE
GRTST DEPTH: 0 7 = DUSTSTORM OR SANDSTORM:
VSBY 1/2 MILE OR LESS
8 = SMOKE OR HAZE
[NO. OF DAYS WITH] [WEATHER - DAYS WITH] 9 = BLOWING SNOW
X = TORNADO
MAX 32 OR BELOW: 0 0.01 INCH OR MORE: 1
MAX 90 OR ABOVE: 25 0.10 INCH OR MORE: 0
MIN 32 OR BELOW: 0 0.50 INCH OR MORE: 0
MIN 0 OR BELOW: 0 1.00 INCH OR MORE: 0
[HDD (BASE 65) ]
TOTAL THIS MO. 8 CLEAR (SCALE 0-3) 31
DPTR FM NORMAL -12 PTCLDY (SCALE 4-7) 0
TOTAL FM JUL 1 2667 CLOUDY (SCALE 8-10) 0
DPTR FM NORMAL -205
[CDD (BASE 65) ]
TOTAL THIS MO. 360
DPTR FM NORMAL 115 [PRESSURE DATA]
TOTAL FM JAN 1 475 HIGHEST SLP 30.27 ON 22
DPTR FM NORMAL 157 LOWEST SLP 29.25 ON 29
[REMARKS]
#FINAL-05-22#