000
CXUS53 KGRB 240703
CF6RRL
PRELIMINARY LOCAL CLIMATOLOGICAL DATA (WS FORM: F-6)
STATION: MERRILL MUNICIPAL AI
MONTH: JUNE
YEAR: 2021
LATITUDE: 45 10 N
LONGITUDE: 89 42 W
TEMPERATURE IN F: :PCPN: SNOW: WIND :SUNSHINE: SKY :PK WND
================================================================================
1 2 3 4 5 6A 6B 7 8 9 10 11 12 13 14 15 16 17 18
12Z AVG MX 2MIN
DY MAX MIN AVG DEP HDD CDD WTR SNW DPTH SPD SPD DIR MIN PSBL S-S WX SPD DR
================================================================================
1 76 42 59 M 6 0 M M M 1.5 7 220 M M 5 12 M M
2 76 45 61 M 4 0 M M M 3.5 9 250 M M 5 18 230
3 82 47 65 M 0 0 M M M 4.5 17 270 M M 4 24 270
4 89 51 70 M 0 5 M M M 7.0 18 270 M M 2 2 24 270
5 91 68 80 M 0 15 M M M 10.1 17 240 M M 1 25 230
6 85 70 78 M 0 13 M M M 10.7 21 220 M M 2 31 220
7 87 65 76 M 0 11 M M M 6.0 13 230 M M 2 17 270
8 91 61 76 M 0 11 M M M 3.9 16 60 M M 3 29 230
9 89 57 73 M 0 8 M M M 3.7 9 130 M M 1 1 M M
10 91 60 76 M 0 11 M M M 5.0 28 20 M M 2 1 44 20
11 80 61 71 M 0 6 M M M 3.3 10 170 M M 4 25 170
12 80 55 68 M 0 3 M M M 5.6 12 330 M M 2 1 21 310
13 83 49 66 M 0 1 M M M 4.4 13 40 M M 2 26 20
14 78 50 64 M 1 0 M M M 5.3 16 340 M M 3 22 320
15 76 46 61 M 4 0 M M M 3.7 9 20 M M 2 1 16 20
16 77 41 59 M 6 0 M M M 1.8 6 270 M M 0 M M
17 85 52 69 M 0 4 M M M 5.7 12 230 M M 4 20 210
18 83 53 68 M 0 3 M M M 7.0 18 290 M M 2 1 25 310
19 76 52 64 M 1 0 M M M 4.3 15 350 M M 4 21 350
20 70 46 58 M 7 0 M M M 3.3 13 350 M M 6 24 330
21 62 48 55 M 10 0 M M M 10.1 18 350 M M 9 28 350
22 68 42 55 M 10 0 M M M 4.1 12 320 M M 6 17 310
23 74 38 56 M 9 0 M M M 5.6 12 200 M M 4 18 170
================================================================================
SM 1849 1199 58 91 M M 120.1 M 75
================================================================================
AV 80.4 52.1 5.2 FASTST M M 3 MAX(MPH)
MISC ----> 28 20 44 20
================================================================================
NOTES:
# LAST OF SEVERAL OCCURRENCES
COLUMN 17 PEAK WIND IN M.P.H.
PRELIMINARY LOCAL CLIMATOLOGICAL DATA (WS FORM: F-6) , PAGE 2
STATION: MERRILL MUNICIPAL AI
MONTH: JUNE
YEAR: 2021
LATITUDE: 45 10 N
LONGITUDE: 89 42 W
[TEMPERATURE DATA] [PRECIPITATION DATA] SYMBOLS USED IN COLUMN 16
AVERAGE MONTHLY: 66.3 TOTAL FOR MONTH: M 1 = FOG OR MIST
DPTR FM NORMAL: 0.0 DPTR FM NORMAL: M 2 = FOG REDUCING VISIBILITY
HIGHEST: 91 ON 10, 8 GRTST 24HR M ON M TO 1/4 MILE OR LESS
LOWEST: 38 ON 23 3 = THUNDER
SNOW, ICE PELLETS, HAIL 4 = ICE PELLETS
TOTAL MONTH: M 5 = HAIL
GRTST 24HR M ON M 6 = FREEZING RAIN OR DRIZZLE
GRTST DEPTH: M ON M 7 = DUSTSTORM OR SANDSTORM:
VSBY 1/2 MILE OR LESS
8 = SMOKE OR HAZE
[NO. OF DAYS WITH] [WEATHER - DAYS WITH] 9 = BLOWING SNOW
X = TORNADO
MAX 32 OR BELOW: 0 0.01 INCH OR MORE: 0
MAX 90 OR ABOVE: 3 0.10 INCH OR MORE: 0
MIN 32 OR BELOW: 0 0.50 INCH OR MORE: 0
MIN 0 OR BELOW: 0 1.00 INCH OR MORE: 0
[HDD (BASE 65) ]
TOTAL THIS MO. 58 CLEAR (SCALE 0-3) 13
DPTR FM NORMAL M PTCLDY (SCALE 4-7) 9
TOTAL FM JUL 1 8343 CLOUDY (SCALE 8-10) 1
DPTR FM NORMAL 7963
[CDD (BASE 65) ]
TOTAL THIS MO. 91
DPTR FM NORMAL M [PRESSURE DATA]
TOTAL FM JAN 1 109 HIGHEST SLP M ON M
DPTR FM NORMAL 109 LOWEST SLP M ON M
[REMARKS]