000
CXUS53 KGRB 180808
CF6RRL
PRELIMINARY LOCAL CLIMATOLOGICAL DATA (WS FORM: F-6)
STATION: MERRILL MUNICIPAL AI
MONTH: MARCH
YEAR: 2021
LATITUDE: 45 10 N
LONGITUDE: 89 42 W
TEMPERATURE IN F: :PCPN: SNOW: WIND :SUNSHINE: SKY :PK WND
================================================================================
1 2 3 4 5 6A 6B 7 8 9 10 11 12 13 14 15 16 17 18
12Z AVG MX 2MIN
DY MAX MIN AVG DEP HDD CDD WTR SNW DPTH SPD SPD DIR MIN PSBL S-S WX SPD DR
================================================================================
1 22 3 13 M 52 0 M M M 7.8 13 360 M M 2 22 340
2 42 2 22 M 43 0 M M M 8.9 24 240 M M 1 32 240
3 44 16 30 M 35 0 M M M 3.1 10 10 M M 2 12 17 350
4 39 13 26 M 39 0 M M M 1.3 6 40 M M 0 M M
5 45 13 29 M 36 0 M M M 3.2 10 20 M M 3 20 40
6 43 9 26 M 39 0 M M M 1.9 10 330 M M 0 M M
7 44 11 28 M 37 0 M M M 5.8 12 150 M M 4 20 150
8 54 24 39 M 26 0 M M M 3.7 10 310 M M 1 1 16 300
9 60 24 42 M 23 0 M M M 6.2 14 150 M M 4 21 140
10 53 46 50 M 15 0 M M M 5.2 14 180 M M 9 1 23 180
11 53 31 42 M 23 0 M M M 15.6 23 280 M M 6 1 37 230
12 37 17 27 M 38 0 M M M 7.2 14 330 M M 1 21 310
13 57 15 36 M 29 0 M M M 7.3 22 270 M M 0 29 270
14 43 22 33 M 32 0 M M M 6.5 14 60 M M 0 22 60
15 38 20 29 M 36 0 M M M 8.8 16 100 M M 4 24 100
16 34 27 31 M 34 0 M M M 0.9 6 90 M M 10 M M
17 45 27 36 M 29 0 M M M 3.4 12 10 M M 7 16 10
================================================================================
SM 753 320 566 0 M M 96.6 M 54
================================================================================
AV 44.3 18.8 5.7 FASTST M M 3 MAX(MPH)
MISC ----> 24 240 37 230
================================================================================
NOTES:
# LAST OF SEVERAL OCCURRENCES
COLUMN 17 PEAK WIND IN M.P.H.
PRELIMINARY LOCAL CLIMATOLOGICAL DATA (WS FORM: F-6) , PAGE 2
STATION: MERRILL MUNICIPAL AI
MONTH: MARCH
YEAR: 2021
LATITUDE: 45 10 N
LONGITUDE: 89 42 W
[TEMPERATURE DATA] [PRECIPITATION DATA] SYMBOLS USED IN COLUMN 16
AVERAGE MONTHLY: 31.6 TOTAL FOR MONTH: M 1 = FOG OR MIST
DPTR FM NORMAL: 0.0 DPTR FM NORMAL: M 2 = FOG REDUCING VISIBILITY
HIGHEST: 60 ON 9 GRTST 24HR M ON M TO 1/4 MILE OR LESS
LOWEST: 2 ON 2 3 = THUNDER
SNOW, ICE PELLETS, HAIL 4 = ICE PELLETS
TOTAL MONTH: M 5 = HAIL
GRTST 24HR M ON M 6 = FREEZING RAIN OR DRIZZLE
GRTST DEPTH: M ON M 7 = DUSTSTORM OR SANDSTORM:
VSBY 1/2 MILE OR LESS
8 = SMOKE OR HAZE
[NO. OF DAYS WITH] [WEATHER - DAYS WITH] 9 = BLOWING SNOW
X = TORNADO
MAX 32 OR BELOW: 1 0.01 INCH OR MORE: 0
MAX 90 OR ABOVE: 0 0.10 INCH OR MORE: 0
MIN 32 OR BELOW: 16 0.50 INCH OR MORE: 0
MIN 0 OR BELOW: 0 1.00 INCH OR MORE: 0
[HDD (BASE 65) ]
TOTAL THIS MO. 566 CLEAR (SCALE 0-3) 10
DPTR FM NORMAL M PTCLDY (SCALE 4-7) 5
TOTAL FM JUL 1 6939 CLOUDY (SCALE 8-10) 2
DPTR FM NORMAL 6559
[CDD (BASE 65) ]
TOTAL THIS MO. 0
DPTR FM NORMAL M [PRESSURE DATA]
TOTAL FM JAN 1 0 HIGHEST SLP M ON M
DPTR FM NORMAL 0 LOWEST SLP M ON M
[REMARKS]