000
CXUS52 KTBW 090544
CF6RSW
PRELIMINARY LOCAL CLIMATOLOGICAL DATA (WS FORM: F-6)
STATION: FORT MYERS SW INTL
MONTH: DECEMBER
YEAR: 2022
LATITUDE: 26 31 N
LONGITUDE: 81 45 W
TEMPERATURE IN F: :PCPN: SNOW: WIND :SUNSHINE: SKY :PK WND
================================================================================
1 2 3 4 5 6A 6B 7 8 9 10 11 12 13 14 15 16 17 18
12Z AVG MX 2MIN
DY MAX MIN AVG DEP HDD CDD WTR SNW DPTH SPD SPD DIR MIN PSBL S-S WX SPD DR
================================================================================
1 82 66 74 4 0 9 0.00 0.0 0 11.8 22 60 M M 1 27 70
2 83 64 74 5 0 9 0.00 0.0 0 9.4 21 60 M M 0 28 50
3 83 63 73 4 0 8 0.00 0.0 0 8.3 17 80 M M 1 23 100
4 82 63 73 4 0 8 0.00 0.0 0 3.4 10 30 M M 2 15 60
5 83 61 72 3 0 7 0.00 0.0 0 2.1 7 80 M M 0 12 20
6 85 63 74 5 0 9 0.00 0.0 0 4.2 12 60 M M 1 14 50
7 84 65 75 6 0 10 0.00 0.0 0 5.9 14 60 M M 1 1 22 70
8 82 67 75 7 0 10 0.00 0.0 0 4.0 9 60 M M 6 1 13 90
9 83 66 75 7 0 10 0.00 0.0 0 4.5 10 40 M M 2 12 14 50
10 81 63 72 4 0 7 0.00 0.0 0 3.7 9 330 M M 0 13 330
11 79 61 70 2 0 5 0.00 0.0 0 5.2 10 50 M M 2 1 14 90
12 78 59 69 1 0 4 0.00 0.0 0 3.5 8 30 M M 2 12 12 20
13 80 60 70 2 0 5 0.00 0.0 0 5.8 10 140 M M 0 1 15 60
14 82 63 73 5 0 8 0.00 0.0 0 7.8 16 190 M M 1 1 22 200
15 83 69 76 9 0 11 M 0.0 0 12.4 30 200 M M 3 13 37 200
16 72 57 65 -2 0 0 T 0.0 0 6.6 13 60 M M 10 1 16 40
17 77 58 68 1 0 3 T 0.0 0 7.1 14 100 M M 6 20 80
18 76 58 67 0 0 2 0.00 0.0 0 8.1 15 40 M M 3 22 20
19 76 52 64 -3 1 0 0.00 0.0 0 9.8 18 70 M M 0 24 70
20 78 61 70 4 0 5 M 0.0 0 8.4 17 70 M M 3 1 24 20
21 80 61 71 5 0 6 M 0.0 0 6.3 16 360 M M 5 21 340
22 78 61 70 4 0 5 T 0.0 0 3.4 12 240 M M 5 1 16 160
23 79 48 64 -2 1 0 M 0.0 0 8.5 17 330 M M 5 3 27 340
24 48 39 44 -22 21 0 0.00 0.0 0 8.3 15 350 M M 0 24 360
25 47 40 44 -22 21 0 0.00 0.0 0 7.8 14 20 M M 1 20 20
26 54 42 48 -18 17 0 0.00 0.0 0 7.3 12 360 M M 4 16 20
27 73 51 62 -4 3 0 0.00 0.0 0 7.2 13 40 M M 3 17 50
28 77 49 63 -2 2 0 0.00 0.0 0 8.4 17 80 M M 0 29 40
29 81 56 69 4 0 4 0.00 0.0 0 9.5 18 100 M M 1 25 110
30 83 62 73 8 0 8 0.00 0.0 0 5.8 14 100 M M 2 19 90
31 84 64 74 9 0 9 0.00 0.0 0 8.0 17 240 M M 2 12 21 230
================================================================================
SM 2393 1812 66 162 T 0.0 212.5 M 72
================================================================================
AV 77.2 58.5 6.9 FASTST M M 2 MAX(MPH)
MISC ----> 30 200 37 200
================================================================================
NOTES:
# LAST OF SEVERAL OCCURRENCES
COLUMN 17 PEAK WIND IN M.P.H.
PRELIMINARY LOCAL CLIMATOLOGICAL DATA (WS FORM: F-6) , PAGE 2
STATION: FORT MYERS SW INTL
MONTH: DECEMBER
YEAR: 2022
LATITUDE: 26 31 N
LONGITUDE: 81 45 W
[TEMPERATURE DATA] [PRECIPITATION DATA] SYMBOLS USED IN COLUMN 16
AVERAGE MONTHLY: 67.8 TOTAL FOR MONTH: T 1 = FOG OR MIST
DPTR FM NORMAL: 0.6 DPTR FM NORMAL: -1.60 2 = FOG REDUCING VISIBILITY
HIGHEST: 85 ON 6 GRTST 24HR 0.06 ON 15-15 TO 1/4 MILE OR LESS
LOWEST: 39 ON 24 3 = THUNDER
SNOW, ICE PELLETS, HAIL 4 = ICE PELLETS
TOTAL MONTH: 0.0 INCH 5 = HAIL
GRTST 24HR 0.0 6 = FREEZING RAIN OR DRIZZLE
GRTST DEPTH: 0 7 = DUSTSTORM OR SANDSTORM:
VSBY 1/2 MILE OR LESS
8 = SMOKE OR HAZE
[NO. OF DAYS WITH] [WEATHER - DAYS WITH] 9 = BLOWING SNOW
X = TORNADO
MAX 32 OR BELOW: 0 0.01 INCH OR MORE: 0
MAX 90 OR ABOVE: 0 0.10 INCH OR MORE: 0
MIN 32 OR BELOW: 0 0.50 INCH OR MORE: 0
MIN 0 OR BELOW: 0 1.00 INCH OR MORE: 0
[HDD (BASE 65) ]
TOTAL THIS MO. 66 CLEAR (SCALE 0-3) 23
DPTR FM NORMAL 1 PTCLDY (SCALE 4-7) 7
TOTAL FM JUL 1 68 CLOUDY (SCALE 8-10) 1
DPTR FM NORMAL -12
[CDD (BASE 65) ]
TOTAL THIS MO. 162
DPTR FM NORMAL 28 [PRESSURE DATA]
TOTAL FM JAN 1 4563 HIGHEST SLP 30.34 ON 24
DPTR FM NORMAL 631 LOWEST SLP 29.87 ON 15
[REMARKS]
#FINAL-12-22#