000
CXUS54 KTSA 011153
CF6RVS
PRELIMINARY LOCAL CLIMATOLOGICAL DATA (WS FORM: F-6)
STATION: TULSA-RIVERSIDE OKLAHOMA
MONTH: MARCH
YEAR: 2021
LATITUDE: 36 2 N
LONGITUDE: 95 59 W
TEMPERATURE IN F: :PCPN: SNOW: WIND :SUNSHINE: SKY :PK WND
================================================================================
1 2 3 4 5 6A 6B 7 8 9 10 11 12 13 14 15 16 17 18
12Z AVG MX 2MIN
DY MAX MIN AVG DEP HDD CDD WTR SNW DPTH SPD SPD DIR MIN PSBL S-S WX SPD DR
================================================================================
1 58 33 46 0 19 0 0.00 0.0 M 5.5 15 20 M M 0 25 20
2 64 28 46 0 19 0 0.00 0.0 M 2.7 13 210 M M 0 19 230
3 71 30 51 5 14 0 0.00 0.0 M 4.6 15 180 M M 0 21 170
4 74 34 54 7 11 0 0.00 0.0 M 5.1 16 170 M M 0 25 150
5 61 39 50 3 15 0 0.05 0.0 M 5.8 18 70 M M 8 1 25 70
6 65 31 48 1 17 0 0.00 0.0 M 1.9 9 170 M M 0 1 14 170
7 69 33 51 3 14 0 0.00 0.0 M 6.8 23 190 M M 0 32 210
8 72 36 54 6 11 0 0.00 0.0 M 8.6 20 210 M M 0 8 30 220
9 73 53 63 15 2 0 0.00 0.0 M 16.1 29 180 M M 4 42 180
10 77 63 70 21 0 5 0.00 0.0 M 18.2 29 180 M M 6 42 170
11 69 50 60 11 5 0 0.04 0.0 M 8.2 16 20 M M 9 24 10
12 69 50 60 11 5 0 0.34 0.0 M 4.8 13 30 M M 9 13 16 360
13 71 54 63 13 2 0 T 0.0 M 11.7 21 130 M M 8 1 32 140
14 63 45 54 4 11 0 0.63 0.0 M 8.2 18 130 M M 8 13 26 130
15 70 44 57 7 8 0 0.00 0.0 M 7.8 25 220 M M 2 1 38 220
16 77 39 58 7 7 0 0.00 0.0 M 6.6 17 170 M M 1 28 140
17 69 38 54 3 11 0 0.09 0.0 M 10.0 20 50 M M 7 13 32 280
18 51 37 44 -7 21 0 0.03 0.0 M 10.5 20 340 M M 10 37 330
19 62 44 53 1 12 0 0.00 0.0 M 7.5 14 10 M M 1 21 20
20 66 34 50 -2 15 0 0.00 0.0 M 6.5 15 190 M M 0 21 120
21 70 46 58 6 7 0 0.00 0.0 M 11.5 23 180 M M 0 34 150
22 61 52 57 4 8 0 1.03 0.0 M 10.5 23 220 M M 5 1 36 220
23 59 41 50 -3 15 0 0.05 0.0 M 7.3 18 210 M M 8 13 30 240
24 61 37 49 -4 16 0 0.35 0.0 M 5.0 21 80 M M 2 13 27 80
25 60 41 51 -3 14 0 0.30 0.0 M 3.1 15 80 M M 7 1 22 80
26 76 39 58 4 7 0 0.00 0.0 M 7.3 18 170 M M 0 12 31 150
27 79 49 64 10 1 0 0.00 0.0 M 6.9 21 360 M M 0 32 20
28 68 45 57 3 8 0 0.00 0.0 M 4.2 12 350 M M 0 19 340
29 77 40 59 4 6 0 0.00 0.0 M 11.9 22 190 M M 0 40 180
30 71 53 62 7 3 0 0.00 0.0 M 10.8 23 190 M M 6 8 35 190
31 63 41 52 -3 13 0 0.00 0.0 M 7.0 18 30 M M 1 29 40
================================================================================
SM 2096 1299 317 5 2.91 0.0 242.6 M 102
================================================================================
AV 67.6 41.9 7.8 FASTST M M 3 MAX(MPH)
MISC ----> # 29 180 # 42 180
================================================================================
NOTES:
# LAST OF SEVERAL OCCURRENCES
COLUMN 17 PEAK WIND IN M.P.H.
PRELIMINARY LOCAL CLIMATOLOGICAL DATA (WS FORM: F-6) , PAGE 2
STATION: TULSA-RIVERSIDE OKLAHOMA
MONTH: MARCH
YEAR: 2021
LATITUDE: 36 2 N
LONGITUDE: 95 59 W
[TEMPERATURE DATA] [PRECIPITATION DATA] SYMBOLS USED IN COLUMN 16
AVERAGE MONTHLY: 54.8 TOTAL FOR MONTH: 2.91 1 = FOG OR MIST
DPTR FM NORMAL: 4.2 DPTR FM NORMAL: -0.62 2 = FOG REDUCING VISIBILITY
HIGHEST: 79 ON 27 GRTST 24HR 1.08 ON 22-23 TO 1/4 MILE OR LESS
LOWEST: 28 ON 2 3 = THUNDER
SNOW, ICE PELLETS, HAIL 4 = ICE PELLETS
TOTAL MONTH: 0.0 INCH 5 = HAIL
GRTST 24HR 0.0 6 = FREEZING RAIN OR DRIZZLE
GRTST DEPTH: M ON M 7 = DUSTSTORM OR SANDSTORM:
VSBY 1/2 MILE OR LESS
8 = SMOKE OR HAZE
[NO. OF DAYS WITH] [WEATHER - DAYS WITH] 9 = BLOWING SNOW
X = TORNADO
MAX 32 OR BELOW: 0 0.01 INCH OR MORE: 10
MAX 90 OR ABOVE: 0 0.10 INCH OR MORE: 5
MIN 32 OR BELOW: 3 0.50 INCH OR MORE: 2
MIN 0 OR BELOW: 0 1.00 INCH OR MORE: 1
[HDD (BASE 65) ]
TOTAL THIS MO. 317 CLEAR (SCALE 0-3) 18
DPTR FM NORMAL -138 PTCLDY (SCALE 4-7) 9
TOTAL FM JUL 1 3312 CLOUDY (SCALE 8-10) 4
DPTR FM NORMAL -141
[CDD (BASE 65) ]
TOTAL THIS MO. 5
DPTR FM NORMAL -5 [PRESSURE DATA]
TOTAL FM JAN 1 5 HIGHEST SLP 30.52 ON 31
DPTR FM NORMAL -6 LOWEST SLP 29.48 ON 23
[REMARKS]
#FINAL-03-21#