000
CXUS55 KCYS 021107 CCA
CF6RWL
PRELIMINARY LOCAL CLIMATOLOGICAL DATA (WS FORM: F-6)...CORRECTED
STATION: RAWLINS WYOMING AIRPORT
MONTH: SEPTEMBER
YEAR: 2022
LATITUDE: 41 47 N
LONGITUDE: 107 12 W
TEMPERATURE IN F: :PCPN: SNOW: WIND :SUNSHINE: SKY :PK WND
================================================================================
1 2 3 4 5 6A 6B 7 8 9 10 11 12 13 14 15 16 17 18
12Z AVG MX 2MIN
DY MAX MIN AVG DEP HDD CDD WTR SNW DPTH SPD SPD DIR MIN PSBL S-S WX SPD DR
================================================================================
1 90 48 69 7 0 4 0.00 M M 5.9 21 270 M M 0 29 300
2 89 52 71 9 0 6 0.00 M M 9.4 18 30 M M 0 25 50
3 89 50 70 9 0 5 0.00 M M 4.5 12 10 M M 0 19 290
4 94 47 71 10 0 6 0.00 M M 8.5 25 290 M M 0 34 300
5 93 53 73 13 0 8 0.00 M M 6.0 17 250 M M 0 29 230
6 93 47 70 10 0 5 0.00 M M 8.2 17 300 M M 0 8 25 300
7 93 48 71 11 0 6 0.00 M M 3.2 15 360 M M 0 8 21 20
8 87 49 68 8 0 3 T M M 10.4 30 210 M M 1 40 210
9 63 44 54 -5 11 0 0.00 M M 16.4 24 50 M M 5 32 50
10 64 38 51 -8 14 0 0.00 M M 7.3 17 70 M M 5 23 50
11 80 30 55 -3 10 0 0.00 M M 3.2 14 280 M M 0 19 270
12 83 35 59 1 6 0 0.00 M M 4.3 15 260 M M 0 20 250
13 83 36 60 2 5 0 T M M 8.3 30 220 M M 3 43 210
14 74 53 64 7 1 0 0.02 M M 13.6 28 230 M M 6 36 240
15 64 50 57 0 8 0 0.22 M M 7.6 20 280 M M 9 18 26 270
16 66 44 55 -1 10 0 0.02 M M 11.1 32 250 M M 4 43 260
17 72 36 54 -2 11 0 T M M 6.0 25 310 M M 2 3 36 270
18 78 41 60 4 5 0 T M M 9.7 30 230 M M 2 38 240
19 81 43 62 7 3 0 0.00 M M 13.0 31 210 M M 0 41 230
20 82 40 61 6 4 0 T M M 10.1 36 190 M M 3 51 220
21 73 45 59 5 6 0 T M M 10.4 25 140 M M 3 41 110
22 67 47 57 3 8 0 0.18 M M 14.1 28 250 M M 5 13 41 250
23 69 46 58 4 7 0 0.00 M M 19.9 36 250 M M 0 51 240
24 72 40 56 3 9 0 0.00 M M 11.0 28 250 M M 0 36 250
25 74 37 56 3 9 0 0.00 M M 4.7 13 360 M M 0 19 320
26 78 36 57 5 8 0 0.00 M M 4.2 16 310 M M 0 22 290
27 80 37 59 7 6 0 0.00 M M 5.2 21 230 M M 0 29 230
28 80 39 60 9 5 0 0.00 M M 7.0 22 250 M M 2 33 200
29 75 47 61 10 4 0 0.23 M M 9.8 36 260 M M 4 3 50 260
30 54 45 50 0 15 0 0.56 M M 8.3 25 240 M M 9 1 31 230
================================================================================
SM 2340 1303 165 43 1.23 M 261.3 M 63
================================================================================
AV 78.0 43.4 8.7 FASTST M M 2 MAX(MPH)
MISC ----> # 36 190 # 51 220
================================================================================
NOTES:
# LAST OF SEVERAL OCCURRENCES
COLUMN 17 PEAK WIND IN M.P.H.
PRELIMINARY LOCAL CLIMATOLOGICAL DATA (WS FORM: F-6) , PAGE 2
STATION: RAWLINS WYOMING AIRPORT
MONTH: SEPTEMBER
YEAR: 2022
LATITUDE: 41 47 N
LONGITUDE: 107 12 W
[TEMPERATURE DATA] [PRECIPITATION DATA] SYMBOLS USED IN COLUMN 16
AVERAGE MONTHLY: 60.7 TOTAL FOR MONTH: 1.23 1 = FOG OR MIST
DPTR FM NORMAL: 4.2 DPTR FM NORMAL: 0.34 2 = FOG REDUCING VISIBILITY
HIGHEST: 94 ON 4 GRTST 24HR 0.79 ON 29-30 TO 1/4 MILE OR LESS
LOWEST: 30 ON 11 3 = THUNDER
SNOW, ICE PELLETS, HAIL 4 = ICE PELLETS
TOTAL MONTH: M 5 = HAIL
GRTST 24HR M ON M 6 = FREEZING RAIN OR DRIZZLE
GRTST DEPTH: M ON M 7 = DUSTSTORM OR SANDSTORM:
VSBY 1/2 MILE OR LESS
8 = SMOKE OR HAZE
[NO. OF DAYS WITH] [WEATHER - DAYS WITH] 9 = BLOWING SNOW
X = TORNADO
MAX 32 OR BELOW: 0 0.01 INCH OR MORE: 6
MAX 90 OR ABOVE: 5 0.10 INCH OR MORE: 4
MIN 32 OR BELOW: 1 0.50 INCH OR MORE: 1
MIN 0 OR BELOW: 0 1.00 INCH OR MORE: 0
[HDD (BASE 65) ]
TOTAL THIS MO. 165 CLEAR (SCALE 0-3) 22
DPTR FM NORMAL -98 PTCLDY (SCALE 4-7) 6
TOTAL FM JUL 1 170 CLOUDY (SCALE 8-10) 2
DPTR FM NORMAL -171
[CDD (BASE 65) ]
TOTAL THIS MO. 43
DPTR FM NORMAL 35 [PRESSURE DATA]
TOTAL FM JAN 1 438 HIGHEST SLP 30.31 ON 25
DPTR FM NORMAL 213 LOWEST SLP 29.66 ON 8
[REMARKS]
SEPTEMBER 5...TIED RECORD HIGH 93 DEGREES PREVIOUSLY SET IN 2020
SEPTEMBER 6...RECORD HIGH 93 DEGREES (PREVIOUS 91 DEGREES IN 1998)
SEPTEMBER 7...RECORD HIGH 93 DEGREES (PREVIOUS 88 DEGREES IN 1998)
MEAN TEMPERATURE 60.7 DEGREES WAS 2ND WARMEST SEPTEMBER
#FINAL-09-22#