600
CXUS55 KPIH 012144
CF6RXE
PRELIMINARY LOCAL CLIMATOLOGICAL DATA (WS FORM: F-6)
STATION: REXBURG ID
MONTH: NOVEMBER
YEAR: 2020
LATITUDE: 43 49 N
LONGITUDE: 111 48 W
TEMPERATURE IN F: :PCPN: SNOW: WIND :SUNSHINE: SKY :PK WND
================================================================================
1 2 3 4 5 6A 6B 7 8 9 10 11 12 13 14 15 16 17 18
12Z AVG MX 2MIN
DY MAX MIN AVG DEP HDD CDD WTR SNW DPTH SPD SPD DIR MIN PSBL S-S WX SPD DR
================================================================================
1 61 22 42 4 23 0 0.00 M M 4.0 8 50 M M 0 10 50
2 66 24 45 7 20 0 0.00 M M 2.3 7 40 M M 0 8 10 240
3 66 25 46 9 19 0 0.00 M M 4.0 14 220 M M 1 8 17 210
4 67 29 48 11 17 0 0.00 M M 8.5 16 220 M M 0 24 220
5 67 29 48 12 17 0 0.00 M M 5.8 18 200 M M 0 26 190
6 71 33 52 16 13 0 0.00 M M 8.9 23 200 M M 2 33 240
7 65 39 52 17 13 0 0.18 M M 10.7 28 230 M M 5 18 39 240
8 40 25 33 -2 32 0 0.03 M M 9.2 21 230 M M 7 18 27 220
9 29 19 24 -10 41 0 T M M 7.4 18 220 M M 9 25 220
10 29 24 27 -7 38 0 0.07 M M 12.1 20 210 M M 10 1 27 220
11 32 19 26 -7 39 0 0.17 M M 7.3 18 240 M M 9 18 23 240
12 28 8 18 -15 47 0 T M M 5.5 15 200 M M 6 18 20 200
13 35 14 25 -7 40 0 0.13 M M 10.0 25 220 M M 7 18 34 210
14 36 24 30 -2 35 0 T M M 11.8 28 240 M M 3 39 230
15 37 29 33 2 32 0 0.03 M M 12.6 20 220 M M 10 18 30 220
16 39 31 35 5 30 0 T M M 4.4 15 210 M M 7 1 22 210
17 51 28 40 10 25 0 0.00 M M 3.3 8 210 M M 0 13 190
18 50 38 44 15 21 0 0.04 M M 10.5 21 210 M M 7 30 200
19 43 32 38 9 27 0 0.00 M M 16.5 28 230 M M 6 37 230
20 40 20 30 2 35 0 0.00 M M 5.5 12 50 M M 2 14 180
21 36 14 25 -3 40 0 0.00 M M 3.6 9 220 M M 0 12 230
22 41 13 27 0 38 0 0.00 M M 4.8 12 70 M M 0 14 40
23 36 16 26 -1 39 0 0.00 M M 5.1 13 230 M M 2 18 250
24 32 20 26 0 39 0 0.00 M M 2.5 9 220 M M 9 18 13 220
25 37 25 31 5 34 0 0.17 M M 7.2 18 220 M M 9 128 25 230
26 27 19 23 -3 42 0 T M M 6.8 15 200 M M 10 1 18 230
27 29 21 25 0 40 0 0.00 M M 2.8 8 60 M M 10 10 70
28 28 10 19 -6 46 0 0.00 M M 5.1 13 70 M M 4 1 17 80
29 29 4 17 -7 48 0 0.00 M M 5.0 9 60 M M 1 10 60
30 33 4 19 -5 46 0 0.00 M M 4.6 10 200 M M 2 12 200
================================================================================
SM 1280 658 976 0 0.82 M 207.8 M 138
================================================================================
AV 42.7 21.9 6.9 FASTST M M 5 MAX(MPH)
MISC ----> # 28 230 # 39 240
================================================================================
NOTES:
# LAST OF SEVERAL OCCURRENCES
PRECIPITATION SUSPECT DURING FREEZING/FROZEN EVENTS
COLUMN 17 PEAK WIND IN M.P.H.
PRELIMINARY LOCAL CLIMATOLOGICAL DATA (WS FORM: F-6) , PAGE 2
STATION: REXBURG ID
MONTH: NOVEMBER
YEAR: 2020
LATITUDE: 43 49 N
LONGITUDE: 111 48 W
[TEMPERATURE DATA] [PRECIPITATION DATA] SYMBOLS USED IN COLUMN 16
AVERAGE MONTHLY: 32.3 TOTAL FOR MONTH: 0.82 1 = FOG OR MIST
DPTR FM NORMAL: 1.5 DPTR FM NORMAL: -0.22 2 = FOG REDUCING VISIBILITY
HIGHEST: 71 ON 6 GRTST 24HR 0.18 ON 7- 7 TO 1/4 MILE OR LESS
LOWEST: 4 ON 30,29 3 = THUNDER
SNOW, ICE PELLETS, HAIL 4 = ICE PELLETS
TOTAL MONTH: M 5 = HAIL
GRTST 24HR M ON M 6 = FREEZING RAIN OR DRIZZLE
GRTST DEPTH: M ON M 7 = DUSTSTORM OR SANDSTORM:
VSBY 1/2 MILE OR LESS
8 = SMOKE OR HAZE
[NO. OF DAYS WITH] [WEATHER - DAYS WITH] 9 = BLOWING SNOW
X = TORNADO
MAX 32 OR BELOW: 9 0.01 INCH OR MORE: 8
MAX 90 OR ABOVE: 0 0.10 INCH OR MORE: 4
MIN 32 OR BELOW: 27 0.50 INCH OR MORE: 0
MIN 0 OR BELOW: 0 1.00 INCH OR MORE: 0
[HDD (BASE 65) ]
TOTAL THIS MO. 976 CLEAR (SCALE 0-3) 14
DPTR FM NORMAL -49 PTCLDY (SCALE 4-7) 8
TOTAL FM JUL 1 1767 CLOUDY (SCALE 8-10) 8
DPTR FM NORMAL -245
[CDD (BASE 65) ]
TOTAL THIS MO. 0
DPTR FM NORMAL 0 [PRESSURE DATA]
TOTAL FM JAN 1 349 HIGHEST SLP 30.74 ON 29
DPTR FM NORMAL 141 LOWEST SLP 29.18 ON 8
[REMARKS]
#FINAL-11-20#