548
CXUS55 KPIH 011424
CF6RXE
PRELIMINARY LOCAL CLIMATOLOGICAL DATA (WS FORM: F-6)
STATION: REXBURG ID
MONTH: AUGUST
YEAR: 2020
LATITUDE: 43 49 N
LONGITUDE: 111 48 W
TEMPERATURE IN F: :PCPN: SNOW: WIND :SUNSHINE: SKY :PK WND
================================================================================
1 2 3 4 5 6A 6B 7 8 9 10 11 12 13 14 15 16 17 18
12Z AVG MX 2MIN
DY MAX MIN AVG DEP HDD CDD WTR SNW DPTH SPD SPD DIR MIN PSBL S-S WX SPD DR
================================================================================
1 98 62 80 11 0 15 0.00 M M 6.3 15 60 M M 0 21 70
2 97 55 76 7 0 11 0.00 M M 4.2 9 180 M M 0 12 210
3 91 57 74 5 0 9 0.00 M M 7.0 18 190 M M 0 25 180
4 88 52 70 1 0 5 0.00 M M 6.1 13 230 M M 0 17 220
5 92 50 71 2 0 6 0.00 M M 4.0 18 180 M M 0 24 160
6 91 62 77 8 0 12 0.00 M M 7.8 21 30 M M 0 32 30
7 85 55 70 1 0 5 0.00 M M 11.2 22 200 M M 0 28 220
8 86 47 67 -2 0 2 0.00 M M 9.3 18 200 M M 0 27 210
9 87 49 68 0 0 3 0.00 M M 8.3 21 200 M M 0 28 200
10 85 52 69 1 0 4 0.00 M M 6.9 15 190 M M 0 22 240
11 88 47 68 0 0 3 0.00 M M 8.8 18 200 M M 0 25 190
12 87 65 76 8 0 11 0.00 M M 13.3 28 230 M M 0 40 240
13 85 62 74 6 0 9 0.00 M M 14.1 28 200 M M 0 38 230
14 83 47 65 -3 0 0 0.00 M M 6.6 16 240 M M 0 20 240
15 87 46 67 0 0 2 0.00 M M 5.6 14 220 M M 0 19 200
16 95 48 72 5 0 7 0.00 M M 2.8 12 220 M M 0 14 210
17 96 51 74 7 0 9 0.00 M M 4.1 12 190 M M 0 16 250
18 92 59 76 10 0 11 0.04 M M 5.1 16 160 M M 0 38 27 360
19 91 61 76 10 0 11 T M M 6.2 21 50 M M 1 27 60
20 87 56 72 6 0 7 0.00 M M 9.1 21 200 M M 3 8 28 200
21 86 49 68 2 0 3 0.00 M M 4.4 12 200 M M 2 8 16 190
22 90 49 70 5 0 5 0.00 M M 6.1 15 190 M M 7 8 21 190
23 88 50 69 4 0 4 0.00 M M 3.2 8 210 M M 2 8 10 300
24 88 51 70 6 0 5 0.00 M M 4.7 15 170 M M 0 8 20 170
25 89 59 74 10 0 9 0.01 M M 4.9 32 250 M M 1 8 43 260
26 87 50 69 5 0 4 0.11 M M 4.6 18 310 M M 0 3 30 340
27 82 58 70 7 0 5 0.03 M M 8.1 13 90 M M 2 3 20 10
28 84 48 66 3 0 1 0.00 M M 3.5 10 250 M M 0 13 240
29 87 49 68 5 0 3 0.00 M M 9.9 22 200 M M 0 27 200
30 79 49 64 2 1 0 0.00 M M 8.9 24 200 M M 0 33 210
31 56 42 49 -13 16 0 0.09 M M 4.4 12 190 M M 7 15 170
================================================================================
SM 2707 1637 17 181 0.28 M 209.5 M 25
================================================================================
AV 87.3 52.8 6.8 FASTST M M 1 MAX(MPH)
MISC ----> # 32 250 # 43 260
================================================================================
NOTES:
# LAST OF SEVERAL OCCURRENCES
PRECIP SUSPECT DURING FREEZING/FROZEN EVENTS
COLUMN 17 PEAK WIND IN M.P.H.
PRELIMINARY LOCAL CLIMATOLOGICAL DATA (WS FORM: F-6) , PAGE 2
STATION: REXBURG ID
MONTH: AUGUST
YEAR: 2020
LATITUDE: 43 49 N
LONGITUDE: 111 48 W
[TEMPERATURE DATA] [PRECIPITATION DATA] SYMBOLS USED IN COLUMN 16
AVERAGE MONTHLY: 70.1 TOTAL FOR MONTH: 0.28 1 = FOG OR MIST
DPTR FM NORMAL: 3.7 DPTR FM NORMAL: -0.68 2 = FOG REDUCING VISIBILITY
HIGHEST: 98 ON 1 GRTST 24HR 0.11 ON 26-26 TO 1/4 MILE OR LESS
LOWEST: 42 ON 31 3 = THUNDER
SNOW, ICE PELLETS, HAIL 4 = ICE PELLETS
TOTAL MONTH: M 5 = HAIL
GRTST 24HR M ON M 6 = FREEZING RAIN OR DRIZZLE
GRTST DEPTH: M ON M 7 = DUSTSTORM OR SANDSTORM:
VSBY 1/2 MILE OR LESS
8 = SMOKE OR HAZE
[NO. OF DAYS WITH] [WEATHER - DAYS WITH] 9 = BLOWING SNOW
X = TORNADO
MAX 32 OR BELOW: 0 0.01 INCH OR MORE: 5
MAX 90 OR ABOVE: 10 0.10 INCH OR MORE: 1
MIN 32 OR BELOW: 0 0.50 INCH OR MORE: 0
MIN 0 OR BELOW: 0 1.00 INCH OR MORE: 0
[HDD (BASE 65) ]
TOTAL THIS MO. 17 CLEAR (SCALE 0-3) 28
DPTR FM NORMAL -26 PTCLDY (SCALE 4-7) 3
TOTAL FM JUL 1 30 CLOUDY (SCALE 8-10) 0
DPTR FM NORMAL -43
[CDD (BASE 65) ]
TOTAL THIS MO. 181
DPTR FM NORMAL 93 [PRESSURE DATA]
TOTAL FM JAN 1 334 HIGHEST SLP 30.23 ON 16
DPTR FM NORMAL 132 LOWEST SLP 29.66 ON 6
[REMARKS]
#FINAL-08-20#