000
CXUS55 KPIH 011100
CF6RXE
PRELIMINARY LOCAL CLIMATOLOGICAL DATA (WS FORM: F-6)
STATION: REXBURG
MONTH: JULY
YEAR: 2023
LATITUDE: 43 49 N
LONGITUDE: 111 48 W
TEMPERATURE IN F: :PCPN: SNOW: WIND :SUNSHINE: SKY :PK WND
================================================================================
1 2 3 4 5 6A 6B 7 8 9 10 11 12 13 14 15 16 17 18
12Z AVG MX 2MIN
DY MAX MIN AVG DEP HDD CDD WTR SNW DPTH SPD SPD DIR MIN PSBL S-S WX SPD DR
================================================================================
1 88 54 71 7 0 6 T M M 7.9 29 360 M M 1 38 41 360
2 88 50 69 4 0 4 0.00 M M 7.8 15 190 M M 0 21 190
3 88 50 69 4 0 4 0.00 M M 8.9 21 230 M M 0 30 240
4 80 54 67 2 0 2 0.00 M M 7.6 17 50 M M 0 27 300
5 81 47 64 -2 1 0 0.00 M M 5.1 12 50 M M 0 16 250
6 83 48 66 0 0 1 0.00 M M 7.5 20 30 M M 1 28 50
7 87 51 69 3 0 4 0.00 M M 6.0 15 50 M M 1 3 24 20
8 87 57 72 5 0 7 T M M 4.8 13 200 M M 1 22 100
9 90 54 72 5 0 7 0.00 M M 5.3 14 40 M M 0 21 20
10 92 55 74 7 0 9 0.00 M M 8.2 20 220 M M 0 28 200
11 88 58 73 5 0 8 T M M 11.0 24 200 M M 0 37 220
12 88 49 69 1 0 4 0.00 M M 5.5 13 160 M M 0 17 160
13 88 50 69 1 0 4 0.00 M M 7.1 22 200 M M 1 32 200
14 85 55 70 2 0 5 0.00 M M 5.5 15 220 M M 2 21 220
15 89 53 71 3 0 6 0.00 M M 5.8 15 220 M M 0 20 220
16 95 53 74 5 0 9 0.00 M M 3.9 9 70 M M 0 14 60
17 90 57 74 5 0 9 T M M 7.9 23 210 M M 0 37 210
18 91 54 73 4 0 8 0.00 M M 9.7 20 200 M M 0 29 190
19 89 55 72 3 0 7 0.00 M M 4.6 15 220 M M 0 23 220
20 89 56 73 3 0 8 T M M 6.1 23 260 M M 1 36 280
21 92 54 73 3 0 8 0.00 M M 4.5 9 150 M M 0 14 260
22 96 55 76 6 0 11 0.00 M M 4.1 10 190 M M 0 15 200
23 99 57 78 8 0 13 T M M 5.2 21 170 M M 0 3 30 190
24 90 65 78 8 0 13 0.01 M M 6.7 20 190 M M 2 33 190
25 88 57 73 3 0 8 0.00 M M 10.2 24 220 M M 0 37 210
26 92 50 71 1 0 6 0.00 M M 9.4 22 220 M M 0 32 210
27 92 59 76 6 0 11 0.00 M M 10.6 25 210 M M 2 39 190
28 92 52 72 2 0 7 0.00 M M 6.4 17 200 M M 0 25 230
29 96 52 74 4 0 9 0.00 M M 4.7 12 30 M M 0 17 20
30 95 54 75 5 0 10 0.00 M M 6.5 16 240 M M 0 23 250
31 94 57 76 6 0 11 0.01 M M 5.8 21 180 M M 1 3 32 160
================================================================================
SM 2782 1672 1 219 0.02 M 210.3 M 13
================================================================================
AV 89.7 53.9 6.8 FASTST M M 0 MAX(MPH)
MISC ----> 29 360 41 360
================================================================================
NOTES:
# LAST OF SEVERAL OCCURRENCES
COLUMN 17 PEAK WIND IN M.P.H.
PRELIMINARY LOCAL CLIMATOLOGICAL DATA (WS FORM: F-6) , PAGE 2
STATION: REXBURG
MONTH: JULY
YEAR: 2023
LATITUDE: 43 49 N
LONGITUDE: 111 48 W
[TEMPERATURE DATA] [PRECIPITATION DATA] SYMBOLS USED IN COLUMN 16
AVERAGE MONTHLY: 71.8 TOTAL FOR MONTH: 0.02 1 = FOG OR MIST
DPTR FM NORMAL: 3.6 DPTR FM NORMAL: -0.36 2 = FOG REDUCING VISIBILITY
HIGHEST: 99 ON 23 GRTST 24HR 0.01 ON 24-24 TO 1/4 MILE OR LESS
LOWEST: 47 ON 5 3 = THUNDER
SNOW, ICE PELLETS, HAIL 4 = ICE PELLETS
TOTAL MONTH: M 5 = HAIL
GRTST 24HR M ON M 6 = FREEZING RAIN OR DRIZZLE
GRTST DEPTH: M ON M 7 = DUSTSTORM OR SANDSTORM:
VSBY 1/2 MILE OR LESS
8 = SMOKE OR HAZE
[NO. OF DAYS WITH] [WEATHER - DAYS WITH] 9 = BLOWING SNOW
X = TORNADO
MAX 32 OR BELOW: 0 0.01 INCH OR MORE: 2
MAX 90 OR ABOVE: 15 0.10 INCH OR MORE: 0
MIN 32 OR BELOW: 0 0.50 INCH OR MORE: 0
MIN 0 OR BELOW: 0 1.00 INCH OR MORE: 0
[HDD (BASE 65) ]
TOTAL THIS MO. 1 CLEAR (SCALE 0-3) 31
DPTR FM NORMAL -22 PTCLDY (SCALE 4-7) 0
TOTAL FM JUL 1 1 CLOUDY (SCALE 8-10) 0
DPTR FM NORMAL -18
[CDD (BASE 65) ]
TOTAL THIS MO. 219
DPTR FM NORMAL 97 [PRESSURE DATA]
TOTAL FM JAN 1 228 HIGHEST SLP 30.16 ON 21
DPTR FM NORMAL 80 LOWEST SLP 29.72 ON 3
[REMARKS]
#FINAL-07-23#