000
CXUS54 KEWX 011010
CF6RYW
PRELIMINARY LOCAL CLIMATOLOGICAL DATA (WS FORM: F-6)
STATION: LAGO VISTA
MONTH: MAY
YEAR: 2021
LATITUDE: 30 30 N
LONGITUDE: 97 58 W
TEMPERATURE IN F: :PCPN: SNOW: WIND :SUNSHINE: SKY :PK WND
================================================================================
1 2 3 4 5 6A 6B 7 8 9 10 11 12 13 14 15 16 17 18
12Z AVG MX 2MIN
DY MAX MIN AVG DEP HDD CDD WTR SNW DPTH SPD SPD DIR MIN PSBL S-S WX SPD DR
================================================================================
1 70 59 65 M 0 0 1.68 M M 6.6 14 140 M M 10 13 24 10
2 90 59 75 M 0 10 0.01 M M 7.4 13 220 M M 1 23 200
3 95 69 82 M 0 17 0.04 M M 8.5 13 170 M M 4 1 20 140
4 80 60 70 M 0 5 0.00 M M 9.5 16 340 M M 3 26 340
5 83 52 68 M 0 3 0.00 M M 6.8 10 50 M M 0 16 10
6 89 55 72 M 0 7 0.00 M M 5.8 12 90 M M 0 18 40
7 86 57 72 M 0 7 0.00 M M 5.5 10 200 M M 0 17 200
8 85 63 74 M 0 9 0.00 M M 8.7 14 190 M M 8 25 200
9 90 72 81 M 0 16 0.00 M M 7.3 17 190 M M 6 24 190
10 77 58 68 M 0 3 0.00 M M 8.3 14 40 M M 10 1 21 40
11 66 58 62 M 3 0 0.05 M M 7.6 15 340 M M 10 12 23 340
12 72 56 64 M 1 0 0.01 M M 8.1 14 20 M M 10 23 20
13 75 56 66 M 0 1 0.00 M M 4.7 7 70 M M 9 M M
14 85 56 71 M 0 6 0.00 M M 5.0 13 140 M M 6 21 160
15 82 66 74 M 0 9 0.00 M M 7.2 13 150 M M 8 20 180
16 83 68 76 M 0 11 0.85 M M 7.3 13 150 M M 7 1 23 140
17 81 62 72 M 0 7 0.58 M M 6.2 13 180 M M 7 13 30 40
18 73 63 68 M 0 3 0.14 M M 7.6 12 10 M M 8 13 31 80
19 70 61 66 M 0 1 0.00 M M 5.3 12 220 M M 5 21 190
20 89 60 75 M 0 10 0.00 M M 3.4 8 80 M M 3 1 M M
21 89 65 77 M 0 12 0.00 M M 5.4 10 100 M M 6 12 17 90
22 76 69 73 M 0 8 0.48 M M 9.6 16 100 M M 8 25 100
23 75 67 71 M 0 6 0.16 M M 7.2 10 120 M M 10 1 18 110
24 89 67 78 M 0 13 0.36 M M 5.9 10 100 M M 9 1 17 140
25 93 70 82 M 0 17 0.00 M M 7.1 10 150 M M 8 1 18 150
26 93 64 79 M 0 14 0.11 M M 6.5 10 160 M M 6 1 23 210
27 91 72 82 M 0 17 0.00 M M 7.8 13 190 M M 7 20 180
28 92 64 78 M 0 13 0.82 M M 7.3 13 90 M M 8 3 24 90
29 91 63 77 M 0 12 0.03 M M 4.9 10 260 M M 3 1 M M
30 91 65 78 M 0 13 0.23 M M 4.6 14 70 M M 7 1 16 80
31 87 65 76 M 0 11 1.36 M M 7.3 13 20 M M 9 13 25 160
================================================================================
SM 2588 1941 4 261 6.91 M 210.6 M 196
================================================================================
AV 83.5 62.6 6.8 FASTST M M 6 MAX(MPH)
MISC ----> 17 190 31 80
================================================================================
NOTES:
# LAST OF SEVERAL OCCURRENCES
COLUMN 17 PEAK WIND IN M.P.H.
PRELIMINARY LOCAL CLIMATOLOGICAL DATA (WS FORM: F-6) , PAGE 2
STATION: LAGO VISTA
MONTH: MAY
YEAR: 2021
LATITUDE: 30 30 N
LONGITUDE: 97 58 W
[TEMPERATURE DATA] [PRECIPITATION DATA] SYMBOLS USED IN COLUMN 16
AVERAGE MONTHLY: 73.0 TOTAL FOR MONTH: 6.91 1 = FOG OR MIST
DPTR FM NORMAL: 0.0 DPTR FM NORMAL: M 2 = FOG REDUCING VISIBILITY
HIGHEST: 95 ON 3 GRTST 24HR 1.68 ON 1- 1 TO 1/4 MILE OR LESS
LOWEST: 52 ON 5 3 = THUNDER
SNOW, ICE PELLETS, HAIL 4 = ICE PELLETS
TOTAL MONTH: M 5 = HAIL
GRTST 24HR M ON M 6 = FREEZING RAIN OR DRIZZLE
GRTST DEPTH: M ON M 7 = DUSTSTORM OR SANDSTORM:
VSBY 1/2 MILE OR LESS
8 = SMOKE OR HAZE
[NO. OF DAYS WITH] [WEATHER - DAYS WITH] 9 = BLOWING SNOW
X = TORNADO
MAX 32 OR BELOW: 0 0.01 INCH OR MORE: 16
MAX 90 OR ABOVE: 9 0.10 INCH OR MORE: 11
MIN 32 OR BELOW: 0 0.50 INCH OR MORE: 5
MIN 0 OR BELOW: 0 1.00 INCH OR MORE: 2
[HDD (BASE 65) ]
TOTAL THIS MO. 4 CLEAR (SCALE 0-3) 6
DPTR FM NORMAL M PTCLDY (SCALE 4-7) 15
TOTAL FM JUL 1 1583 CLOUDY (SCALE 8-10) 10
DPTR FM NORMAL M
[CDD (BASE 65) ]
TOTAL THIS MO. 261
DPTR FM NORMAL M [PRESSURE DATA]
TOTAL FM JAN 1 454 HIGHEST SLP M ON M
DPTR FM NORMAL M LOWEST SLP M ON M
[REMARKS]
#FINAL-05-21#