000
CXUS56 KSGX 011045
CF6SAN
PRELIMINARY LOCAL CLIMATOLOGICAL DATA (WS FORM: F-6)
STATION: SAN DIEGO INTL AIRPORT CA
MONTH: AUGUST
YEAR: 2022
LATITUDE: 32 43 N
LONGITUDE: 117 10 W
TEMPERATURE IN F: :PCPN: SNOW: WIND :SUNSHINE: SKY :PK WND
================================================================================
1 2 3 4 5 6A 6B 7 8 9 10 11 12 13 14 15 16 17 18
12Z AVG MX 2MIN
DY MAX MIN AVG DEP HDD CDD WTR SNW DPTH SPD SPD DIR MIN PSBL S-S WX SPD DR
================================================================================
1 80 70 75 3 0 10 0.00 M M 6.4 14 280 M M 5 19 260
2 79 70 75 3 0 10 0.00 M M 7.4 16 280 M M 4 21 310
3 77 69 73 1 0 8 0.00 M M 6.9 15 280 M M 7 21 260
4 79 68 74 2 0 9 0.00 M M 5.3 14 270 M M 7 8 17 290
5 80 69 75 3 0 10 0.00 M M 7.3 18 280 M M 3 22 310
6 78 69 74 2 0 9 0.00 M M 7.7 17 290 M M 4 22 300
7 79 67 73 1 0 8 0.00 M M 4.4 10 280 M M 5 16 260
8 81 68 75 3 0 10 T M M 4.3 10 190 M M 6 22 200
9 85 70 78 6 0 13 0.00 M M 4.5 12 280 M M 5 19 220
10 85 72 79 7 0 14 0.00 M M 5.1 14 280 M M 4 19 280
11 83 69 76 4 0 11 0.00 M M 7.1 17 280 M M 5 1 22 280
12 82 69 76 4 0 11 0.00 M M 5.2 15 280 M M 7 19 270
13 80 70 75 3 0 10 0.00 M M 5.3 12 220 M M 6 20 220
14 81 70 76 4 0 11 0.00 M M 4.8 12 210 M M 2 22 200
15 79 70 75 3 0 10 0.00 M M 5.6 13 280 M M 6 8 17 250
16 80 69 75 3 0 10 0.00 M M 4.6 13 280 M M 4 18 22 210
17 81 69 75 3 0 10 0.00 M M 4.9 14 280 M M 4 1 17 290
18 81 69 75 3 0 10 0.00 M M 7.0 15 300 M M 5 21 290
19 77 68 73 0 0 8 0.00 M M 6.0 13 220 M M 6 24 200
20 76 69 73 0 0 8 0.00 M M 8.0 13 220 M M 8 25 210
21 75 68 72 -1 0 7 0.00 M M 5.6 12 270 M M 8 21 180
22 79 69 74 1 0 9 0.00 M M 6.1 16 290 M M 7 22 280
23 76 69 73 0 0 8 0.00 M M 5.5 12 200 M M 7 23 210
24 76 69 73 0 0 8 0.00 M M 5.5 12 210 M M 6 8 22 220
25 79 70 75 2 0 10 0.00 M M 4.9 12 210 M M 4 23 200
26 80 71 76 3 0 11 0.00 M M 5.1 15 280 M M 4 19 290
27 77 70 74 1 0 9 0.00 M M 5.8 13 280 M M 5 19 220
28 76 70 73 0 0 8 0.00 M M 4.6 13 250 M M 6 23 230
29 78 71 75 2 0 10 0.00 M M 7.2 17 280 M M 6 23 320
30 82 69 76 3 0 11 0.00 M M 6.7 17 290 M M 1 23 280
31 85 69 77 4 0 12 0.00 M M 6.3 17 290 M M 2 22 300
================================================================================
SM 2466 2149 0 303 T M 181.1 M 159
================================================================================
AV 79.5 69.3 5.8 FASTST M M 5 MAX(MPH)
MISC ----> 18 280 25 210
================================================================================
NOTES:
# LAST OF SEVERAL OCCURRENCES
COLUMN 17 PEAK WIND IN M.P.H.
PRELIMINARY LOCAL CLIMATOLOGICAL DATA (WS FORM: F-6) , PAGE 2
STATION: SAN DIEGO INTL AIRPORT CA
MONTH: AUGUST
YEAR: 2022
LATITUDE: 32 43 N
LONGITUDE: 117 10 W
[TEMPERATURE DATA] [PRECIPITATION DATA] SYMBOLS USED IN COLUMN 16
AVERAGE MONTHLY: 74.4 TOTAL FOR MONTH: T 1 = FOG OR MIST
DPTR FM NORMAL: 2.0 DPTR FM NORMAL: -0.01 2 = FOG REDUCING VISIBILITY
HIGHEST: 85 ON 31,10 GRTST 24HR T ON 8- 8 TO 1/4 MILE OR LESS
LOWEST: 67 ON 7 3 = THUNDER
SNOW, ICE PELLETS, HAIL 4 = ICE PELLETS
TOTAL MONTH: M 5 = HAIL
GRTST 24HR M ON M 6 = FREEZING RAIN OR DRIZZLE
GRTST DEPTH: M ON M 7 = DUSTSTORM OR SANDSTORM:
VSBY 1/2 MILE OR LESS
8 = SMOKE OR HAZE
[NO. OF DAYS WITH] [WEATHER - DAYS WITH] 9 = BLOWING SNOW
X = TORNADO
MAX 32 OR BELOW: 0 0.01 INCH OR MORE: 0
MAX 90 OR ABOVE: 0 0.10 INCH OR MORE: 0
MIN 32 OR BELOW: 0 0.50 INCH OR MORE: 0
MIN 0 OR BELOW: 0 1.00 INCH OR MORE: 0
[HDD (BASE 65) ]
TOTAL THIS MO. 0 CLEAR (SCALE 0-3) 3
DPTR FM NORMAL 0 PTCLDY (SCALE 4-7) 27
TOTAL FM JUL 1 0 CLOUDY (SCALE 8-10) 1
DPTR FM NORMAL -1
[CDD (BASE 65) ]
TOTAL THIS MO. 303
DPTR FM NORMAL 73 [PRESSURE DATA]
TOTAL FM JAN 1 544 HIGHEST SLP 30.08 ON 21
DPTR FM NORMAL -16 LOWEST SLP 29.76 ON 31
[REMARKS]
#FINAL-08-22#