000
CXUS54 KEWX 030220
CF6SAT
PRELIMINARY LOCAL CLIMATOLOGICAL DATA (WS FORM: F-6)
STATION: SAN ANTONIO
MONTH: MARCH
YEAR: 2021
LATITUDE: 29 31 N
LONGITUDE: 98 28 W
TEMPERATURE IN F: :PCPN: SNOW: WIND :SUNSHINE: SKY :PK WND
================================================================================
1 2 3 4 5 6A 6B 7 8 9 10 11 12 13 14 15 16 17 18
12Z AVG MX 2MIN
DY MAX MIN AVG DEP HDD CDD WTR SNW DPTH SPD SPD DIR MIN PSBL S-S WX SPD DR
================================================================================
1 62 51 57 -2 8 0 T 0.0 0 16.1 30 350 M M 10 44 350
2 67 42 55 -4 10 0 0.00 0.0 0 6.1 18 20 M M 2 25 10
3 71 38 55 -4 10 0 0.00 0.0 0 6.2 16 150 M M 2 21 150
4 75 45 60 1 5 0 0.00 0.0 0 8.6 21 150 M M 6 26 130
5 81 56 69 9 0 4 0.00 0.0 0 10.8 28 360 M M 6 1 37 340
6 68 50 59 -1 6 0 0.00 0.0 0 8.8 23 360 M M 3 33 20
7 70 45 58 -2 7 0 0.00 0.0 0 6.0 15 130 M M 2 22 130
8 72 48 60 0 5 0 T 0.0 0 9.0 20 150 M M 8 26 140
9 77 58 68 8 0 3 T 0.0 0 14.4 26 130 M M 9 12 34 130
10 82 64 73 12 0 8 0.00 0.0 0 17.3 28 130 M M 9 37 130
11 79 66 73 12 0 8 0.00 0.0 0 15.4 26 160 M M 9 35 170
12 80 68 74 13 0 9 T 0.0 0 15.3 25 120 M M 9 36 140
13 78 67 73 11 0 8 0.07 0.0 0 17.3 32 130 M M 10 1 42 130
14 80 52 66 4 0 1 0.05 0.0 0 7.7 23 150 M M 9 1 35 140
15 84 44 64 2 1 0 0.00 0.0 0 7.4 13 150 M M 4 20 180
16 84 65 75 13 0 10 0.00 0.0 0 11.4 18 130 M M 9 1 30 150
17 81 57 69 7 0 4 0.02 0.0 0 16.3 31 320 M M 4 1 42 330
18 75 49 62 -1 3 0 0.00 0.0 0 13.6 25 340 M M 0 38 330
19 72 46 59 -4 6 0 0.00 0.0 0 7.9 17 360 M M 1 24 360
20 71 42 57 -6 8 0 0.00 0.0 0 4.3 13 130 M M 0 19 110
21 74 45 60 -3 5 0 0.00 0.0 0 9.6 23 140 M M 3 30 150
22 73 57 65 1 0 0 0.00 0.0 0 13.1 25 140 M M 9 32 130
23 83 51 67 3 0 2 0.39 0.0 0 3.4 23 300 M M 3 13 35 310
24 77 54 66 2 0 1 0.02 0.0 0 9.1 23 130 M M 7 12 29 130
25 78 55 67 3 0 2 T 0.0 0 9.3 29 340 M M 4 40 340
26 85 48 67 3 0 2 0.00 0.0 0 7.5 18 130 M M 0 24 170
27 88 66 77 12 0 12 T 0.0 0 6.9 15 160 M M 7 1 20 150
28 76 53 65 0 0 0 0.03 0.0 0 14.2 30 20 M M 6 3 43 10
29 75 47 61 -4 4 0 0.00 0.0 0 9.4 21 140 M M 5 30 150
30 80 61 71 6 0 6 T 0.0 0 8.4 17 190 M M 10 1 23 140
31 76 61 69 3 0 4 T 0.0 0 13.9 25 20 M M 9 35 360
================================================================================
SM 2374 1651 78 84 0.58 0.0 324.7 M 175
================================================================================
AV 76.6 53.3 10.5 FASTST M M 6 MAX(MPH)
MISC ----> 32 130 44 350
================================================================================
NOTES:
# LAST OF SEVERAL OCCURRENCES
COLUMN 17 PEAK WIND IN M.P.H.
PRELIMINARY LOCAL CLIMATOLOGICAL DATA (WS FORM: F-6) , PAGE 2
STATION: SAN ANTONIO
MONTH: MARCH
YEAR: 2021
LATITUDE: 29 31 N
LONGITUDE: 98 28 W
[TEMPERATURE DATA] [PRECIPITATION DATA] SYMBOLS USED IN COLUMN 16
AVERAGE MONTHLY: 64.9 TOTAL FOR MONTH: 0.58 1 = FOG OR MIST
DPTR FM NORMAL: 2.7 DPTR FM NORMAL: -1.73 2 = FOG REDUCING VISIBILITY
HIGHEST: 88 ON 27 GRTST 24HR 0.39 ON 23-23 TO 1/4 MILE OR LESS
LOWEST: 38 ON 3 3 = THUNDER
SNOW, ICE PELLETS, HAIL 4 = ICE PELLETS
TOTAL MONTH: 0.0 INCH 5 = HAIL
GRTST 24HR 0.0 6 = FREEZING RAIN OR DRIZZLE
GRTST DEPTH: 0 7 = DUSTSTORM OR SANDSTORM:
VSBY 1/2 MILE OR LESS
8 = SMOKE OR HAZE
[NO. OF DAYS WITH] [WEATHER - DAYS WITH] 9 = BLOWING SNOW
X = TORNADO
MAX 32 OR BELOW: 0 0.01 INCH OR MORE: 6
MAX 90 OR ABOVE: 0 0.10 INCH OR MORE: 1
MIN 32 OR BELOW: 0 0.50 INCH OR MORE: 0
MIN 0 OR BELOW: 0 1.00 INCH OR MORE: 0
[HDD (BASE 65) ]
TOTAL THIS MO. 78 CLEAR (SCALE 0-3) 9
DPTR FM NORMAL -76 PTCLDY (SCALE 4-7) 11
TOTAL FM JUL 1 1331 CLOUDY (SCALE 8-10) 11
DPTR FM NORMAL -123
[CDD (BASE 65) ]
TOTAL THIS MO. 84
DPTR FM NORMAL 19 [PRESSURE DATA]
TOTAL FM JAN 1 103 HIGHEST SLP 30.41 ON 8
DPTR FM NORMAL 12 LOWEST SLP 29.51 ON 25
[REMARKS]
#FINAL-03-21#