000
CXUS52 KCHS 031456
CF6SAV
PRELIMINARY LOCAL CLIMATOLOGICAL DATA (WS FORM: F-6)
STATION: SAVANNAH GA
MONTH: JANUARY
YEAR: 2022
LATITUDE: 32 7 N
LONGITUDE: 81 12 W
TEMPERATURE IN F: :PCPN: SNOW: WIND :SUNSHINE: SKY :PK WND
================================================================================
1 2 3 4 5 6A 6B 7 8 9 10 11 12 13 14 15 16 17 18
12Z AVG MX 2MIN
DY MAX MIN AVG DEP HDD CDD WTR SNW DPTH SPD SPD DIR MIN PSBL S-S WX SPD DR
================================================================================
1 82 66 74 23 0 9 0.00 0.0 0 10.2 21 200 M M 5 1 26 210
2 83 68 76 25 0 11 0.00 0.0 0 13.2 22 220 M M 4 29 200
3 72 44 58 7 7 0 0.32 0.0 0 16.6 44 250 M M 6 13 57 250
4 59 35 47 -4 18 0 0.00 0.0 0 8.1 14 60 M M 4 22 50
5 63 42 53 2 12 0 T 0.0 0 5.8 14 290 M M 6 18 17 280
6 66 42 54 3 11 0 0.00 0.0 0 5.8 18 220 M M 2 1 24 210
7 62 37 50 -1 15 0 T 0.0 0 9.1 23 310 M M 4 33 320
8 55 33 44 -6 21 0 0.00 0.0 0 9.2 20 90 M M 4 24 80
9 76 41 59 9 6 0 0.10 0.0 0 8.8 24 180 M M 5 1 28 180
10 61 36 49 -1 16 0 0.28 0.0 0 6.8 18 340 M M 7 1 25 340
11 55 33 44 -6 21 0 0.00 0.0 0 7.2 17 50 M M 1 21 40
12 61 32 47 -3 18 0 0.00 0.0 0 3.0 12 50 M M 4 15 40
13 61 40 51 1 14 0 0.00 0.0 0 4.1 14 250 M M 6 1 18 250
14 61 40 51 1 14 0 0.00 0.0 0 6.6 15 360 M M 1 20 350
15 61 37 49 -1 16 0 0.00 0.0 0 6.0 17 80 M M 6 1 23 80
16 63 42 53 3 12 0 1.73 0.0 0 17.4 29 240 M M 9 1 37 250
17 53 35 44 -6 21 0 0.00 0.0 0 17.9 28 280 M M 5 37 280
18 56 30 43 -7 22 0 0.00 0.0 0 4.2 12 320 M M 1 14 320
19 64 31 48 -2 17 0 0.00 0.0 0 2.7 13 160 M M 3 1 15 160
20 72 43 58 8 7 0 0.18 0.0 0 5.9 16 230 M M 6 1 21 230
21 55 33 44 -6 21 0 0.17 0.0 0 10.1 20 20 M M 10 1 23 20
22 45 31 38 -13 27 0 0.09 0.0 0 8.7 16 10 M M 9 1 22 10
23 55 28 42 -9 23 0 0.00 0.0 0 6.0 15 270 M M 0 1 19 260
24 61 31 46 -5 19 0 0.00 0.0 0 6.1 15 260 M M 1 19 290
25 59 40 50 -1 15 0 T 0.0 0 1.8 8 300 M M 7 10 300
26 65 42 54 3 11 0 T 0.0 0 6.7 17 120 M M 6 21 100
27 56 34 45 -6 20 0 0.00 0.0 0 9.1 15 10 M M 1 21 50
28 51 35 43 -8 22 0 0.00 0.0 0 8.3 25 310 M M 6 37 320
29 46 27 37 -14 28 0 0.00 0.0 0 14.0 24 290 M M 1 34 290
30 57 25 41 -10 24 0 0.00 0.0 0 7.1 22 200 M M 0 27 210
31 67 39 53 1 12 0 0.00 0.0 0 5.8 16 270 M M 4 19 250
================================================================================
SM 1903 1172 490 20 2.87 0.0 252.3 M 134
================================================================================
AV 61.4 37.8 8.1 FASTST M M 4 MAX(MPH)
MISC ----> 44 250 57 250
================================================================================
NOTES:
# LAST OF SEVERAL OCCURRENCES
COLUMN 17 PEAK WIND IN M.P.H.
PRELIMINARY LOCAL CLIMATOLOGICAL DATA (WS FORM: F-6) , PAGE 2
STATION: SAVANNAH GA
MONTH: JANUARY
YEAR: 2022
LATITUDE: 32 7 N
LONGITUDE: 81 12 W
[TEMPERATURE DATA] [PRECIPITATION DATA] SYMBOLS USED IN COLUMN 16
AVERAGE MONTHLY: 49.6 TOTAL FOR MONTH: 2.87 1 = FOG OR MIST
DPTR FM NORMAL: -1.1 DPTR FM NORMAL: -0.41 2 = FOG REDUCING VISIBILITY
HIGHEST: 83 ON 2 GRTST 24HR 1.73 ON 16-16 TO 1/4 MILE OR LESS
LOWEST: 25 ON 30 3 = THUNDER
SNOW, ICE PELLETS, HAIL 4 = ICE PELLETS
TOTAL MONTH: 0.0 INCH 5 = HAIL
GRTST 24HR 0.0 6 = FREEZING RAIN OR DRIZZLE
GRTST DEPTH: 0 7 = DUSTSTORM OR SANDSTORM:
VSBY 1/2 MILE OR LESS
8 = SMOKE OR HAZE
[NO. OF DAYS WITH] [WEATHER - DAYS WITH] 9 = BLOWING SNOW
X = TORNADO
MAX 32 OR BELOW: 0 0.01 INCH OR MORE: 7
MAX 90 OR ABOVE: 0 0.10 INCH OR MORE: 6
MIN 32 OR BELOW: 8 0.50 INCH OR MORE: 1
MIN 0 OR BELOW: 0 1.00 INCH OR MORE: 1
[HDD (BASE 65) ]
TOTAL THIS MO. 490 CLEAR (SCALE 0-3) 9
DPTR FM NORMAL 40 PTCLDY (SCALE 4-7) 19
TOTAL FM JUL 1 1000 CLOUDY (SCALE 8-10) 3
DPTR FM NORMAL -90
[CDD (BASE 65) ]
TOTAL THIS MO. 20
DPTR FM NORMAL 13 [PRESSURE DATA]
TOTAL FM JAN 1 20 HIGHEST SLP 30.54 ON 8
DPTR FM NORMAL 13 LOWEST SLP 29.54 ON 16
[REMARKS]
#FINAL-01-22#