000
CXUS53 KMKX 010910
CF6SBM
PRELIMINARY LOCAL CLIMATOLOGICAL DATA (WS FORM: F-6)
STATION: SHEBOYGAN WI
MONTH: DECEMBER
YEAR: 2021
LATITUDE: 43 46 N
LONGITUDE: 87 51 W
TEMPERATURE IN F: :PCPN: SNOW: WIND :SUNSHINE: SKY :PK WND
================================================================================
1 2 3 4 5 6A 6B 7 8 9 10 11 12 13 14 15 16 17 18
12Z AVG MX 2MIN
DY MAX MIN AVG DEP HDD CDD WTR SNW DPTH SPD SPD DIR MIN PSBL S-S WX SPD DR
================================================================================
1 51 28 40 10 25 0 T M M 10.2 26 240 M M 5 38 240
2 51 35 43 13 22 0 0.00 M M 13.2 25 290 M M 2 40 310
3 41 33 37 7 28 0 0.04 M M 4.2 17 320 M M 9 1 26 320
4 38 30 34 5 31 0 0.00 M M 9.0 18 280 M M 4 27 270
5 37 29 33 4 32 0 0.14 M M 11.2 21 120 M M 10 12 33 120
6 35 8 22 -6 43 0 T M M 19.2 33 280 M M 8 52 290
7 20 6 13 -15 52 0 0.00 M M 6.4 14 270 M M 6 19 300
8 22 11 17 -11 48 0 0.03 M M 4.0 12 350 M M 5 1 14 340
9 38 20 29 1 36 0 T M M 7.1 20 150 M M 8 18 33 150
10 39 31 35 8 30 0 0.72 M M 9.2 22 60 M M 6 18 31 70
11 38 29 34 7 31 0 0.16 M M 14.4 26 280 M M 6 138 43 290
12 44 28 36 10 29 0 0.00 M M 13.7 22 230 M M 0 31 240
13 48 27 38 12 27 0 0.00 M M 8.7 18 280 M M 0 1 27 230
14 47 26 37 11 28 0 T M M 9.9 17 160 M M 2 12 27 170
15 65 45 55 29 10 0 0.02 M M 11.9 35 200 M M 10 12 50 200
16 66 27 47 22 18 0 0.00 M M 25.6 47 220 M M 5 8 65 230
17 30 22 26 1 39 0 0.00 M M 9.2 18 270 M M 3 27 250
18 32 27 30 5 35 0 0.00 M M 10.4 17 330 M M 10 23 340
19 34 22 28 4 37 0 0.00 M M 9.4 23 210 M M 5 30 190
20 39 24 32 8 33 0 0.00 M M 12.1 23 220 M M 2 28 220
21 37 18 28 4 37 0 T M M 11.9 25 290 M M 6 39 300
22 25 15 20 -4 45 0 T M M 8.2 23 310 M M 5 33 310
23 41 16 29 6 36 0 T M M 4.6 20 180 M M 7 29 180
24 44 21 33 10 32 0 0.00 M M 4.0 16 170 M M 7 12 24 150
25 44 25 35 12 30 0 0.00 M M 7.6 15 350 M M 3 1 21 340
26 37 23 30 8 35 0 T M M 10.1 20 120 M M 4 18 28 130
27 39 24 32 10 33 0 0.13 M M 14.5 29 260 M M 7 1 38 90
28 36 21 29 7 36 0 0.10 M M 6.6 20 280 M M 6 1 29 250
29 37 19 28 6 37 0 0.01 M M 10.0 20 280 M M 7 1 29 250
30 33 14 24 2 41 0 T M M 3.5 13 250 M M 9 1 17 260
31 33 28 31 10 34 0 0.01 M M 7.3 14 360 M M 10 18 22 350
================================================================================
SM 1221 732 1030 0 1.36 M 307.3 M 177
================================================================================
AV 39.4 23.6 9.9 FASTST M M 6 MAX(MPH)
MISC ----> 47 220 65 230
================================================================================
NOTES:
# LAST OF SEVERAL OCCURRENCES
COLUMN 17 PEAK WIND IN M.P.H.
PRELIMINARY LOCAL CLIMATOLOGICAL DATA (WS FORM: F-6) , PAGE 2
STATION: SHEBOYGAN WI
MONTH: DECEMBER
YEAR: 2021
LATITUDE: 43 46 N
LONGITUDE: 87 51 W
[TEMPERATURE DATA] [PRECIPITATION DATA] SYMBOLS USED IN COLUMN 16
AVERAGE MONTHLY: 31.5 TOTAL FOR MONTH: 1.36 1 = FOG OR MIST
DPTR FM NORMAL: 6.0 DPTR FM NORMAL: -0.02 2 = FOG REDUCING VISIBILITY
HIGHEST: 66 ON 16 GRTST 24HR 0.88 ON 10-11 TO 1/4 MILE OR LESS
LOWEST: 6 ON 7 3 = THUNDER
SNOW, ICE PELLETS, HAIL 4 = ICE PELLETS
TOTAL MONTH: M 5 = HAIL
GRTST 24HR M ON M 6 = FREEZING RAIN OR DRIZZLE
GRTST DEPTH: M ON M 7 = DUSTSTORM OR SANDSTORM:
VSBY 1/2 MILE OR LESS
8 = SMOKE OR HAZE
[NO. OF DAYS WITH] [WEATHER - DAYS WITH] 9 = BLOWING SNOW
X = TORNADO
MAX 32 OR BELOW: 5 0.01 INCH OR MORE: 10
MAX 90 OR ABOVE: 0 0.10 INCH OR MORE: 5
MIN 32 OR BELOW: 28 0.50 INCH OR MORE: 1
MIN 0 OR BELOW: 0 1.00 INCH OR MORE: 0
[HDD (BASE 65) ]
TOTAL THIS MO. 1030 CLEAR (SCALE 0-3) 7
DPTR FM NORMAL -196 PTCLDY (SCALE 4-7) 18
TOTAL FM JUL 1 2221 CLOUDY (SCALE 8-10) 6
DPTR FM NORMAL -616
[CDD (BASE 65) ]
TOTAL THIS MO. 0
DPTR FM NORMAL 0 [PRESSURE DATA]
TOTAL FM JAN 1 677 HIGHEST SLP 30.42 ON 14
DPTR FM NORMAL 271 LOWEST SLP 29.06 ON 11
[REMARKS]
#FINAL-12-21#