000
CXUS53 KIWX 010810
CF6SBN
PRELIMINARY LOCAL CLIMATOLOGICAL DATA (WS FORM: F-6)
STATION: SOUTH BEND
MONTH: MAY
YEAR: 2022
LATITUDE: 41 42 N
LONGITUDE: 86 19 W
TEMPERATURE IN F: :PCPN: SNOW: WIND :SUNSHINE: SKY :PK WND
================================================================================
1 2 3 4 5 6A 6B 7 8 9 10 11 12 13 14 15 16 17 18
12Z AVG MX 2MIN
DY MAX MIN AVG DEP HDD CDD WTR SNW DPTH SPD SPD DIR MIN PSBL S-S WX SPD DR
================================================================================
1 61 50 56 2 9 0 0.09 0.0 0 11.3 24 240 M M 10 1 34 230
2 56 49 53 -1 12 0 T 0.0 0 7.3 18 30 M M 8 23 30
3 55 47 51 -4 14 0 0.91 0.0 0 9.8 18 110 M M 10 1 32 90
4 60 43 52 -3 13 0 0.00 0.0 0 7.0 15 360 M M 8 20 360
5 58 40 49 -6 16 0 0.18 0.0 0 5.2 13 140 M M 6 1 17 80
6 55 50 53 -3 12 0 0.40 0.0 0 11.5 20 30 M M 10 1 28 20
7 69 45 57 1 8 0 0.00 0.0 0 9.0 17 70 M M 0 26 70
8 67 44 56 0 9 0 0.00 0.0 0 13.4 24 130 M M 0 32 120
9 80 50 65 8 0 0 0.00 0.0 0 18.3 30 140 M M 0 41 140
10 86 65 76 19 0 11 0.00 0.0 0 10.9 20 160 M M 5 27 140
11 90 71 81 24 0 16 0.00 0.0 0 8.0 17 130 M M 3 25 130
12 88 62 75 17 0 10 0.00 0.0 0 9.2 20 130 M M 0 27 140
13 88 58 73 15 0 8 0.00 0.0 0 8.2 17 200 M M 0 26 150
14 80 54 67 9 0 2 0.21 0.0 0 5.3 15 320 M M 2 8 19 320
15 79 54 67 8 0 2 0.08 0.0 0 4.9 17 350 M M 3 18 22 350
16 75 50 63 4 2 0 0.00 0.0 0 7.8 18 300 M M 1 1 28 330
17 69 50 60 0 5 0 T 0.0 0 7.5 15 360 M M 2 21 320
18 62 54 58 -2 7 0 0.34 0.0 M 5.8 16 110 M M 10 1 24 110
19 82 49 66 6 0 1 0.00 0.0 0 9.5 21 210 M M 3 18 27 220
20 86 65 76 16 0 11 0.00 0.0 0 14.5 32 190 M M 3 46 180
21 65 55 60 -1 5 0 0.52 0.0 0 7.6 33 20 M M 7 13 40 20
22 60 43 52 -9 13 0 T 0.0 0 9.0 22 340 M M 4 30 340
23 67 40 54 -8 11 0 0.00 0.0 0 6.7 17 20 M M 1 24 30
24 71 46 59 -3 6 0 0.00 0.0 0 8.5 15 110 M M 0 22 110
25 82 58 70 8 0 5 0.32 0.0 0 13.0 23 180 M M 7 138 31 180
26 75 65 70 8 0 5 T 0.0 0 10.4 21 210 M M 5 31 220
27 67 50 59 -4 6 0 0.08 0.0 0 9.1 17 320 M M 8 18 23 320
28 75 46 61 -2 4 0 0.00 0.0 0 5.5 16 160 M M 1 21 150
29 84 61 73 9 0 8 0.00 0.0 0 13.8 22 180 M M 0 31 190
30 89 69 79 15 0 14 0.00 0.0 0 15.1 25 170 M M 0 35 190
31 91 74 83 19 0 18 0.00 0.0 0 13.1 24 230 M M 1 36 220
================================================================================
SM 2272 1657 152 111 3.13 0.0 296.2 M 118
================================================================================
AV 73.3 53.5 9.6 FASTST M M 4 MAX(MPH)
MISC ----> 33 20 46 180
================================================================================
NOTES:
# LAST OF SEVERAL OCCURRENCES
COLUMN 17 PEAK WIND IN M.P.H.
PRELIMINARY LOCAL CLIMATOLOGICAL DATA (WS FORM: F-6) , PAGE 2
STATION: SOUTH BEND
MONTH: MAY
YEAR: 2022
LATITUDE: 41 42 N
LONGITUDE: 86 19 W
[TEMPERATURE DATA] [PRECIPITATION DATA] SYMBOLS USED IN COLUMN 16
AVERAGE MONTHLY: 63.4 TOTAL FOR MONTH: 3.13 1 = FOG OR MIST
DPTR FM NORMAL: 4.3 DPTR FM NORMAL: -1.07 2 = FOG REDUCING VISIBILITY
HIGHEST: 91 ON 31 GRTST 24HR 1.01 ON 30- 1 TO 1/4 MILE OR LESS
LOWEST: 40 ON 23, 5 3 = THUNDER
SNOW, ICE PELLETS, HAIL 4 = ICE PELLETS
TOTAL MONTH: 0.0 INCH 5 = HAIL
GRTST 24HR 0.0 6 = FREEZING RAIN OR DRIZZLE
GRTST DEPTH: 0 7 = DUSTSTORM OR SANDSTORM:
VSBY 1/2 MILE OR LESS
8 = SMOKE OR HAZE
[NO. OF DAYS WITH] [WEATHER - DAYS WITH] 9 = BLOWING SNOW
X = TORNADO
MAX 32 OR BELOW: 0 0.01 INCH OR MORE: 10
MAX 90 OR ABOVE: 2 0.10 INCH OR MORE: 7
MIN 32 OR BELOW: 0 0.50 INCH OR MORE: 2
MIN 0 OR BELOW: 0 1.00 INCH OR MORE: 0
[HDD (BASE 65) ]
TOTAL THIS MO. 152 CLEAR (SCALE 0-3) 17
DPTR FM NORMAL -79 PTCLDY (SCALE 4-7) 9
TOTAL FM JUL 1 5767 CLOUDY (SCALE 8-10) 5
DPTR FM NORMAL -591
[CDD (BASE 65) ]
TOTAL THIS MO. 111
DPTR FM NORMAL 63 [PRESSURE DATA]
TOTAL FM JAN 1 117 HIGHEST SLP 30.39 ON 23
DPTR FM NORMAL 61 LOWEST SLP 29.41 ON 20
[REMARKS]
#FINAL-05-22#